{"id":73712,"date":"2022-11-03T10:49:00","date_gmt":"2022-11-03T14:49:00","guid":{"rendered":"https:\/\/www.ludwig-van.com\/montreal\/?post_type=tribe_events&#038;p=73712"},"modified":"2022-11-03T10:49:00","modified_gmt":"2022-11-03T14:49:00","slug":"carte-blanche-alexandre-tharaud-lecture-et-recital","status":"publish","type":"tribe_events","link":"https:\/\/www.ludwig-van.com\/montreal\/event\/carte-blanche-alexandre-tharaud-lecture-et-recital\/","title":{"rendered":"Carte blanche \u00e0 Alexandre Tharaud &#8211; Lecture et r\u00e9cital"},"content":{"rendered":"<p>Lecture musicale du livre d\u2019Alexandre Tharaud\u00a0<em>Montrez-moi vos mains\u00a0<\/em>suivie d\u2019un r\u00e9cital solo.<\/p>\n<p>INTERPR\u00c8TES<br \/>\nAlexandre Tharaud, piano<br \/>\nAvec la participation du com\u00e9dien Daniel Bri\u00e8re et de quelques invit\u00e9s surprises<\/p>\n<p>PROGRAMME<br \/>\nRAMEAU Pi\u00e8ces en la des Nouvelles Suites de pi\u00e8ces de clavecin (extraits)<br \/>\nAlexandre THARAUD Corpus Volubilis, Livre<br \/>\nSCHUBERT Quatre Impromptus, op. 90<\/p>\n<p>Grand public : 64 $<br \/>\nMembres du Mus\u00e9e : 54 $<br \/>\n34 et moins : 33 $<br \/>\nCombo Lecture-R\u00e9cital + Dodo Tharaud : 75 $<\/p>\n","protected":false},"excerpt":{"rendered":"<p>Lecture musicale du livre d\u2019Alexandre Tharaud Montrez-moi vos mains suivie d\u2019un r\u00e9cital solo. <\/p>\n","protected":false},"author":1,"featured_media":51819,"comment_status":"open","ping_status":"closed","template":"","meta":{"om_disable_all_campaigns":false,"jetpack_post_was_ever_published":false},"tags":[],"tribe_events_cat":[],"acf":[],"jetpack_sharing_enabled":true,"_links":{"self":[{"href":"https:\/\/www.ludwig-van.com\/montreal\/wp-json\/wp\/v2\/tribe_events\/73712"}],"collection":[{"href":"https:\/\/www.ludwig-van.com\/montreal\/wp-json\/wp\/v2\/tribe_events"}],"about":[{"href":"https:\/\/www.ludwig-van.com\/montreal\/wp-json\/wp\/v2\/types\/tribe_events"}],"author":[{"embeddable":true,"href":"https:\/\/www.ludwig-van.com\/montreal\/wp-json\/wp\/v2\/users\/1"}],"replies":[{"embeddable":true,"href":"https:\/\/www.ludwig-van.com\/montreal\/wp-json\/wp\/v2\/comments?post=73712"}],"version-history":[{"count":1,"href":"https:\/\/www.ludwig-van.com\/montreal\/wp-json\/wp\/v2\/tribe_events\/73712\/revisions"}],"predecessor-version":[{"id":73713,"href":"https:\/\/www.ludwig-van.com\/montreal\/wp-json\/wp\/v2\/tribe_events\/73712\/revisions\/73713"}],"wp:featuredmedia":[{"embeddable":true,"href":"https:\/\/www.ludwig-van.com\/montreal\/wp-json\/wp\/v2\/media\/51819"}],"wp:attachment":[{"href":"https:\/\/www.ludwig-van.com\/montreal\/wp-json\/wp\/v2\/media?parent=73712"}],"wp:term":[{"taxonomy":"post_tag","embeddable":true,"href":"https:\/\/www.ludwig-van.com\/montreal\/wp-json\/wp\/v2\/tags?post=73712"},{"taxonomy":"tribe_events_cat","embeddable":true,"href":"https:\/\/www.ludwig-van.com\/montreal\/wp-json\/wp\/v2\/tribe_events_cat?post=73712"}],"curies":[{"name":"wp","href":"https:\/\/api.w.org\/{rel}","templated":true}]}}

Carte blanche à Alexandre Tharaud &#8211; Lecture et récital

<p>Lecture musicale du livre d’Alexandre Tharaud <em>Montrez-moi vos mains </em>suivie d’un récital solo.</p>
<p>INTERPRÈTES<br />
Alexandre Tharaud, piano<br />
Avec la participation du comédien Daniel Brière et de quelques invités surprises</p>
<p>PROGRAMME<br />
RAMEAU Pièces en la des Nouvelles Suites de pièces de clavecin (extraits)<br />
Alexandre THARAUD Corpus Volubilis, Livre<br />
SCHUBERT Quatre Impromptus, op. 90</p>
<p>Grand public : 64 $<br />
Membres du Musée : 54 $<br />
34 et moins : 33 $<br />
Combo Lecture-Récital + Dodo Tharaud : 75 $</p>

<p>Lecture musicale du livre d’Alexandre Tharaud Montrez-moi vos mains suivie d’un récital solo. </p>
