{"id":73685,"date":"2022-11-03T10:02:08","date_gmt":"2022-11-03T14:02:08","guid":{"rendered":"https:\/\/www.ludwig-van.com\/montreal\/?post_type=tribe_events&#038;p=73685"},"modified":"2022-11-03T10:02:08","modified_gmt":"2022-11-03T14:02:08","slug":"angele-dubeau-la-pieta-portrait-ludovico-einaudi","status":"publish","type":"tribe_events","link":"https:\/\/www.ludwig-van.com\/montreal\/event\/angele-dubeau-la-pieta-portrait-ludovico-einaudi\/","title":{"rendered":"Ang\u00e8le Dubeau &#038; La Piet\u00e0 &#8211; Portrait : Ludovico Einaudi"},"content":{"rendered":"<p>\u00ab Au fil des ans, j&rsquo;ai enrichi mon r\u00e9pertoire de signatures uniques de cr\u00e9ateurs qui marquent notre \u00e9poque, en d\u00e9veloppant des portraits musicaux qui m&rsquo;ont nourri et fait grandir intellectuellement et musicalement. \u00c0 la demande g\u00e9n\u00e9rale, et pour mon plus grand plaisir, je vous invite \u00e0 vous joindre \u00e0 moi et aux musiciennes de La Piet\u00e0 pour ce portrait musical de Ludovico Einaudi, dont la musique d&rsquo;introspection et d&rsquo;atmosph\u00e8re sonores s\u2019inspire tant\u00f4t des minimalistes, tant\u00f4t de la modernit\u00e9 qui l\u2019entoure. \u00bb \u2014 Ang\u00e8le Dubeau<\/p>\n<p>INTERPR\u00c8TES<br \/>\nAng\u00e8le Dubeau, violon<br \/>\nEnsemble La Piet\u00e0<\/p>\n<p>Grand public : 64 $<br \/>\nMembres du Mus\u00e9e : 54 $<br \/>\n34 et moins : 33 $<\/p>\n","protected":false},"excerpt":{"rendered":"<p>\u00ab Au fil des ans, j&rsquo;ai enrichi mon r\u00e9pertoire de signatures uniques de cr\u00e9ateurs qui marquent notre \u00e9poque, en d\u00e9veloppant des portraits musicaux qui m&rsquo;ont nourri et fait grandir intellectuellement et musicalement. \u00c0 la demande g\u00e9n\u00e9rale, et pour mon plus grand plaisir, je vous invite \u00e0 vous joindre \u00e0 moi et aux musiciennes de La Piet\u00e0 pour ce portrait musical de Ludovico Einaudi, dont la musique d&rsquo;introspection et d&rsquo;atmosph\u00e8re sonores s\u2019inspire tant\u00f4t des minimalistes, tant\u00f4t de la modernit\u00e9 qui l\u2019entoure. \u00bb \u2014 Ang\u00e8le Dubeau<\/p>\n","protected":false},"author":1,"featured_media":61670,"comment_status":"open","ping_status":"closed","template":"","meta":{"om_disable_all_campaigns":false,"jetpack_post_was_ever_published":false},"tags":[],"tribe_events_cat":[],"acf":[],"jetpack_sharing_enabled":true,"_links":{"self":[{"href":"https:\/\/www.ludwig-van.com\/montreal\/wp-json\/wp\/v2\/tribe_events\/73685"}],"collection":[{"href":"https:\/\/www.ludwig-van.com\/montreal\/wp-json\/wp\/v2\/tribe_events"}],"about":[{"href":"https:\/\/www.ludwig-van.com\/montreal\/wp-json\/wp\/v2\/types\/tribe_events"}],"author":[{"embeddable":true,"href":"https:\/\/www.ludwig-van.com\/montreal\/wp-json\/wp\/v2\/users\/1"}],"replies":[{"embeddable":true,"href":"https:\/\/www.ludwig-van.com\/montreal\/wp-json\/wp\/v2\/comments?post=73685"}],"version-history":[{"count":1,"href":"https:\/\/www.ludwig-van.com\/montreal\/wp-json\/wp\/v2\/tribe_events\/73685\/revisions"}],"predecessor-version":[{"id":73686,"href":"https:\/\/www.ludwig-van.com\/montreal\/wp-json\/wp\/v2\/tribe_events\/73685\/revisions\/73686"}],"wp:featuredmedia":[{"embeddable":true,"href":"https:\/\/www.ludwig-van.com\/montreal\/wp-json\/wp\/v2\/media\/61670"}],"wp:attachment":[{"href":"https:\/\/www.ludwig-van.com\/montreal\/wp-json\/wp\/v2\/media?parent=73685"}],"wp:term":[{"taxonomy":"post_tag","embeddable":true,"href":"https:\/\/www.ludwig-van.com\/montreal\/wp-json\/wp\/v2\/tags?post=73685"},{"taxonomy":"tribe_events_cat","embeddable":true,"href":"https:\/\/www.ludwig-van.com\/montreal\/wp-json\/wp\/v2\/tribe_events_cat?post=73685"}],"curies":[{"name":"wp","href":"https:\/\/api.w.org\/{rel}","templated":true}]}}

Angèle Dubeau &#038; La Pietà &#8211; Portrait : Ludovico Einaudi

<p>« Au fil des ans, j&rsquo;ai enrichi mon répertoire de signatures uniques de créateurs qui marquent notre époque, en développant des portraits musicaux qui m&rsquo;ont nourri et fait grandir intellectuellement et musicalement. À la demande générale, et pour mon plus grand plaisir, je vous invite à vous joindre à moi et aux musiciennes de La Pietà pour ce portrait musical de Ludovico Einaudi, dont la musique d&rsquo;introspection et d&rsquo;atmosphère sonores s’inspire tantôt des minimalistes, tantôt de la modernité qui l’entoure. » — Angèle Dubeau</p>
<p>INTERPRÈTES<br />
Angèle Dubeau, violon<br />
Ensemble La Pietà</p>
<p>Grand public : 64 $<br />
Membres du Musée : 54 $<br />
34 et moins : 33 $</p>

<p>« Au fil des ans, j&rsquo;ai enrichi mon répertoire de signatures uniques de créateurs qui marquent notre époque, en développant des portraits musicaux qui m&rsquo;ont nourri et fait grandir intellectuellement et musicalement. À la demande générale, et pour mon plus grand plaisir, je vous invite à vous joindre à moi et aux musiciennes de La Pietà pour ce portrait musical de Ludovico Einaudi, dont la musique d&rsquo;introspection et d&rsquo;atmosphère sonores s’inspire tantôt des minimalistes, tantôt de la modernité qui l’entoure. » — Angèle Dubeau</p>
