{"id":72856,"date":"2022-09-14T23:09:25","date_gmt":"2022-09-15T03:09:25","guid":{"rendered":"https:\/\/www.ludwig-van.com\/montreal\/?post_type=tribe_events&#038;p=72856"},"modified":"2022-09-14T23:09:25","modified_gmt":"2022-09-15T03:09:25","slug":"les-boreades-de-la-pavane-au-swing","status":"publish","type":"tribe_events","link":"https:\/\/www.ludwig-van.com\/montreal\/event\/les-boreades-de-la-pavane-au-swing\/","title":{"rendered":"Les Bor\u00e9ades | De la pavane au swing"},"content":{"rendered":"<h3>Exploration en danse et musique de l&rsquo;\u00e9volution des danses \u00e0 deux<\/h3>\n<p>Comment les danses de couple ont-elles \u00e9volu\u00e9es depuis leur origine connue au Quattrocento jusqu\u2019aux bouillonnantes Ann\u00e9es folles ? Et peut-on y voir le reflet des changements des rapports entre homme et femme \u00e0 travers le temps ? Spectacle de musique et de danse qui retrace la transformation des danses de couple de la Renaissance \u00e0 l\u2019entre-deux-guerres, De La Pavane au Swing se pr\u00e9sente comme le miroir ludique de l\u2019attention que porte Marie-Nathalie Lacoursi\u00e8re, codirectrice des Jardins Chor\u00e9graphiques, au mouvement des corps. Ce rapport physique, qui combine geste intime, \u00e9changes interpersonnels soutenus et musique, lui permet d\u2019embrasser, aux c\u00f4t\u00e9s des Bor\u00e9ades, les concepts artistiques chers \u00e0 l\u2019esprit baroque.<\/p>\n","protected":false},"excerpt":{"rendered":"<p>Comment les danses de couple ont-elles \u00e9volu\u00e9es depuis leur origine connue au Quattrocento jusqu\u2019aux bouillonnantes Ann\u00e9es folles ? Et peut-on y voir le reflet des changements des rapports entre homme et femme \u00e0 travers le temps ?<\/p>\n","protected":false},"author":1,"featured_media":72858,"comment_status":"open","ping_status":"closed","template":"","meta":{"om_disable_all_campaigns":false,"jetpack_post_was_ever_published":false},"tags":[],"tribe_events_cat":[6487],"acf":[],"jetpack_sharing_enabled":true,"_links":{"self":[{"href":"https:\/\/www.ludwig-van.com\/montreal\/wp-json\/wp\/v2\/tribe_events\/72856"}],"collection":[{"href":"https:\/\/www.ludwig-van.com\/montreal\/wp-json\/wp\/v2\/tribe_events"}],"about":[{"href":"https:\/\/www.ludwig-van.com\/montreal\/wp-json\/wp\/v2\/types\/tribe_events"}],"author":[{"embeddable":true,"href":"https:\/\/www.ludwig-van.com\/montreal\/wp-json\/wp\/v2\/users\/1"}],"replies":[{"embeddable":true,"href":"https:\/\/www.ludwig-van.com\/montreal\/wp-json\/wp\/v2\/comments?post=72856"}],"version-history":[{"count":1,"href":"https:\/\/www.ludwig-van.com\/montreal\/wp-json\/wp\/v2\/tribe_events\/72856\/revisions"}],"predecessor-version":[{"id":72857,"href":"https:\/\/www.ludwig-van.com\/montreal\/wp-json\/wp\/v2\/tribe_events\/72856\/revisions\/72857"}],"wp:featuredmedia":[{"embeddable":true,"href":"https:\/\/www.ludwig-van.com\/montreal\/wp-json\/wp\/v2\/media\/72858"}],"wp:attachment":[{"href":"https:\/\/www.ludwig-van.com\/montreal\/wp-json\/wp\/v2\/media?parent=72856"}],"wp:term":[{"taxonomy":"post_tag","embeddable":true,"href":"https:\/\/www.ludwig-van.com\/montreal\/wp-json\/wp\/v2\/tags?post=72856"},{"taxonomy":"tribe_events_cat","embeddable":true,"href":"https:\/\/www.ludwig-van.com\/montreal\/wp-json\/wp\/v2\/tribe_events_cat?post=72856"}],"curies":[{"name":"wp","href":"https:\/\/api.w.org\/{rel}","templated":true}]}}

Les Boréades | De la pavane au swing

<h3>Exploration en danse et musique de l&rsquo;évolution des danses à deux</h3>
<p>Comment les danses de couple ont-elles évoluées depuis leur origine connue au Quattrocento jusqu’aux bouillonnantes Années folles ? Et peut-on y voir le reflet des changements des rapports entre homme et femme à travers le temps ? Spectacle de musique et de danse qui retrace la transformation des danses de couple de la Renaissance à l’entre-deux-guerres, De La Pavane au Swing se présente comme le miroir ludique de l’attention que porte Marie-Nathalie Lacoursière, codirectrice des Jardins Chorégraphiques, au mouvement des corps. Ce rapport physique, qui combine geste intime, échanges interpersonnels soutenus et musique, lui permet d’embrasser, aux côtés des Boréades, les concepts artistiques chers à l’esprit baroque.</p>

<p>Comment les danses de couple ont-elles évoluées depuis leur origine connue au Quattrocento jusqu’aux bouillonnantes Années folles ? Et peut-on y voir le reflet des changements des rapports entre homme et femme à travers le temps ?</p>
