{"id":72428,"date":"2022-08-27T16:15:47","date_gmt":"2022-08-27T20:15:47","guid":{"rendered":"https:\/\/www.ludwig-van.com\/montreal\/?post_type=tribe_events&#038;p=72428"},"modified":"2022-08-27T16:15:47","modified_gmt":"2022-08-27T20:15:47","slug":"ensemble-oraciones-lumieres-ottomanes","status":"publish","type":"tribe_events","link":"https:\/\/www.ludwig-van.com\/montreal\/event\/ensemble-oraciones-lumieres-ottomanes\/","title":{"rendered":"Ensemble Oraciones &#8211; Lumi\u00e8res ottomanes"},"content":{"rendered":"<p>L&rsquo;Ensemble Oraciones puise dans le vaste r\u00e9pertoire de chants s\u00e9farades, grecs et turco-ottomans cr\u00e9\u00e9s durant l&rsquo;Empire ottoman. Interpr\u00e9t\u00e9s en ladino, en grec et en turc, ces chants mettent en lumi\u00e8re ce riche h\u00e9ritage musical.<\/p>\n<p>INTERPR\u00c8TES<br \/>\nLamia Yared, chant, oud et direction<br \/>\nDidem Basar, kanun<br \/>\nOmar Abou-Afach, alto<br \/>\nOlivier Bussi\u00e8res, percussions<\/p>\n<p>&nbsp;<\/p>\n<p class=\"text-short text-current-from-xs line-height-tight line-height-normal-from-xs\">Grand public : 34 $<br \/>\nMembres du Mus\u00e9e : 29 $<br \/>\n34 et moins : 18 $<\/p>\n","protected":false},"excerpt":{"rendered":"<p>L&rsquo;Ensemble Oraciones puise dans le vaste r\u00e9pertoire de chants s\u00e9farades, grecs et turco-ottomans cr\u00e9\u00e9s durant l&rsquo;Empire ottoman. Interpr\u00e9t\u00e9s en ladino, en grec et en turc, ces chants mettent en lumi\u00e8re ce riche h\u00e9ritage musical.\u00a0<\/p>\n","protected":false},"author":1,"featured_media":72430,"comment_status":"open","ping_status":"closed","template":"","meta":{"om_disable_all_campaigns":false,"jetpack_post_was_ever_published":false},"tags":[],"tribe_events_cat":[],"acf":[],"jetpack_sharing_enabled":true,"_links":{"self":[{"href":"https:\/\/www.ludwig-van.com\/montreal\/wp-json\/wp\/v2\/tribe_events\/72428"}],"collection":[{"href":"https:\/\/www.ludwig-van.com\/montreal\/wp-json\/wp\/v2\/tribe_events"}],"about":[{"href":"https:\/\/www.ludwig-van.com\/montreal\/wp-json\/wp\/v2\/types\/tribe_events"}],"author":[{"embeddable":true,"href":"https:\/\/www.ludwig-van.com\/montreal\/wp-json\/wp\/v2\/users\/1"}],"replies":[{"embeddable":true,"href":"https:\/\/www.ludwig-van.com\/montreal\/wp-json\/wp\/v2\/comments?post=72428"}],"version-history":[{"count":1,"href":"https:\/\/www.ludwig-van.com\/montreal\/wp-json\/wp\/v2\/tribe_events\/72428\/revisions"}],"predecessor-version":[{"id":72431,"href":"https:\/\/www.ludwig-van.com\/montreal\/wp-json\/wp\/v2\/tribe_events\/72428\/revisions\/72431"}],"wp:featuredmedia":[{"embeddable":true,"href":"https:\/\/www.ludwig-van.com\/montreal\/wp-json\/wp\/v2\/media\/72430"}],"wp:attachment":[{"href":"https:\/\/www.ludwig-van.com\/montreal\/wp-json\/wp\/v2\/media?parent=72428"}],"wp:term":[{"taxonomy":"post_tag","embeddable":true,"href":"https:\/\/www.ludwig-van.com\/montreal\/wp-json\/wp\/v2\/tags?post=72428"},{"taxonomy":"tribe_events_cat","embeddable":true,"href":"https:\/\/www.ludwig-van.com\/montreal\/wp-json\/wp\/v2\/tribe_events_cat?post=72428"}],"curies":[{"name":"wp","href":"https:\/\/api.w.org\/{rel}","templated":true}]}}

Ensemble Oraciones &#8211; Lumières ottomanes

<p>L&rsquo;Ensemble Oraciones puise dans le vaste répertoire de chants séfarades, grecs et turco-ottomans créés durant l&rsquo;Empire ottoman. Interprétés en ladino, en grec et en turc, ces chants mettent en lumière ce riche héritage musical.</p>
<p>INTERPRÈTES<br />
Lamia Yared, chant, oud et direction<br />
Didem Basar, kanun<br />
Omar Abou-Afach, alto<br />
Olivier Bussières, percussions</p>
<p>&nbsp;</p>
<p class="text-short text-current-from-xs line-height-tight line-height-normal-from-xs">Grand public : 34 $<br />
Membres du Musée : 29 $<br />
34 et moins : 18 $</p>

<p>L&rsquo;Ensemble Oraciones puise dans le vaste répertoire de chants séfarades, grecs et turco-ottomans créés durant l&rsquo;Empire ottoman. Interprétés en ladino, en grec et en turc, ces chants mettent en lumière ce riche héritage musical. </p>
