{"id":72425,"date":"2022-08-27T16:10:50","date_gmt":"2022-08-27T20:10:50","guid":{"rendered":"https:\/\/www.ludwig-van.com\/montreal\/?post_type=tribe_events&#038;p=72425"},"modified":"2022-08-27T16:10:50","modified_gmt":"2022-08-27T20:10:50","slug":"quatuor-chiaroscuro","status":"publish","type":"tribe_events","link":"https:\/\/www.ludwig-van.com\/montreal\/event\/quatuor-chiaroscuro\/","title":{"rendered":"Quatuor Chiaroscuro"},"content":{"rendered":"<p>Acclam\u00e9 pour son \u00ab assurance et sa musicalit\u00e9 raffin\u00e9e \u00bb, ce quatuor \u00e0 cordes se d\u00e9marque par des interpr\u00e9tations \u00e0 la fois sensibles et historiquement document\u00e9es.<\/p>\n<div class=\"border-top-radius-dull margin-top-thin\">\n<div class=\"bg-color-main-reversed-fill-darker color-main-reversed-text border-radius-dull\">\n<div class=\"padding-thin\">\n<div class=\"flexbox align-items-center margin-left-minus-thinner\"><\/div>\n<\/div>\n<\/div>\n<\/div>\n<div class=\"margin-top-broad margin-top-broader-from-xs\">\n<h4 class=\"text-short text-current-from-xs line-height-tighter font-weight-bold border-bottom-solid border-slimmest border-color-main-stroke margin-bottom-thinner padding-bottom-thinnest\">INTERPR\u00c8TES<\/h4>\n<div class=\"margin-bottom-broad\">\n<p class=\"text-short text-current-from-xs line-height-tight line-height-normal-from-xs\"><strong>Alina Ibragimova<\/strong>, violon<br \/>\n<strong>Pablo Hern\u00e1n Bened\u00ed<\/strong>, violon<br \/>\n<strong>Emilie H\u00f6rnlund<\/strong>, alto<br \/>\n<strong>Claire Thirion<\/strong>, violoncelle<\/p>\n<\/div>\n<h4 class=\"text-short text-current-from-xs line-height-tighter font-weight-bold border-bottom-solid border-slimmest border-color-main-stroke margin-bottom-thinner padding-bottom-thinnest\">PROGRAMME<\/h4>\n<div class=\"margin-bottom-broad\">\n<div class=\"Bloc-de-texte-standard\">\n<div class=\"Bloc-de-texte-standard\">\n<div class=\"Bloc-de-texte-standard\">\n<p class=\"text-short text-current-from-xs line-height-tight line-height-normal-from-xs\"><strong>SCHUBERT<\/strong>\u00a0Mouvement de Quatuor (\u00ab Quartettsatz \u00bb) en\u00a0<em>do<\/em>\u00a0mineur, D. 703<br \/>\n<strong>BEETHOVEN<\/strong>\u00a0Quatuor \u00e0 cordes n\u00b0\u00a011 en\u00a0<em>fa\u00a0<\/em>mineur, op. 95<br \/>\n<strong>MENDELSSOHN<\/strong>\u00a0Quatuor \u00e0 cordes n\u00b0\u00a02 en\u00a0<em>la\u00a0<\/em>mineur, op. 13<\/p>\n<\/div>\n<\/div>\n<\/div>\n<\/div>\n<\/div>\n<p>&nbsp;<\/p>\n<p class=\"text-short text-current-from-xs line-height-tight line-height-normal-from-xs\">Grand public :\u00a054 $<br \/>\nMembres du Mus\u00e9e : 46 $<br \/>\n34 et moins : 28 $<\/p>\n","protected":false},"excerpt":{"rendered":"<p>Acclam\u00e9 pour son \u00ab assurance et sa musicalit\u00e9 raffin\u00e9e \u00bb, ce quatuor \u00e0 cordes se d\u00e9marque par des interpr\u00e9tations \u00e0 la fois sensibles et historiquement document\u00e9es.<\/p>\n","protected":false},"author":1,"featured_media":72426,"comment_status":"open","ping_status":"closed","template":"","meta":{"om_disable_all_campaigns":false,"jetpack_post_was_ever_published":false},"tags":[],"tribe_events_cat":[],"acf":[],"jetpack_sharing_enabled":true,"_links":{"self":[{"href":"https:\/\/www.ludwig-van.com\/montreal\/wp-json\/wp\/v2\/tribe_events\/72425"}],"collection":[{"href":"https:\/\/www.ludwig-van.com\/montreal\/wp-json\/wp\/v2\/tribe_events"}],"about":[{"href":"https:\/\/www.ludwig-van.com\/montreal\/wp-json\/wp\/v2\/types\/tribe_events"}],"author":[{"embeddable":true,"href":"https:\/\/www.ludwig-van.com\/montreal\/wp-json\/wp\/v2\/users\/1"}],"replies":[{"embeddable":true,"href":"https:\/\/www.ludwig-van.com\/montreal\/wp-json\/wp\/v2\/comments?post=72425"}],"version-history":[{"count":1,"href":"https:\/\/www.ludwig-van.com\/montreal\/wp-json\/wp\/v2\/tribe_events\/72425\/revisions"}],"predecessor-version":[{"id":72427,"href":"https:\/\/www.ludwig-van.com\/montreal\/wp-json\/wp\/v2\/tribe_events\/72425\/revisions\/72427"}],"wp:featuredmedia":[{"embeddable":true,"href":"https:\/\/www.ludwig-van.com\/montreal\/wp-json\/wp\/v2\/media\/72426"}],"wp:attachment":[{"href":"https:\/\/www.ludwig-van.com\/montreal\/wp-json\/wp\/v2\/media?parent=72425"}],"wp:term":[{"taxonomy":"post_tag","embeddable":true,"href":"https:\/\/www.ludwig-van.com\/montreal\/wp-json\/wp\/v2\/tags?post=72425"},{"taxonomy":"tribe_events_cat","embeddable":true,"href":"https:\/\/www.ludwig-van.com\/montreal\/wp-json\/wp\/v2\/tribe_events_cat?post=72425"}],"curies":[{"name":"wp","href":"https:\/\/api.w.org\/{rel}","templated":true}]}}

<p>Acclamé pour son « assurance et sa musicalité raffinée », ce quatuor à cordes se démarque par des interprétations à la fois sensibles et historiquement documentées.</p>
<div class="border-top-radius-dull margin-top-thin">
<div class="bg-color-main-reversed-fill-darker color-main-reversed-text border-radius-dull">
<div class="padding-thin">
<div class="flexbox align-items-center margin-left-minus-thinner"></div>
</div>
</div>
</div>
<div class="margin-top-broad margin-top-broader-from-xs">
<h4 class="text-short text-current-from-xs line-height-tighter font-weight-bold border-bottom-solid border-slimmest border-color-main-stroke margin-bottom-thinner padding-bottom-thinnest">INTERPRÈTES</h4>
<div class="margin-bottom-broad">
<p class="text-short text-current-from-xs line-height-tight line-height-normal-from-xs"><strong>Alina Ibragimova</strong>, violon<br />
<strong>Pablo Hernán Benedí</strong>, violon<br />
<strong>Emilie Hörnlund</strong>, alto<br />
<strong>Claire Thirion</strong>, violoncelle</p>
</div>
<h4 class="text-short text-current-from-xs line-height-tighter font-weight-bold border-bottom-solid border-slimmest border-color-main-stroke margin-bottom-thinner padding-bottom-thinnest">PROGRAMME</h4>
<div class="margin-bottom-broad">
<div class="Bloc-de-texte-standard">
<div class="Bloc-de-texte-standard">
<div class="Bloc-de-texte-standard">
<p class="text-short text-current-from-xs line-height-tight line-height-normal-from-xs"><strong>SCHUBERT</strong> Mouvement de Quatuor (« Quartettsatz ») en <em>do</em> mineur, D. 703<br />
<strong>BEETHOVEN</strong> Quatuor à cordes n° 11 en <em>fa </em>mineur, op. 95<br />
<strong>MENDELSSOHN</strong> Quatuor à cordes n° 2 en <em>la </em>mineur, op. 13</p>
</div>
</div>
</div>
</div>
</div>
<p>&nbsp;</p>
<p class="text-short text-current-from-xs line-height-tight line-height-normal-from-xs">Grand public : 54 $<br />
Membres du Musée : 46 $<br />
34 et moins : 28 $</p>

<p>Acclamé pour son « assurance et sa musicalité raffinée », ce quatuor à cordes se démarque par des interprétations à la fois sensibles et historiquement documentées.</p>
