{"id":72422,"date":"2022-08-27T16:01:40","date_gmt":"2022-08-27T20:01:40","guid":{"rendered":"https:\/\/www.ludwig-van.com\/montreal\/?post_type=tribe_events&#038;p=72422"},"modified":"2022-08-27T16:01:40","modified_gmt":"2022-08-27T20:01:40","slug":"nocte-temporis-belgique","status":"publish","type":"tribe_events","link":"https:\/\/www.ludwig-van.com\/montreal\/event\/nocte-temporis-belgique\/","title":{"rendered":"a nocte temporis (Belgique)"},"content":{"rendered":"<p class=\"text-short text-current-from-xs line-height-tight line-height-normal-from-xs\">Nous voici arriv\u00e9s dans la derni\u00e8re ann\u00e9e d\u2019un p\u00e9riple musical entrepris il y a plus de 8 ans. Ce long et touchant voyage nous aura permis d\u2019entendre plus de 200 \u0153uvres d\u2019une extraordinaire diversit\u00e9 d&rsquo;expression et de sentiments, constituant \u00e0 elles seules un prodigieux univers sonore et spirituel.<\/p>\n<p class=\"margin-top-thinner margin-top-broad-from-xs text-short text-current-from-xs line-height-tight line-height-normal-from-xs\">Ce concert est disponible en abonnement, ce qui permet d\u2019obtenir jusqu\u2019\u00e0 40% de r\u00e9duction sur tous les concerts de la s\u00e9rie de l\u2019int\u00e9grale des cantates de J. S. Bach.<br \/>\n<a class=\"inline relative border-bottom-solid border-slimmest transition-button-link border-color-main-stroke\" href=\"https:\/\/www.mbam.qc.ca\/fr\/serie\/integrale-des-cantates-de-j-s-bach-an-8\/\" target=\"_blank\" rel=\"noopener\"><span class=\"relative z-index-1 color-main-text-lighter transition-label\">D\u00e9couvrir l\u2019abonnement<\/span><\/a><\/p>\n<p>&nbsp;<\/p>\n<h4 class=\"text-short text-current-from-xs line-height-tighter font-weight-bold border-bottom-solid border-slimmest border-color-main-stroke margin-bottom-thinner padding-bottom-thinnest\">INTERPR\u00c8TES<\/h4>\n<div class=\"margin-bottom-broad\">\n<p class=\"text-short text-current-from-xs line-height-tight line-height-normal-from-xs\"><strong>Reinoud Van Mechelen<\/strong>, t\u00e9nor et direction musicale<br \/>\n<strong>Lore Binon<\/strong>, soprano<br \/>\n<strong>William Shelton<\/strong>, contret\u00e9nor<br \/>\nBasse \u00e0 confirmer<\/p>\n<\/div>\n<h4 class=\"text-short text-current-from-xs line-height-tighter font-weight-bold border-bottom-solid border-slimmest border-color-main-stroke margin-bottom-thinner padding-bottom-thinnest\">PROGRAMME<\/h4>\n<div class=\"margin-bottom-broad\">\n<div class=\"Bloc-de-texte-standard\">\n<div class=\"Bloc-de-texte-standard\">\n<div class=\"Bloc-de-texte-standard\">\n<p class=\"text-short text-current-from-xs line-height-tight line-height-normal-from-xs\"><strong>J. S. BACH<br \/>\n<\/strong>Cantates<br \/>\n<em>Ach, lieben Christen, seid getrost<\/em><br \/>\n[Ah, chers chr\u00e9tiens, soyez consol\u00e9s], BWV 114<br \/>\n<em>Erh\u00f6htes Fleisch und Blut<\/em><br \/>\n[Chair et Sang supr\u00eames], BWV 173<br \/>\n<em>S\u00fc\u00dfer Trost, mein Jesus k\u00f6mmt<\/em><br \/>\n[Douce consolation, mon J\u00e9sus vient], BWV 151<\/p>\n<p class=\"text-short text-current-from-xs line-height-tight line-height-normal-from-xs\">Le public sera invit\u00e9 \u00e0 chanter le choral final de la derni\u00e8re cantate BWV 151.<\/p>\n<\/div>\n<\/div>\n<\/div>\n<\/div>\n<p>&nbsp;<\/p>\n<p class=\"text-short text-current-from-xs line-height-tight line-height-normal-from-xs\">Grand public :\u00a064 $<br \/>\nMembres du Mus\u00e9e : 54 $<br \/>\n34 et moins : 33 $<\/p>\n","protected":false},"excerpt":{"rendered":"<p>Nous voici arriv\u00e9s dans la derni\u00e8re ann\u00e9e d\u2019un p\u00e9riple musical entrepris il y a plus de 8 ans. Ce long et touchant voyage nous aura permis d\u2019entendre plus de 200 \u0153uvres d\u2019une extraordinaire diversit\u00e9 d&rsquo;expression et de sentiments, constituant \u00e0 elles seules un prodigieux univers sonore et spirituel.<\/p>\n","protected":false},"author":1,"featured_media":72423,"comment_status":"open","ping_status":"closed","template":"","meta":{"om_disable_all_campaigns":false,"jetpack_post_was_ever_published":false},"tags":[],"tribe_events_cat":[],"acf":[],"jetpack_sharing_enabled":true,"_links":{"self":[{"href":"https:\/\/www.ludwig-van.com\/montreal\/wp-json\/wp\/v2\/tribe_events\/72422"}],"collection":[{"href":"https:\/\/www.ludwig-van.com\/montreal\/wp-json\/wp\/v2\/tribe_events"}],"about":[{"href":"https:\/\/www.ludwig-van.com\/montreal\/wp-json\/wp\/v2\/types\/tribe_events"}],"author":[{"embeddable":true,"href":"https:\/\/www.ludwig-van.com\/montreal\/wp-json\/wp\/v2\/users\/1"}],"replies":[{"embeddable":true,"href":"https:\/\/www.ludwig-van.com\/montreal\/wp-json\/wp\/v2\/comments?post=72422"}],"version-history":[{"count":1,"href":"https:\/\/www.ludwig-van.com\/montreal\/wp-json\/wp\/v2\/tribe_events\/72422\/revisions"}],"predecessor-version":[{"id":72424,"href":"https:\/\/www.ludwig-van.com\/montreal\/wp-json\/wp\/v2\/tribe_events\/72422\/revisions\/72424"}],"wp:featuredmedia":[{"embeddable":true,"href":"https:\/\/www.ludwig-van.com\/montreal\/wp-json\/wp\/v2\/media\/72423"}],"wp:attachment":[{"href":"https:\/\/www.ludwig-van.com\/montreal\/wp-json\/wp\/v2\/media?parent=72422"}],"wp:term":[{"taxonomy":"post_tag","embeddable":true,"href":"https:\/\/www.ludwig-van.com\/montreal\/wp-json\/wp\/v2\/tags?post=72422"},{"taxonomy":"tribe_events_cat","embeddable":true,"href":"https:\/\/www.ludwig-van.com\/montreal\/wp-json\/wp\/v2\/tribe_events_cat?post=72422"}],"curies":[{"name":"wp","href":"https:\/\/api.w.org\/{rel}","templated":true}]}}

<p class="text-short text-current-from-xs line-height-tight line-height-normal-from-xs">Nous voici arrivés dans la dernière année d’un périple musical entrepris il y a plus de 8 ans. Ce long et touchant voyage nous aura permis d’entendre plus de 200 œuvres d’une extraordinaire diversité d&rsquo;expression et de sentiments, constituant à elles seules un prodigieux univers sonore et spirituel.</p>
<p class="margin-top-thinner margin-top-broad-from-xs text-short text-current-from-xs line-height-tight line-height-normal-from-xs">Ce concert est disponible en abonnement, ce qui permet d’obtenir jusqu’à 40% de réduction sur tous les concerts de la série de l’intégrale des cantates de J. S. Bach.<br />
<a class="inline relative border-bottom-solid border-slimmest transition-button-link border-color-main-stroke" href="https://www.mbam.qc.ca/fr/serie/integrale-des-cantates-de-j-s-bach-an-8/" target="_blank" rel="noopener"><span class="relative z-index-1 color-main-text-lighter transition-label">Découvrir l’abonnement</span></a></p>
<p>&nbsp;</p>
<h4 class="text-short text-current-from-xs line-height-tighter font-weight-bold border-bottom-solid border-slimmest border-color-main-stroke margin-bottom-thinner padding-bottom-thinnest">INTERPRÈTES</h4>
<div class="margin-bottom-broad">
<p class="text-short text-current-from-xs line-height-tight line-height-normal-from-xs"><strong>Reinoud Van Mechelen</strong>, ténor et direction musicale<br />
<strong>Lore Binon</strong>, soprano<br />
<strong>William Shelton</strong>, contreténor<br />
Basse à confirmer</p>
</div>
<h4 class="text-short text-current-from-xs line-height-tighter font-weight-bold border-bottom-solid border-slimmest border-color-main-stroke margin-bottom-thinner padding-bottom-thinnest">PROGRAMME</h4>
<div class="margin-bottom-broad">
<div class="Bloc-de-texte-standard">
<div class="Bloc-de-texte-standard">
<div class="Bloc-de-texte-standard">
<p class="text-short text-current-from-xs line-height-tight line-height-normal-from-xs"><strong>J. S. BACH<br />
</strong>Cantates<br />
<em>Ach, lieben Christen, seid getrost</em><br />
[Ah, chers chrétiens, soyez consolés], BWV 114<br />
<em>Erhöhtes Fleisch und Blut</em><br />
[Chair et Sang suprêmes], BWV 173<br />
<em>Süßer Trost, mein Jesus kömmt</em><br />
[Douce consolation, mon Jésus vient], BWV 151</p>
<p class="text-short text-current-from-xs line-height-tight line-height-normal-from-xs">Le public sera invité à chanter le choral final de la dernière cantate BWV 151.</p>
</div>
</div>
</div>
</div>
<p>&nbsp;</p>
<p class="text-short text-current-from-xs line-height-tight line-height-normal-from-xs">Grand public : 64 $<br />
Membres du Musée : 54 $<br />
34 et moins : 33 $</p>

<p>Nous voici arrivés dans la dernière année d’un périple musical entrepris il y a plus de 8 ans. Ce long et touchant voyage nous aura permis d’entendre plus de 200 œuvres d’une extraordinaire diversité d&rsquo;expression et de sentiments, constituant à elles seules un prodigieux univers sonore et spirituel.</p>
