{"id":72420,"date":"2022-08-27T15:55:30","date_gmt":"2022-08-27T19:55:30","guid":{"rendered":"https:\/\/www.ludwig-van.com\/montreal\/?post_type=tribe_events&#038;p=72420"},"modified":"2022-08-27T15:55:30","modified_gmt":"2022-08-27T19:55:30","slug":"le-genie-des-lumieres-avec-nicolas-ellis-et-cameron-crozman","status":"publish","type":"tribe_events","link":"https:\/\/www.ludwig-van.com\/montreal\/event\/le-genie-des-lumieres-avec-nicolas-ellis-et-cameron-crozman\/","title":{"rendered":"Le g\u00e9nie des Lumi\u00e8res avec Nicolas Ellis et Cameron Crozman"},"content":{"rendered":"<p class=\"text-short text-current-from-xs line-height-tight line-height-normal-from-xs\">Les Violons du Roy sont heureux d\u2019accueillir le jeune Cameron Crozman, la \u00ab prochaine star canadienne du violoncelle \u00bb (<em>CBC Music<\/em>) pour la toute premi\u00e8re fois. Nicolas Ellis, l\u2019un des chefs les plus talentueux de sa g\u00e9n\u00e9ration, propose ici un brillant programme r\u00e9unissant la virtuosit\u00e9 classique de Haydn et de Mozart et la po\u00e9sie dansante de Rameau et de Gluck.<\/p>\n<p class=\"margin-top-thinner margin-top-broad-from-xs text-short text-current-from-xs line-height-tight line-height-normal-from-xs\">Ce concert est disponible en abonnement, ce qui permet d\u2019obtenir jusqu\u2019\u00e0 30% de r\u00e9duction sur tous les concerts de notre s\u00e9rie Les Violons du Roy.<br \/>\n<strong><a class=\"inline relative border-bottom-solid border-slimmest transition-button-link border-color-main-stroke\" href=\"https:\/\/www.mbam.qc.ca\/fr\/serie\/violons-du-roy-2022-2023\/\" target=\"_blank\" rel=\"noopener\"><span class=\"relative z-index-1 color-main-text-lighter transition-label\">D\u00e9couvrir l\u2019abonnement<\/span><\/a><\/strong><\/p>\n<p>&nbsp;<\/p>\n<div class=\"margin-bottom-broad display-none-to-md\">\n<div class=\"text-short text-current-from-xs line-height-tighter font-weight-medium margin-bottom-thinnest\">La Salle Bourgie pr\u00e9sente<\/div>\n<h1 class=\"text-taller text-huge-from-xs text-huger-from-md line-height-tighter font-weight-bold\">Le g\u00e9nie des Lumi\u00e8res avec Nicolas Ellis et Cameron Crozman<\/h1>\n<div class=\"text-short text-current-from-xs line-height-tighter color-main-text-lighter margin-top-thinnest\">Les Violons du Roy 2022-2023<\/div>\n<\/div>\n<div class=\"max-width-tinier js-algolia-primary-text\">\n<p class=\"text-short text-current-from-xs line-height-tight line-height-normal-from-xs\">Les Violons du Roy sont heureux d\u2019accueillir le jeune Cameron Crozman, la \u00ab prochaine star canadienne du violoncelle \u00bb (<em>CBC Music<\/em>) pour la toute premi\u00e8re fois. Nicolas Ellis, l\u2019un des chefs les plus talentueux de sa g\u00e9n\u00e9ration, propose ici un brillant programme r\u00e9unissant la virtuosit\u00e9 classique de Haydn et de Mozart et la po\u00e9sie dansante de Rameau et de Gluck.<\/p>\n<p class=\"margin-top-thinner margin-top-broad-from-xs text-short text-current-from-xs line-height-tight line-height-normal-from-xs\">Ce concert est disponible en abonnement, ce qui permet d\u2019obtenir jusqu\u2019\u00e0 30% de r\u00e9duction sur tous les concerts de notre s\u00e9rie Les Violons du Roy.<br \/>\n<strong><a class=\"inline relative border-bottom-solid border-slimmest transition-button-link border-color-main-stroke\" href=\"https:\/\/www.mbam.qc.ca\/fr\/serie\/violons-du-roy-2022-2023\/\" target=\"_blank\" rel=\"noopener\"><span class=\"relative z-index-1 color-main-text-lighter transition-label\">D\u00e9couvrir l\u2019abonnement<\/span><\/a><\/strong><\/p>\n<\/div>\n<div class=\"border-top-radius-dull margin-top-thin\">\n<div class=\"bg-color-main-reversed-fill-darker color-main-reversed-text border-radius-dull\">\n<div class=\"padding-thin border-bottom-solid border-slimmest border-color-main-reversed-stroke-lighter\">\n<div class=\"text-short text-current-from-xs line-height-tight line-height-normal-from-xs\">\n<p class=\"text-short text-current-from-xs line-height-tight line-height-normal-from-xs\">Grand public :\u00a064 $<\/p>\n<p class=\"margin-top-micro text-short text-current-from-xs line-height-tight line-height-normal-from-xs\">Membres du Mus\u00e9e :\u00a054 $<\/p>\n<p class=\"margin-top-micro text-short text-current-from-xs line-height-tight line-height-normal-from-xs\">34 et moins :\u00a033 $<\/p>\n<\/div>\n<\/div>\n<div class=\"padding-thin\">\n<div class=\"flexbox align-items-center margin-left-minus-thinner\">\n<div class=\"padding-left-thinner border-box flex-grow-1\">\n<div class=\"text-short text-current-from-xs line-height-tighter font-weight-medium\"><span class=\"text-capitalize\">Vendredi<\/span>\u00a010\u00a0mars 2023 \u00e0 19 h 30<\/div>\n<\/div>\n<p><span class=\"inline-block transition-button-main padding-left-thinner border-box\"><button class=\"inline-block cursor-pointer text-left border-radius-sharp border-solid border-slimmest border-color-main-stroke bg-color-white color-main-text-lighter padding-horizontal-thinnest padding-horizontal-thinner-from-xs padding-vertical-micro padding-vertical-thinnest-from-xs transition-button js-keyboard-nav-custom-focus transition-button-main js-change-state-click js-panel-bioz-trigger\" data-panel-bioz-code=\"sc=product,pid=11633\" data-change-state-action=\"on\" data-change-state-click-target-common-ancestor=\"#site\" data-change-state-click-target=\".js-panel-bioz\" data-change-state-click=\"visible\"><span class=\"flexbox align-items-center\"><span class=\"font-weight-medium block text-shorter line-height-tighter order-1 margin-right-micro margin-right-thinnest-from-xs\">Acheter<\/span><\/span><\/button><\/span><span class=\"inline-block transition-button-main padding-left-thinner border-box\"><button class=\"inline-block cursor-pointer text-left border-radius-sharp border-solid border-slimmest border-color-main-stroke bg-color-white color-main-text-lighter padding-horizontal-thinnest padding-horizontal-thinner-from-xs padding-vertical-micro padding-vertical-thinnest-from-xs transition-button js-keyboard-nav-custom-focus transition-button-main js-change-state-click js-panel-bioz-trigger\" data-panel-bioz-code=\"sc=forfait,groupid=638\" data-change-state-action=\"on\" data-change-state-click-target-common-ancestor=\"#site\" data-change-state-click-target=\".js-panel-bioz\" data-change-state-click=\"visible\"><span class=\"flexbox align-items-center\"><span class=\"font-weight-medium block text-shorter line-height-tighter order-1 margin-right-micro margin-right-thinnest-from-xs\">S&rsquo;abonner<\/span><\/span><\/button><\/span><\/div>\n<\/div>\n<\/div>\n<\/div>\n<div class=\"margin-top-broad margin-top-broader-from-xs\">\n<h4 class=\"text-short text-current-from-xs line-height-tighter font-weight-bold border-bottom-solid border-slimmest border-color-main-stroke margin-bottom-thinner padding-bottom-thinnest\">INTERPR\u00c8TES<\/h4>\n<div class=\"margin-bottom-broad\">\n<p class=\"text-short text-current-from-xs line-height-tight line-height-normal-from-xs\"><strong>Les Violons du Roy<br \/>\n<\/strong><strong>Nicolas Ellis<\/strong>, chef<br \/>\n<strong>Cameron Crozman<\/strong>, violoncelle<\/p>\n<\/div>\n<h4 class=\"text-short text-current-from-xs line-height-tighter font-weight-bold border-bottom-solid border-slimmest border-color-main-stroke margin-bottom-thinner padding-bottom-thinnest\">PROGRAMME<\/h4>\n<div class=\"margin-bottom-broad\">\n<p class=\"text-short text-current-from-xs line-height-tight line-height-normal-from-xs\"><strong>RAMEAU<\/strong>\u00a0Suite d\u2019orchestre de\u00a0<em>Pygmalion<\/em><br \/>\n<strong>HAYDN<\/strong>\u00a0Concerto pour violoncelle n\u00b0 2 en\u00a0<em>r\u00e9<\/em>\u00a0majeur, Hob.VIIb:2<br \/>\n<strong>GLUCK<\/strong>\u00a0Suite d\u2019orchestre du ballet<em>\u00a0Don Juan<\/em><br \/>\n<strong>MOZART<\/strong>\u00a0Symphonie n\u00b0 29 en\u00a0<em>la<\/em>\u00a0majeur, K. 201<\/p>\n<\/div>\n<\/div>\n<p>&nbsp;<\/p>\n<p class=\"text-short text-current-from-xs line-height-tight line-height-normal-from-xs\">Grand public :\u00a064 $<br \/>\nMembres du Mus\u00e9e :\u00a054 $<br \/>\n34 et moins :\u00a033 $<\/p>\n","protected":false},"excerpt":{"rendered":"<p>Les Violons du Roy sont heureux d\u2019accueillir le jeune Cameron Crozman, la \u00ab prochaine star canadienne du violoncelle \u00bb (CBC Music) pour la toute premi\u00e8re fois. Nicolas Ellis, l\u2019un des chefs les plus talentueux de sa g\u00e9n\u00e9ration, propose ici un brillant programme r\u00e9unissant la virtuosit\u00e9 classique de Haydn et de Mozart et la po\u00e9sie dansante de Rameau et de Gluck.<\/p>\n","protected":false},"author":1,"featured_media":62275,"comment_status":"open","ping_status":"closed","template":"","meta":{"om_disable_all_campaigns":false,"jetpack_post_was_ever_published":false},"tags":[],"tribe_events_cat":[],"acf":[],"jetpack_sharing_enabled":true,"_links":{"self":[{"href":"https:\/\/www.ludwig-van.com\/montreal\/wp-json\/wp\/v2\/tribe_events\/72420"}],"collection":[{"href":"https:\/\/www.ludwig-van.com\/montreal\/wp-json\/wp\/v2\/tribe_events"}],"about":[{"href":"https:\/\/www.ludwig-van.com\/montreal\/wp-json\/wp\/v2\/types\/tribe_events"}],"author":[{"embeddable":true,"href":"https:\/\/www.ludwig-van.com\/montreal\/wp-json\/wp\/v2\/users\/1"}],"replies":[{"embeddable":true,"href":"https:\/\/www.ludwig-van.com\/montreal\/wp-json\/wp\/v2\/comments?post=72420"}],"version-history":[{"count":1,"href":"https:\/\/www.ludwig-van.com\/montreal\/wp-json\/wp\/v2\/tribe_events\/72420\/revisions"}],"predecessor-version":[{"id":72421,"href":"https:\/\/www.ludwig-van.com\/montreal\/wp-json\/wp\/v2\/tribe_events\/72420\/revisions\/72421"}],"wp:featuredmedia":[{"embeddable":true,"href":"https:\/\/www.ludwig-van.com\/montreal\/wp-json\/wp\/v2\/media\/62275"}],"wp:attachment":[{"href":"https:\/\/www.ludwig-van.com\/montreal\/wp-json\/wp\/v2\/media?parent=72420"}],"wp:term":[{"taxonomy":"post_tag","embeddable":true,"href":"https:\/\/www.ludwig-van.com\/montreal\/wp-json\/wp\/v2\/tags?post=72420"},{"taxonomy":"tribe_events_cat","embeddable":true,"href":"https:\/\/www.ludwig-van.com\/montreal\/wp-json\/wp\/v2\/tribe_events_cat?post=72420"}],"curies":[{"name":"wp","href":"https:\/\/api.w.org\/{rel}","templated":true}]}}

Le génie des Lumières avec Nicolas Ellis et Cameron Crozman

<p class="text-short text-current-from-xs line-height-tight line-height-normal-from-xs">Les Violons du Roy sont heureux d’accueillir le jeune Cameron Crozman, la « prochaine star canadienne du violoncelle » (<em>CBC Music</em>) pour la toute première fois. Nicolas Ellis, l’un des chefs les plus talentueux de sa génération, propose ici un brillant programme réunissant la virtuosité classique de Haydn et de Mozart et la poésie dansante de Rameau et de Gluck.</p>
<p class="margin-top-thinner margin-top-broad-from-xs text-short text-current-from-xs line-height-tight line-height-normal-from-xs">Ce concert est disponible en abonnement, ce qui permet d’obtenir jusqu’à 30% de réduction sur tous les concerts de notre série Les Violons du Roy.<br />
<strong><a class="inline relative border-bottom-solid border-slimmest transition-button-link border-color-main-stroke" href="https://www.mbam.qc.ca/fr/serie/violons-du-roy-2022-2023/" target="_blank" rel="noopener"><span class="relative z-index-1 color-main-text-lighter transition-label">Découvrir l’abonnement</span></a></strong></p>
<p>&nbsp;</p>
<div class="margin-bottom-broad display-none-to-md">
<div class="text-short text-current-from-xs line-height-tighter font-weight-medium margin-bottom-thinnest">La Salle Bourgie présente</div>
<h1 class="text-taller text-huge-from-xs text-huger-from-md line-height-tighter font-weight-bold">Le génie des Lumières avec Nicolas Ellis et Cameron Crozman</h1>
<div class="text-short text-current-from-xs line-height-tighter color-main-text-lighter margin-top-thinnest">Les Violons du Roy 2022-2023</div>
</div>
<div class="max-width-tinier js-algolia-primary-text">
<p class="text-short text-current-from-xs line-height-tight line-height-normal-from-xs">Les Violons du Roy sont heureux d’accueillir le jeune Cameron Crozman, la « prochaine star canadienne du violoncelle » (<em>CBC Music</em>) pour la toute première fois. Nicolas Ellis, l’un des chefs les plus talentueux de sa génération, propose ici un brillant programme réunissant la virtuosité classique de Haydn et de Mozart et la poésie dansante de Rameau et de Gluck.</p>
<p class="margin-top-thinner margin-top-broad-from-xs text-short text-current-from-xs line-height-tight line-height-normal-from-xs">Ce concert est disponible en abonnement, ce qui permet d’obtenir jusqu’à 30% de réduction sur tous les concerts de notre série Les Violons du Roy.<br />
<strong><a class="inline relative border-bottom-solid border-slimmest transition-button-link border-color-main-stroke" href="https://www.mbam.qc.ca/fr/serie/violons-du-roy-2022-2023/" target="_blank" rel="noopener"><span class="relative z-index-1 color-main-text-lighter transition-label">Découvrir l’abonnement</span></a></strong></p>
</div>
<div class="border-top-radius-dull margin-top-thin">
<div class="bg-color-main-reversed-fill-darker color-main-reversed-text border-radius-dull">
<div class="padding-thin border-bottom-solid border-slimmest border-color-main-reversed-stroke-lighter">
<div class="text-short text-current-from-xs line-height-tight line-height-normal-from-xs">
<p class="text-short text-current-from-xs line-height-tight line-height-normal-from-xs">Grand public : 64 $</p>
<p class="margin-top-micro text-short text-current-from-xs line-height-tight line-height-normal-from-xs">Membres du Musée : 54 $</p>
<p class="margin-top-micro text-short text-current-from-xs line-height-tight line-height-normal-from-xs">34 et moins : 33 $</p>
</div>
</div>
<div class="padding-thin">
<div class="flexbox align-items-center margin-left-minus-thinner">
<div class="padding-left-thinner border-box flex-grow-1">
<div class="text-short text-current-from-xs line-height-tighter font-weight-medium"><span class="text-capitalize">Vendredi</span> 10 mars 2023 à 19 h 30</div>
</div>
<p><span class="inline-block transition-button-main padding-left-thinner border-box"><button class="inline-block cursor-pointer text-left border-radius-sharp border-solid border-slimmest border-color-main-stroke bg-color-white color-main-text-lighter padding-horizontal-thinnest padding-horizontal-thinner-from-xs padding-vertical-micro padding-vertical-thinnest-from-xs transition-button js-keyboard-nav-custom-focus transition-button-main js-change-state-click js-panel-bioz-trigger" data-panel-bioz-code="sc=product,pid=11633" data-change-state-action="on" data-change-state-click-target-common-ancestor="#site" data-change-state-click-target=".js-panel-bioz" data-change-state-click="visible"><span class="flexbox align-items-center"><span class="font-weight-medium block text-shorter line-height-tighter order-1 margin-right-micro margin-right-thinnest-from-xs">Acheter</span></span></button></span><span class="inline-block transition-button-main padding-left-thinner border-box"><button class="inline-block cursor-pointer text-left border-radius-sharp border-solid border-slimmest border-color-main-stroke bg-color-white color-main-text-lighter padding-horizontal-thinnest padding-horizontal-thinner-from-xs padding-vertical-micro padding-vertical-thinnest-from-xs transition-button js-keyboard-nav-custom-focus transition-button-main js-change-state-click js-panel-bioz-trigger" data-panel-bioz-code="sc=forfait,groupid=638" data-change-state-action="on" data-change-state-click-target-common-ancestor="#site" data-change-state-click-target=".js-panel-bioz" data-change-state-click="visible"><span class="flexbox align-items-center"><span class="font-weight-medium block text-shorter line-height-tighter order-1 margin-right-micro margin-right-thinnest-from-xs">S&rsquo;abonner</span></span></button></span></div>
</div>
</div>
</div>
<div class="margin-top-broad margin-top-broader-from-xs">
<h4 class="text-short text-current-from-xs line-height-tighter font-weight-bold border-bottom-solid border-slimmest border-color-main-stroke margin-bottom-thinner padding-bottom-thinnest">INTERPRÈTES</h4>
<div class="margin-bottom-broad">
<p class="text-short text-current-from-xs line-height-tight line-height-normal-from-xs"><strong>Les Violons du Roy<br />
</strong><strong>Nicolas Ellis</strong>, chef<br />
<strong>Cameron Crozman</strong>, violoncelle</p>
</div>
<h4 class="text-short text-current-from-xs line-height-tighter font-weight-bold border-bottom-solid border-slimmest border-color-main-stroke margin-bottom-thinner padding-bottom-thinnest">PROGRAMME</h4>
<div class="margin-bottom-broad">
<p class="text-short text-current-from-xs line-height-tight line-height-normal-from-xs"><strong>RAMEAU</strong> Suite d’orchestre de <em>Pygmalion</em><br />
<strong>HAYDN</strong> Concerto pour violoncelle n° 2 en <em>ré</em> majeur, Hob.VIIb:2<br />
<strong>GLUCK</strong> Suite d’orchestre du ballet<em> Don Juan</em><br />
<strong>MOZART</strong> Symphonie n° 29 en <em>la</em> majeur, K. 201</p>
</div>
</div>
<p>&nbsp;</p>
<p class="text-short text-current-from-xs line-height-tight line-height-normal-from-xs">Grand public : 64 $<br />
Membres du Musée : 54 $<br />
34 et moins : 33 $</p>

<p>Les Violons du Roy sont heureux d’accueillir le jeune Cameron Crozman, la « prochaine star canadienne du violoncelle » (CBC Music) pour la toute première fois. Nicolas Ellis, l’un des chefs les plus talentueux de sa génération, propose ici un brillant programme réunissant la virtuosité classique de Haydn et de Mozart et la poésie dansante de Rameau et de Gluck.</p>
