{"id":72413,"date":"2022-08-27T15:48:32","date_gmt":"2022-08-27T19:48:32","guid":{"rendered":"https:\/\/www.ludwig-van.com\/montreal\/?post_type=tribe_events&#038;p=72413"},"modified":"2022-08-27T15:48:32","modified_gmt":"2022-08-27T19:48:32","slug":"la-salle-bourgie-presente-llewellyn-sanchez-werner-piano","status":"publish","type":"tribe_events","link":"https:\/\/www.ludwig-van.com\/montreal\/event\/la-salle-bourgie-presente-llewellyn-sanchez-werner-piano\/","title":{"rendered":"La Salle Bourgie pr\u00e9sente Llewellyn Sanchez-Werner, piano"},"content":{"rendered":"<p>Un r\u00e9cital par l\u2019un des jeunes pianistes les plus prometteurs de sa g\u00e9n\u00e9ration, \u00e0 la musicalit\u00e9 raffin\u00e9e et poss\u00e9dant une technique sans faille.<\/p>\n<p>&nbsp;<\/p>\n<p>INTERPR\u00c8TE<br \/>\nLlewellyn Sanchez-Werner, piano<\/p>\n<p>PROGRAMME<br \/>\nSCHUMANN \/ LISZT Widmung<br \/>\nCHOPIN Barcarolle, op. 60<br \/>\nSCHUMANN Grande Humoresque, op. 20<br \/>\nSANCHEZ-WERNER Sans Titre<br \/>\nDEBUSSY Estampes<br \/>\nSTRAVINSKI \/ AGOSTI L\u2019Oiseau de feu<\/p>\n<p>&nbsp;<\/p>\n<p class=\"text-short text-current-from-xs line-height-tight line-height-normal-from-xs\">Grand public :\u00a044 $<br \/>\nMembres du Mus\u00e9e :\u00a038 $<br \/>\n34 et moins :\u00a023 $<\/p>\n","protected":false},"excerpt":{"rendered":"<p>Un r\u00e9cital par l\u2019un des jeunes pianistes les plus prometteurs de sa g\u00e9n\u00e9ration, \u00e0 la musicalit\u00e9 raffin\u00e9e et poss\u00e9dant une technique sans faille.<\/p>\n","protected":false},"author":1,"featured_media":72414,"comment_status":"open","ping_status":"closed","template":"","meta":{"om_disable_all_campaigns":false,"jetpack_post_was_ever_published":false},"tags":[],"tribe_events_cat":[],"acf":[],"jetpack_sharing_enabled":true,"_links":{"self":[{"href":"https:\/\/www.ludwig-van.com\/montreal\/wp-json\/wp\/v2\/tribe_events\/72413"}],"collection":[{"href":"https:\/\/www.ludwig-van.com\/montreal\/wp-json\/wp\/v2\/tribe_events"}],"about":[{"href":"https:\/\/www.ludwig-van.com\/montreal\/wp-json\/wp\/v2\/types\/tribe_events"}],"author":[{"embeddable":true,"href":"https:\/\/www.ludwig-van.com\/montreal\/wp-json\/wp\/v2\/users\/1"}],"replies":[{"embeddable":true,"href":"https:\/\/www.ludwig-van.com\/montreal\/wp-json\/wp\/v2\/comments?post=72413"}],"version-history":[{"count":1,"href":"https:\/\/www.ludwig-van.com\/montreal\/wp-json\/wp\/v2\/tribe_events\/72413\/revisions"}],"predecessor-version":[{"id":72415,"href":"https:\/\/www.ludwig-van.com\/montreal\/wp-json\/wp\/v2\/tribe_events\/72413\/revisions\/72415"}],"wp:featuredmedia":[{"embeddable":true,"href":"https:\/\/www.ludwig-van.com\/montreal\/wp-json\/wp\/v2\/media\/72414"}],"wp:attachment":[{"href":"https:\/\/www.ludwig-van.com\/montreal\/wp-json\/wp\/v2\/media?parent=72413"}],"wp:term":[{"taxonomy":"post_tag","embeddable":true,"href":"https:\/\/www.ludwig-van.com\/montreal\/wp-json\/wp\/v2\/tags?post=72413"},{"taxonomy":"tribe_events_cat","embeddable":true,"href":"https:\/\/www.ludwig-van.com\/montreal\/wp-json\/wp\/v2\/tribe_events_cat?post=72413"}],"curies":[{"name":"wp","href":"https:\/\/api.w.org\/{rel}","templated":true}]}}

La Salle Bourgie présente Llewellyn Sanchez-Werner, piano

<p>Un récital par l’un des jeunes pianistes les plus prometteurs de sa génération, à la musicalité raffinée et possédant une technique sans faille.</p>
<p>&nbsp;</p>
<p>INTERPRÈTE<br />
Llewellyn Sanchez-Werner, piano</p>
<p>PROGRAMME<br />
SCHUMANN / LISZT Widmung<br />
CHOPIN Barcarolle, op. 60<br />
SCHUMANN Grande Humoresque, op. 20<br />
SANCHEZ-WERNER Sans Titre<br />
DEBUSSY Estampes<br />
STRAVINSKI / AGOSTI L’Oiseau de feu</p>
<p>&nbsp;</p>
<p class="text-short text-current-from-xs line-height-tight line-height-normal-from-xs">Grand public : 44 $<br />
Membres du Musée : 38 $<br />
34 et moins : 23 $</p>

<p>Un récital par l’un des jeunes pianistes les plus prometteurs de sa génération, à la musicalité raffinée et possédant une technique sans faille.</p>
