{"id":72410,"date":"2022-08-27T15:44:05","date_gmt":"2022-08-27T19:44:05","guid":{"rendered":"https:\/\/www.ludwig-van.com\/montreal\/?post_type=tribe_events&#038;p=72410"},"modified":"2022-08-27T15:44:05","modified_gmt":"2022-08-27T19:44:05","slug":"le-souffle-des-anges","status":"publish","type":"tribe_events","link":"https:\/\/www.ludwig-van.com\/montreal\/event\/le-souffle-des-anges\/","title":{"rendered":"Le souffle des anges"},"content":{"rendered":"<p>Deux solistes virtuoses, accompagn\u00e9s par un ensemble instrumental, interpr\u00e8tent des airs italiens sacr\u00e9s et profanes du 17<sup>e\u00a0<\/sup>si\u00e8cle.\u00a0<em>Les Anges<\/em>\u00a0d&rsquo;Erik\u00a0Satie\u00a0et des \u0153uvres nouvelles d\u2019Ivan Moody\u00a0et de Julian Wachner\u00a0leur r\u00e9pondent par-del\u00e0 les si\u00e8cles.<\/p>\n<p>&nbsp;<\/p>\n<h4 class=\"text-short text-current-from-xs line-height-tighter font-weight-bold border-bottom-solid border-slimmest border-color-main-stroke margin-bottom-thinner padding-bottom-thinnest\">INTERPR\u00c8TES<\/h4>\n<div class=\"margin-bottom-broad\">\n<p class=\"text-short text-current-from-xs line-height-tight line-height-normal-from-xs\"><strong>Hana Bla\u017e\u00edkov\u00e1<\/strong>, soprano<br \/>\n<strong>Bruce Dickey<\/strong>, cornet \u00e0 bouquin<br \/>\n<strong>Tekla Cunningham<\/strong>, violon<strong><br \/>\n<\/strong><strong>Chloe Myers<\/strong>, violon<br \/>\n<strong>Joanna Blendulf<\/strong>, viole de gambe<br \/>\n<strong>Brandon Acker<\/strong>, th\u00e9orbe<br \/>\n<strong>Michael Sponseller<\/strong>, orgue et clavecin<\/p>\n<\/div>\n<h4 class=\"text-short text-current-from-xs line-height-tighter font-weight-bold border-bottom-solid border-slimmest border-color-main-stroke margin-bottom-thinner padding-bottom-thinnest\">PROGRAMME<\/h4>\n<div class=\"margin-bottom-broad\">\n<p class=\"text-short text-current-from-xs line-height-tight line-height-normal-from-xs\">Extraits du manuscrit\u00a0<strong>Carlo G<\/strong><br \/>\n<em>Panis Angelicus 5<br \/>\n<\/em><em>Mater Jerusalem 3<br \/>\n<\/em><em>Sicut sponsus Matris<br \/>\n<\/em><strong>Giovanni PIERLUIGI DA PALESTRINA\u00a0<\/strong><br \/>\n<em>Angelus Domini descendit<\/em>\u00a0(divisions de Bruce Dickey)<br \/>\n<strong>CAVALLI\u00a0<\/strong><br \/>\n<em>Sonata a 3<br \/>\n<\/em><em>O quam suavis<br \/>\n<\/em><strong>Giovanni Maria BONONCINI<\/strong><br \/>\nDe<em>\u00a0Il Trionfo di Camilla<\/em><br \/>\n<em>\u00a0 \u00a0Sinfonia<br \/>\n<\/em><em>\u00a0 \u00a0Prenesto: Se Ninfa o Dea tu sei<br \/>\n<\/em><em>\u00a0 \u00a0Camilla: E\u2019 pur ver ch\u2019a soffrir<br \/>\n<\/em><em>\u00a0 \u00a0Prenesto: Tutte armate<br \/>\n<\/em><em>Sonata 5, op. 6<br \/>\n<\/em><strong>A. SCARLATTI\u00a0<\/strong><br \/>\nExtraits de\u00a0<em>Commodo Antonino<br \/>\n<\/em><em>\u00a0 \u00a0Coronata di lauri<br \/>\n<\/em><em>\u00a0 \u00a0Cara e dolce<br \/>\n<\/em><em>\u00a0 \u00a0Il desio di vendicarmi<\/em><br \/>\n<strong>Ivan MOODY<\/strong>\u00a0<em>Of Archangels and Angels<br \/>\n<\/em><strong>Julian WACHNER<\/strong>\u00a0<em>The Vision of the Archangels<\/em><br \/>\n<strong>Erik SATIE<\/strong>\u00a0<em>Les Anges<\/em><\/p>\n<\/div>\n<p>&nbsp;<\/p>\n<p class=\"text-short text-current-from-xs line-height-tight line-height-normal-from-xs\">Grand public : 54 $<br \/>\nMembres du Mus\u00e9e :\u00a048 $<br \/>\n34 et moins :\u00a028 $<\/p>\n","protected":false},"excerpt":{"rendered":"<p>Deux solistes virtuoses, accompagn\u00e9s par un ensemble instrumental, interpr\u00e8tent des airs italiens sacr\u00e9s et profanes du 17e\u00a0si\u00e8cle.\u00a0Les Anges\u00a0d&rsquo;Erik\u00a0Satie\u00a0et des \u0153uvres nouvelles d\u2019Ivan Moody\u00a0et de Julian Wachner\u00a0leur r\u00e9pondent par-del\u00e0 les si\u00e8cles.<\/p>\n","protected":false},"author":1,"featured_media":72411,"comment_status":"open","ping_status":"closed","template":"","meta":{"om_disable_all_campaigns":false,"jetpack_post_was_ever_published":false},"tags":[],"tribe_events_cat":[],"acf":[],"jetpack_sharing_enabled":true,"_links":{"self":[{"href":"https:\/\/www.ludwig-van.com\/montreal\/wp-json\/wp\/v2\/tribe_events\/72410"}],"collection":[{"href":"https:\/\/www.ludwig-van.com\/montreal\/wp-json\/wp\/v2\/tribe_events"}],"about":[{"href":"https:\/\/www.ludwig-van.com\/montreal\/wp-json\/wp\/v2\/types\/tribe_events"}],"author":[{"embeddable":true,"href":"https:\/\/www.ludwig-van.com\/montreal\/wp-json\/wp\/v2\/users\/1"}],"replies":[{"embeddable":true,"href":"https:\/\/www.ludwig-van.com\/montreal\/wp-json\/wp\/v2\/comments?post=72410"}],"version-history":[{"count":1,"href":"https:\/\/www.ludwig-van.com\/montreal\/wp-json\/wp\/v2\/tribe_events\/72410\/revisions"}],"predecessor-version":[{"id":72412,"href":"https:\/\/www.ludwig-van.com\/montreal\/wp-json\/wp\/v2\/tribe_events\/72410\/revisions\/72412"}],"wp:featuredmedia":[{"embeddable":true,"href":"https:\/\/www.ludwig-van.com\/montreal\/wp-json\/wp\/v2\/media\/72411"}],"wp:attachment":[{"href":"https:\/\/www.ludwig-van.com\/montreal\/wp-json\/wp\/v2\/media?parent=72410"}],"wp:term":[{"taxonomy":"post_tag","embeddable":true,"href":"https:\/\/www.ludwig-van.com\/montreal\/wp-json\/wp\/v2\/tags?post=72410"},{"taxonomy":"tribe_events_cat","embeddable":true,"href":"https:\/\/www.ludwig-van.com\/montreal\/wp-json\/wp\/v2\/tribe_events_cat?post=72410"}],"curies":[{"name":"wp","href":"https:\/\/api.w.org\/{rel}","templated":true}]}}

<p>Deux solistes virtuoses, accompagnés par un ensemble instrumental, interprètent des airs italiens sacrés et profanes du 17<sup>e </sup>siècle. <em>Les Anges</em> d&rsquo;Erik Satie et des œuvres nouvelles d’Ivan Moody et de Julian Wachner leur répondent par-delà les siècles.</p>
<p>&nbsp;</p>
<h4 class="text-short text-current-from-xs line-height-tighter font-weight-bold border-bottom-solid border-slimmest border-color-main-stroke margin-bottom-thinner padding-bottom-thinnest">INTERPRÈTES</h4>
<div class="margin-bottom-broad">
<p class="text-short text-current-from-xs line-height-tight line-height-normal-from-xs"><strong>Hana Blažíková</strong>, soprano<br />
<strong>Bruce Dickey</strong>, cornet à bouquin<br />
<strong>Tekla Cunningham</strong>, violon<strong><br />
</strong><strong>Chloe Myers</strong>, violon<br />
<strong>Joanna Blendulf</strong>, viole de gambe<br />
<strong>Brandon Acker</strong>, théorbe<br />
<strong>Michael Sponseller</strong>, orgue et clavecin</p>
</div>
<h4 class="text-short text-current-from-xs line-height-tighter font-weight-bold border-bottom-solid border-slimmest border-color-main-stroke margin-bottom-thinner padding-bottom-thinnest">PROGRAMME</h4>
<div class="margin-bottom-broad">
<p class="text-short text-current-from-xs line-height-tight line-height-normal-from-xs">Extraits du manuscrit <strong>Carlo G</strong><br />
<em>Panis Angelicus 5<br />
</em><em>Mater Jerusalem 3<br />
</em><em>Sicut sponsus Matris<br />
</em><strong>Giovanni PIERLUIGI DA PALESTRINA </strong><br />
<em>Angelus Domini descendit</em> (divisions de Bruce Dickey)<br />
<strong>CAVALLI </strong><br />
<em>Sonata a 3<br />
</em><em>O quam suavis<br />
</em><strong>Giovanni Maria BONONCINI</strong><br />
De<em> Il Trionfo di Camilla</em><br />
<em>   Sinfonia<br />
</em><em>   Prenesto: Se Ninfa o Dea tu sei<br />
</em><em>   Camilla: E’ pur ver ch’a soffrir<br />
</em><em>   Prenesto: Tutte armate<br />
</em><em>Sonata 5, op. 6<br />
</em><strong>A. SCARLATTI </strong><br />
Extraits de <em>Commodo Antonino<br />
</em><em>   Coronata di lauri<br />
</em><em>   Cara e dolce<br />
</em><em>   Il desio di vendicarmi</em><br />
<strong>Ivan MOODY</strong> <em>Of Archangels and Angels<br />
</em><strong>Julian WACHNER</strong> <em>The Vision of the Archangels</em><br />
<strong>Erik SATIE</strong> <em>Les Anges</em></p>
</div>
<p>&nbsp;</p>
<p class="text-short text-current-from-xs line-height-tight line-height-normal-from-xs">Grand public : 54 $<br />
Membres du Musée : 48 $<br />
34 et moins : 28 $</p>

<p>Deux solistes virtuoses, accompagnés par un ensemble instrumental, interprètent des airs italiens sacrés et profanes du 17e siècle. Les Anges d&rsquo;Erik Satie et des œuvres nouvelles d’Ivan Moody et de Julian Wachner leur répondent par-delà les siècles.</p>
