{"id":72395,"date":"2022-08-27T08:43:39","date_gmt":"2022-08-27T12:43:39","guid":{"rendered":"https:\/\/www.ludwig-van.com\/montreal\/?post_type=tribe_events&#038;p=72395"},"modified":"2022-08-27T08:43:39","modified_gmt":"2022-08-27T12:43:39","slug":"lharmonie-des-saisons","status":"publish","type":"tribe_events","link":"https:\/\/www.ludwig-van.com\/montreal\/event\/lharmonie-des-saisons\/","title":{"rendered":"L\u2019Harmonie des saisons"},"content":{"rendered":"<p class=\"text-short text-current-from-xs line-height-tight line-height-normal-from-xs\">Nous voici arriv\u00e9s dans la derni\u00e8re ann\u00e9e d\u2019un p\u00e9riple musical entrepris il y a plus de 8 ans. Ce long et touchant voyage nous aura permis d\u2019entendre plus de 200 \u0153uvres d\u2019une extraordinaire diversit\u00e9 d&rsquo;expression et de sentiments, constituant \u00e0 elles seules un prodigieux univers sonore et spirituel.<\/p>\n<p>&nbsp;<\/p>\n<p class=\"margin-top-thinner margin-top-broad-from-xs text-short text-current-from-xs line-height-tight line-height-normal-from-xs\">Ce concert est disponible en abonnement, ce qui permet d\u2019obtenir jusqu\u2019\u00e0 40% de r\u00e9duction sur tous les concerts de la s\u00e9rie de l\u2019int\u00e9grale des cantates de J. S. Bach.<br \/>\n<a class=\"inline relative border-bottom-solid border-slimmest transition-button-link border-color-main-stroke\" href=\"https:\/\/www.mbam.qc.ca\/fr\/serie\/integrale-des-cantates-de-j-s-bach-an-8\/\" target=\"_blank\" rel=\"noopener\"><span class=\"relative z-index-1 color-main-text-lighter transition-label\">D\u00e9couvrir l\u2019abonnement<\/span><\/a><\/p>\n<p>&nbsp;<\/p>\n<div class=\"margin-bottom-broad\">\n<p class=\"text-short text-current-from-xs line-height-tight line-height-normal-from-xs\"><strong>Eric Milnes<\/strong>, chef<br \/>\n<strong>Denise Torre Orme\u00f1o<\/strong>, soprano<br \/>\n<strong>Nicholas Burns<\/strong>, contret\u00e9nor<br \/>\n<strong>Philippe Gagn\u00e9<\/strong>, t\u00e9nor<br \/>\n<strong>Sumner Thompson<\/strong>, baryton<\/p>\n<\/div>\n<h4 class=\"text-short text-current-from-xs line-height-tighter font-weight-bold border-bottom-solid border-slimmest border-color-main-stroke margin-bottom-thinner padding-bottom-thinnest\">PROGRAMME<\/h4>\n<div class=\"margin-bottom-broad\">\n<div class=\"Bloc-de-texte-standard\">\n<div class=\"Bloc-de-texte-standard\">\n<div class=\"Bloc-de-texte-standard\">\n<p class=\"text-short text-current-from-xs line-height-tight line-height-normal-from-xs\"><strong>J. S. BACH<br \/>\n<\/strong>Cantates<br \/>\n<em>Wer wei\u00df, wie nahe mir mein Ende <\/em>[Qui sait combien ma fin et proche], BWV 27<br \/>\n<em>Mein Gott, wie lang, ach lange?\u00a0<\/em>[Mon Dieu, combien de temps, combien de temps encore ?],\u00a0BWV 155<br \/>\n<em>H\u00f6chsterwunschtes Freudenfest <\/em>[F\u00eate de joie tant souhait\u00e9e], BWV 194<\/p>\n<p class=\"text-short text-current-from-xs line-height-tight line-height-normal-from-xs\">Le public sera invit\u00e9 \u00e0 chanter le choral final de la derni\u00e8re cantate BWV 194.<\/p>\n<\/div>\n<\/div>\n<\/div>\n<\/div>\n","protected":false},"excerpt":{"rendered":"<p>Nous voici arriv\u00e9s dans la derni\u00e8re ann\u00e9e d\u2019un p\u00e9riple musical entrepris il y a plus de 8 ans. Ce long et touchant voyage nous aura permis d\u2019entendre plus de 200 \u0153uvres d\u2019une extraordinaire diversit\u00e9 d&rsquo;expression et de sentiments, constituant \u00e0 elles seules un prodigieux univers sonore et spirituel.<\/p>\n","protected":false},"author":1,"featured_media":67779,"comment_status":"open","ping_status":"closed","template":"","meta":{"om_disable_all_campaigns":false,"jetpack_post_was_ever_published":false},"tags":[],"tribe_events_cat":[],"acf":[],"jetpack_sharing_enabled":true,"_links":{"self":[{"href":"https:\/\/www.ludwig-van.com\/montreal\/wp-json\/wp\/v2\/tribe_events\/72395"}],"collection":[{"href":"https:\/\/www.ludwig-van.com\/montreal\/wp-json\/wp\/v2\/tribe_events"}],"about":[{"href":"https:\/\/www.ludwig-van.com\/montreal\/wp-json\/wp\/v2\/types\/tribe_events"}],"author":[{"embeddable":true,"href":"https:\/\/www.ludwig-van.com\/montreal\/wp-json\/wp\/v2\/users\/1"}],"replies":[{"embeddable":true,"href":"https:\/\/www.ludwig-van.com\/montreal\/wp-json\/wp\/v2\/comments?post=72395"}],"version-history":[{"count":1,"href":"https:\/\/www.ludwig-van.com\/montreal\/wp-json\/wp\/v2\/tribe_events\/72395\/revisions"}],"predecessor-version":[{"id":72396,"href":"https:\/\/www.ludwig-van.com\/montreal\/wp-json\/wp\/v2\/tribe_events\/72395\/revisions\/72396"}],"wp:featuredmedia":[{"embeddable":true,"href":"https:\/\/www.ludwig-van.com\/montreal\/wp-json\/wp\/v2\/media\/67779"}],"wp:attachment":[{"href":"https:\/\/www.ludwig-van.com\/montreal\/wp-json\/wp\/v2\/media?parent=72395"}],"wp:term":[{"taxonomy":"post_tag","embeddable":true,"href":"https:\/\/www.ludwig-van.com\/montreal\/wp-json\/wp\/v2\/tags?post=72395"},{"taxonomy":"tribe_events_cat","embeddable":true,"href":"https:\/\/www.ludwig-van.com\/montreal\/wp-json\/wp\/v2\/tribe_events_cat?post=72395"}],"curies":[{"name":"wp","href":"https:\/\/api.w.org\/{rel}","templated":true}]}}

<p class="text-short text-current-from-xs line-height-tight line-height-normal-from-xs">Nous voici arrivés dans la dernière année d’un périple musical entrepris il y a plus de 8 ans. Ce long et touchant voyage nous aura permis d’entendre plus de 200 œuvres d’une extraordinaire diversité d&rsquo;expression et de sentiments, constituant à elles seules un prodigieux univers sonore et spirituel.</p>
<p>&nbsp;</p>
<p class="margin-top-thinner margin-top-broad-from-xs text-short text-current-from-xs line-height-tight line-height-normal-from-xs">Ce concert est disponible en abonnement, ce qui permet d’obtenir jusqu’à 40% de réduction sur tous les concerts de la série de l’intégrale des cantates de J. S. Bach.<br />
<a class="inline relative border-bottom-solid border-slimmest transition-button-link border-color-main-stroke" href="https://www.mbam.qc.ca/fr/serie/integrale-des-cantates-de-j-s-bach-an-8/" target="_blank" rel="noopener"><span class="relative z-index-1 color-main-text-lighter transition-label">Découvrir l’abonnement</span></a></p>
<p>&nbsp;</p>
<div class="margin-bottom-broad">
<p class="text-short text-current-from-xs line-height-tight line-height-normal-from-xs"><strong>Eric Milnes</strong>, chef<br />
<strong>Denise Torre Ormeño</strong>, soprano<br />
<strong>Nicholas Burns</strong>, contreténor<br />
<strong>Philippe Gagné</strong>, ténor<br />
<strong>Sumner Thompson</strong>, baryton</p>
</div>
<h4 class="text-short text-current-from-xs line-height-tighter font-weight-bold border-bottom-solid border-slimmest border-color-main-stroke margin-bottom-thinner padding-bottom-thinnest">PROGRAMME</h4>
<div class="margin-bottom-broad">
<div class="Bloc-de-texte-standard">
<div class="Bloc-de-texte-standard">
<div class="Bloc-de-texte-standard">
<p class="text-short text-current-from-xs line-height-tight line-height-normal-from-xs"><strong>J. S. BACH<br />
</strong>Cantates<br />
<em>Wer weiß, wie nahe mir mein Ende </em>[Qui sait combien ma fin et proche], BWV 27<br />
<em>Mein Gott, wie lang, ach lange? </em>[Mon Dieu, combien de temps, combien de temps encore ?], BWV 155<br />
<em>Höchsterwunschtes Freudenfest </em>[Fête de joie tant souhaitée], BWV 194</p>
<p class="text-short text-current-from-xs line-height-tight line-height-normal-from-xs">Le public sera invité à chanter le choral final de la dernière cantate BWV 194.</p>
</div>
</div>
</div>
</div>

<p>Nous voici arrivés dans la dernière année d’un périple musical entrepris il y a plus de 8 ans. Ce long et touchant voyage nous aura permis d’entendre plus de 200 œuvres d’une extraordinaire diversité d&rsquo;expression et de sentiments, constituant à elles seules un prodigieux univers sonore et spirituel.</p>
