{"id":72393,"date":"2022-08-27T08:41:50","date_gmt":"2022-08-27T12:41:50","guid":{"rendered":"https:\/\/www.ludwig-van.com\/montreal\/?post_type=tribe_events&#038;p=72393"},"modified":"2022-08-27T08:41:50","modified_gmt":"2022-08-27T12:41:50","slug":"piazzolla-signe-leonardo-garcia-alarcon","status":"publish","type":"tribe_events","link":"https:\/\/www.ludwig-van.com\/montreal\/event\/piazzolla-signe-leonardo-garcia-alarcon\/","title":{"rendered":"Piazzolla sign\u00e9 Leonardo Garc\u00eda Alarc\u00f3n"},"content":{"rendered":"<p class=\"text-short text-current-from-xs line-height-tight line-height-normal-from-xs\">Les Violons du Roy accueillent \u00e0 nouveau Leonardo Garc\u00eda Alarc\u00f3n, avec qui ils ont remport\u00e9 le prix Opus du concert de l\u2019ann\u00e9e 2018 \u00e0 Qu\u00e9bec. En compagnie des solistes Mariana Flor\u00e8s, William Sabatier et Louise Bessette, le chef argentin nous propose sa conception originale de la musique de Piazzolla dans un concert qui promet d\u2019\u00eatre des plus enlevants.<\/p>\n<p>&nbsp;<\/p>\n<p class=\"margin-top-thinner margin-top-broad-from-xs text-short text-current-from-xs line-height-tight line-height-normal-from-xs\">Ce concert est disponible en abonnement, ce qui permet d\u2019obtenir jusqu\u2019\u00e0 30% de r\u00e9duction sur tous les concerts de notre s\u00e9rie Les Violons du Roy.<br \/>\n<strong><a class=\"inline relative border-bottom-solid border-slimmest transition-button-link border-color-main-stroke\" href=\"https:\/\/www.mbam.qc.ca\/fr\/serie\/violons-du-roy-2022-2023\/\" target=\"_blank\" rel=\"noopener\"><span class=\"relative z-index-1 color-main-text-lighter transition-label\">D\u00e9couvrir l\u2019abonnement<\/span><\/a><\/strong><\/p>\n<p>&nbsp;<\/p>\n<h4 class=\"text-short text-current-from-xs line-height-tighter font-weight-bold border-bottom-solid border-slimmest border-color-main-stroke margin-bottom-thinner padding-bottom-thinnest\">INTERPR\u00c8TES<\/h4>\n<div class=\"margin-bottom-broad\">\n<p class=\"text-short text-current-from-xs line-height-tight line-height-normal-from-xs\"><strong>Les Violons du Roy<br \/>\n<\/strong><strong>Leonardo Garc\u00eda Alarc\u00f3n<\/strong>, chef<br \/>\n<strong>Mariana Flor\u00e8s<\/strong>, soprano<br \/>\n<strong>William Sabatier<\/strong>, bandon\u00e9on<br \/>\n<strong>Louise Bessette<\/strong>, piano<\/p>\n<\/div>\n<h4><\/h4>\n<h4 class=\"text-short text-current-from-xs line-height-tighter font-weight-bold border-bottom-solid border-slimmest border-color-main-stroke margin-bottom-thinner padding-bottom-thinnest\">PROGRAMME<br \/>\n<strong>PIAZZOLLA\u00a0<\/strong><\/h4>\n<div class=\"margin-bottom-broad\">\n<p class=\"text-short text-current-from-xs line-height-tight line-height-normal-from-xs\"><em>Balada para mi muerte*<br \/>\nBalada para un loco<\/em>*<br \/>\n<em>Siempre se vuelve a Buenos Aires<\/em>*<br \/>\n<em>Yo soy Maria<\/em>*<br \/>\nConcerto pour bandon\u00e9on\u00a0<em>Aconcagua<br \/>\n<\/em>Double concerto pour bandon\u00e9on et piano\u00a0<em>Hommage \u00e0 Li\u00e8ge<br \/>\n<\/em><em>Tangazo,\u00a0<\/em>tir\u00e9 de<em>\u00a0Variations sur Buenos Aires**<br \/>\n<\/em><em>*<\/em>arr. Q. Gato<em><br \/>\n<\/em><em>**<\/em>arr. W. Sabatier<\/p>\n<\/div>\n<p>&nbsp;<\/p>\n<p class=\"text-short text-current-from-xs line-height-tight line-height-normal-from-xs\">Grand public :\u00a064 $<br \/>\nMembres du Mus\u00e9e :\u00a054 $<br \/>\n34 et moins :\u00a033 $<\/p>\n","protected":false},"excerpt":{"rendered":"<p>Les Violons du Roy accueillent \u00e0 nouveau Leonardo Garc\u00eda Alarc\u00f3n, avec qui ils ont remport\u00e9 le prix Opus du concert de l\u2019ann\u00e9e 2018 \u00e0 Qu\u00e9bec. En compagnie des solistes Mariana Flor\u00e8s, William Sabatier et Louise Bessette, le chef argentin nous propose sa conception originale de la musique de Piazzolla dans un concert qui promet d\u2019\u00eatre des plus enlevants.<\/p>\n","protected":false},"author":1,"featured_media":50248,"comment_status":"open","ping_status":"closed","template":"","meta":{"om_disable_all_campaigns":false,"jetpack_post_was_ever_published":false},"tags":[],"tribe_events_cat":[],"acf":[],"jetpack_sharing_enabled":true,"_links":{"self":[{"href":"https:\/\/www.ludwig-van.com\/montreal\/wp-json\/wp\/v2\/tribe_events\/72393"}],"collection":[{"href":"https:\/\/www.ludwig-van.com\/montreal\/wp-json\/wp\/v2\/tribe_events"}],"about":[{"href":"https:\/\/www.ludwig-van.com\/montreal\/wp-json\/wp\/v2\/types\/tribe_events"}],"author":[{"embeddable":true,"href":"https:\/\/www.ludwig-van.com\/montreal\/wp-json\/wp\/v2\/users\/1"}],"replies":[{"embeddable":true,"href":"https:\/\/www.ludwig-van.com\/montreal\/wp-json\/wp\/v2\/comments?post=72393"}],"version-history":[{"count":1,"href":"https:\/\/www.ludwig-van.com\/montreal\/wp-json\/wp\/v2\/tribe_events\/72393\/revisions"}],"predecessor-version":[{"id":72394,"href":"https:\/\/www.ludwig-van.com\/montreal\/wp-json\/wp\/v2\/tribe_events\/72393\/revisions\/72394"}],"wp:featuredmedia":[{"embeddable":true,"href":"https:\/\/www.ludwig-van.com\/montreal\/wp-json\/wp\/v2\/media\/50248"}],"wp:attachment":[{"href":"https:\/\/www.ludwig-van.com\/montreal\/wp-json\/wp\/v2\/media?parent=72393"}],"wp:term":[{"taxonomy":"post_tag","embeddable":true,"href":"https:\/\/www.ludwig-van.com\/montreal\/wp-json\/wp\/v2\/tags?post=72393"},{"taxonomy":"tribe_events_cat","embeddable":true,"href":"https:\/\/www.ludwig-van.com\/montreal\/wp-json\/wp\/v2\/tribe_events_cat?post=72393"}],"curies":[{"name":"wp","href":"https:\/\/api.w.org\/{rel}","templated":true}]}}

Piazzolla signé Leonardo García Alarcón

<p class="text-short text-current-from-xs line-height-tight line-height-normal-from-xs">Les Violons du Roy accueillent à nouveau Leonardo García Alarcón, avec qui ils ont remporté le prix Opus du concert de l’année 2018 à Québec. En compagnie des solistes Mariana Florès, William Sabatier et Louise Bessette, le chef argentin nous propose sa conception originale de la musique de Piazzolla dans un concert qui promet d’être des plus enlevants.</p>
<p>&nbsp;</p>
<p class="margin-top-thinner margin-top-broad-from-xs text-short text-current-from-xs line-height-tight line-height-normal-from-xs">Ce concert est disponible en abonnement, ce qui permet d’obtenir jusqu’à 30% de réduction sur tous les concerts de notre série Les Violons du Roy.<br />
<strong><a class="inline relative border-bottom-solid border-slimmest transition-button-link border-color-main-stroke" href="https://www.mbam.qc.ca/fr/serie/violons-du-roy-2022-2023/" target="_blank" rel="noopener"><span class="relative z-index-1 color-main-text-lighter transition-label">Découvrir l’abonnement</span></a></strong></p>
<p>&nbsp;</p>
<h4 class="text-short text-current-from-xs line-height-tighter font-weight-bold border-bottom-solid border-slimmest border-color-main-stroke margin-bottom-thinner padding-bottom-thinnest">INTERPRÈTES</h4>
<div class="margin-bottom-broad">
<p class="text-short text-current-from-xs line-height-tight line-height-normal-from-xs"><strong>Les Violons du Roy<br />
</strong><strong>Leonardo García Alarcón</strong>, chef<br />
<strong>Mariana Florès</strong>, soprano<br />
<strong>William Sabatier</strong>, bandonéon<br />
<strong>Louise Bessette</strong>, piano</p>
</div>
<h4></h4>
<h4 class="text-short text-current-from-xs line-height-tighter font-weight-bold border-bottom-solid border-slimmest border-color-main-stroke margin-bottom-thinner padding-bottom-thinnest">PROGRAMME<br />
<strong>PIAZZOLLA </strong></h4>
<div class="margin-bottom-broad">
<p class="text-short text-current-from-xs line-height-tight line-height-normal-from-xs"><em>Balada para mi muerte*<br />
Balada para un loco</em>*<br />
<em>Siempre se vuelve a Buenos Aires</em>*<br />
<em>Yo soy Maria</em>*<br />
Concerto pour bandonéon <em>Aconcagua<br />
</em>Double concerto pour bandonéon et piano <em>Hommage à Liège<br />
</em><em>Tangazo, </em>tiré de<em> Variations sur Buenos Aires**<br />
</em><em>*</em>arr. Q. Gato<em><br />
</em><em>**</em>arr. W. Sabatier</p>
</div>
<p>&nbsp;</p>
<p class="text-short text-current-from-xs line-height-tight line-height-normal-from-xs">Grand public : 64 $<br />
Membres du Musée : 54 $<br />
34 et moins : 33 $</p>

<p>Les Violons du Roy accueillent à nouveau Leonardo García Alarcón, avec qui ils ont remporté le prix Opus du concert de l’année 2018 à Québec. En compagnie des solistes Mariana Florès, William Sabatier et Louise Bessette, le chef argentin nous propose sa conception originale de la musique de Piazzolla dans un concert qui promet d’être des plus enlevants.</p>
