{"id":72387,"date":"2022-08-27T08:35:25","date_gmt":"2022-08-27T12:35:25","guid":{"rendered":"https:\/\/www.ludwig-van.com\/montreal\/?post_type=tribe_events&#038;p=72387"},"modified":"2022-08-27T08:35:25","modified_gmt":"2022-08-27T12:35:25","slug":"gesualdo-six-motets-anglais","status":"publish","type":"tribe_events","link":"https:\/\/www.ludwig-van.com\/montreal\/event\/gesualdo-six-motets-anglais\/","title":{"rendered":"The Gesualdo Six &#8211; Motets anglais"},"content":{"rendered":"<p>Un parcours de l\u2019\u00c2ge d&rsquo;or de la polyphonie anglaise durant la Renaissance. Deux si\u00e8cles de transformations politiques et religieuses qui virent d\u00e9filer les \u0153uvres d\u2019esprit encore m\u00e9di\u00e9val de Power et de Sheppard, les contrepoints savants de Tallis et de Byrd ainsi que les riches textures de Tomkins et de White.<\/p>\n<p>&nbsp;<\/p>\n<p>INTERPR\u00c8TES<\/p>\n<ul>\n<li style=\"list-style-type: none;\">\n<ul>\n<li>Owain Park, direction<\/li>\n<li>Guy James, contret\u00e9nor<\/li>\n<li>Joseph Wicks, t\u00e9nor<\/li>\n<li>Josh Cooter, t\u00e9nor<\/li>\n<li>Michael Craddock, baryton<\/li>\n<li>Sam Mitchell, basse<\/li>\n<\/ul>\n<\/li>\n<\/ul>\n<p>PROGRAMME<\/p>\n<ul>\n<li>FOREST Qualis est dilectus meus<\/li>\n<li>SHERYNGHAM Ah, gentle Jesu<\/li>\n<li>SHEPPARD In manus tuas<\/li>\n<li>POWER Beata progenies<\/li>\n<li>WEELKES All people, clap your hands<\/li>\n<li>WHITE Christe qui lux es et dies<\/li>\n<li>TOMKINS When David heard<\/li>\n<li>TALLIS<br \/>\nTe lucis ante terminum<br \/>\nIf ye love me<br \/>\nIn manus tuas<\/li>\n<li>BYRD<br \/>\nAve verum corpus<br \/>\nAfflicti pro peccatis nostris<br \/>\nVigilate<br \/>\nLaudate pueri Dominum<\/li>\n<\/ul>\n<p>&nbsp;<\/p>\n<p class=\"text-short text-current-from-xs line-height-tight line-height-normal-from-xs\">Grand public : 54 $<br \/>\nMembres du Mus\u00e9e : 46 $<br \/>\n34 et moins : 28 $<\/p>\n","protected":false},"excerpt":{"rendered":"<p>Un parcours de l\u2019\u00c2ge d&rsquo;or de la polyphonie anglaise durant la Renaissance. Deux si\u00e8cles de transformations politiques et religieuses qui virent d\u00e9filer les \u0153uvres d\u2019esprit encore m\u00e9di\u00e9val de Power et de Sheppard, les contrepoints savants de Tallis et de Byrd ainsi que les riches textures de Tomkins et de White.<\/p>\n","protected":false},"author":1,"featured_media":54583,"comment_status":"open","ping_status":"closed","template":"","meta":{"om_disable_all_campaigns":false,"jetpack_post_was_ever_published":false},"tags":[],"tribe_events_cat":[],"acf":[],"jetpack_sharing_enabled":true,"_links":{"self":[{"href":"https:\/\/www.ludwig-van.com\/montreal\/wp-json\/wp\/v2\/tribe_events\/72387"}],"collection":[{"href":"https:\/\/www.ludwig-van.com\/montreal\/wp-json\/wp\/v2\/tribe_events"}],"about":[{"href":"https:\/\/www.ludwig-van.com\/montreal\/wp-json\/wp\/v2\/types\/tribe_events"}],"author":[{"embeddable":true,"href":"https:\/\/www.ludwig-van.com\/montreal\/wp-json\/wp\/v2\/users\/1"}],"replies":[{"embeddable":true,"href":"https:\/\/www.ludwig-van.com\/montreal\/wp-json\/wp\/v2\/comments?post=72387"}],"version-history":[{"count":1,"href":"https:\/\/www.ludwig-van.com\/montreal\/wp-json\/wp\/v2\/tribe_events\/72387\/revisions"}],"predecessor-version":[{"id":72388,"href":"https:\/\/www.ludwig-van.com\/montreal\/wp-json\/wp\/v2\/tribe_events\/72387\/revisions\/72388"}],"wp:featuredmedia":[{"embeddable":true,"href":"https:\/\/www.ludwig-van.com\/montreal\/wp-json\/wp\/v2\/media\/54583"}],"wp:attachment":[{"href":"https:\/\/www.ludwig-van.com\/montreal\/wp-json\/wp\/v2\/media?parent=72387"}],"wp:term":[{"taxonomy":"post_tag","embeddable":true,"href":"https:\/\/www.ludwig-van.com\/montreal\/wp-json\/wp\/v2\/tags?post=72387"},{"taxonomy":"tribe_events_cat","embeddable":true,"href":"https:\/\/www.ludwig-van.com\/montreal\/wp-json\/wp\/v2\/tribe_events_cat?post=72387"}],"curies":[{"name":"wp","href":"https:\/\/api.w.org\/{rel}","templated":true}]}}

<p>Un parcours de l’Âge d&rsquo;or de la polyphonie anglaise durant la Renaissance. Deux siècles de transformations politiques et religieuses qui virent défiler les œuvres d’esprit encore médiéval de Power et de Sheppard, les contrepoints savants de Tallis et de Byrd ainsi que les riches textures de Tomkins et de White.</p>
<p>&nbsp;</p>
<p>INTERPRÈTES</p>
<ul>
<li style="list-style-type: none;">
<ul>
<li>Owain Park, direction</li>
<li>Guy James, contreténor</li>
<li>Joseph Wicks, ténor</li>
<li>Josh Cooter, ténor</li>
<li>Michael Craddock, baryton</li>
<li>Sam Mitchell, basse</li>
</ul>
</li>
</ul>
<p>PROGRAMME</p>
<ul>
<li>FOREST Qualis est dilectus meus</li>
<li>SHERYNGHAM Ah, gentle Jesu</li>
<li>SHEPPARD In manus tuas</li>
<li>POWER Beata progenies</li>
<li>WEELKES All people, clap your hands</li>
<li>WHITE Christe qui lux es et dies</li>
<li>TOMKINS When David heard</li>
<li>TALLIS<br />
Te lucis ante terminum<br />
If ye love me<br />
In manus tuas</li>
<li>BYRD<br />
Ave verum corpus<br />
Afflicti pro peccatis nostris<br />
Vigilate<br />
Laudate pueri Dominum</li>
</ul>
<p>&nbsp;</p>
<p class="text-short text-current-from-xs line-height-tight line-height-normal-from-xs">Grand public : 54 $<br />
Membres du Musée : 46 $<br />
34 et moins : 28 $</p>

<p>Un parcours de l’Âge d&rsquo;or de la polyphonie anglaise durant la Renaissance. Deux siècles de transformations politiques et religieuses qui virent défiler les œuvres d’esprit encore médiéval de Power et de Sheppard, les contrepoints savants de Tallis et de Byrd ainsi que les riches textures de Tomkins et de White.</p>
