{"id":72221,"date":"2022-08-25T19:37:58","date_gmt":"2022-08-25T23:37:58","guid":{"rendered":"https:\/\/www.ludwig-van.com\/montreal\/?post_type=tribe_events&#038;p=72221"},"modified":"2022-08-25T19:37:58","modified_gmt":"2022-08-25T23:37:58","slug":"cantates-de-bach","status":"publish","type":"tribe_events","link":"https:\/\/www.ludwig-van.com\/montreal\/event\/cantates-de-bach\/2023-03-03\/","title":{"rendered":"Cantates de Bach"},"content":{"rendered":"<p>Nous voici arriv\u00e9s au terme d\u2019un p\u00e9riple musical entrepris il y a plus de 8 ans. Pour boucler la boucle de cette int\u00e9grale, qui constitue une grande premi\u00e8re au Canada, le public sera invit\u00e9 \u00e0 chanter en ch\u0153ur, le choral final de la\u00a0<em>Cantate BWV 147<\/em>, celui-l\u00e0 m\u00eame qui avait \u00e9t\u00e9 chant\u00e9 \u00e0 son ouverture en septembre 2014.<\/p>\n<p>PROGRAMME<br \/>\nJ.S. BACH<br \/>\nIch liebe den H\u00f6chsten von ganzem Gem\u00fcte (J\u2019aime le Tr\u00e8s-Haut de tout mon c\u0153ur), BWV 174<\/p>\n<p>J.S. BACH<br \/>\nWo Gott der Herr nicht bei uns h\u00e4lt (Si Dieu, le Seigneur, ne se tient pas \u00e0 nos c\u00f4t\u00e9s), BWV 178<\/p>\n<p>J.S. BACH<br \/>\nHerz und Mund und Tat und Leben (Le c\u0153ur, et la bouche, et les actes, et la vie), BWV 147<\/p>\n<p>&nbsp;<\/p>\n<p>&nbsp;<\/p>\n<p>Grand public : 100 $<\/p>\n<p>Membres du Mus\u00e9e : 85 $<\/p>\n<p>34 et moins : 52 $<\/p>\n","protected":false},"excerpt":{"rendered":"<p>Nous voici arriv\u00e9s au terme d\u2019un p\u00e9riple musical entrepris il y a plus de 8 ans. Pour boucler la boucle de cette int\u00e9grale, qui constitue une grande premi\u00e8re au Canada, le public sera invit\u00e9 \u00e0 chanter en ch\u0153ur, le choral final de la\u00a0Cantate BWV 147, celui-l\u00e0 m\u00eame qui avait \u00e9t\u00e9 chant\u00e9 \u00e0 son ouverture en septembre 2014.<\/p>\n","protected":false},"author":1,"featured_media":66416,"comment_status":"open","ping_status":"closed","template":"","meta":{"om_disable_all_campaigns":false,"jetpack_post_was_ever_published":false},"tags":[],"tribe_events_cat":[],"acf":[],"jetpack_sharing_enabled":true,"_links":{"self":[{"href":"https:\/\/www.ludwig-van.com\/montreal\/wp-json\/wp\/v2\/tribe_events\/72221"}],"collection":[{"href":"https:\/\/www.ludwig-van.com\/montreal\/wp-json\/wp\/v2\/tribe_events"}],"about":[{"href":"https:\/\/www.ludwig-van.com\/montreal\/wp-json\/wp\/v2\/types\/tribe_events"}],"author":[{"embeddable":true,"href":"https:\/\/www.ludwig-van.com\/montreal\/wp-json\/wp\/v2\/users\/1"}],"replies":[{"embeddable":true,"href":"https:\/\/www.ludwig-van.com\/montreal\/wp-json\/wp\/v2\/comments?post=72221"}],"version-history":[{"count":1,"href":"https:\/\/www.ludwig-van.com\/montreal\/wp-json\/wp\/v2\/tribe_events\/72221\/revisions"}],"predecessor-version":[{"id":72222,"href":"https:\/\/www.ludwig-van.com\/montreal\/wp-json\/wp\/v2\/tribe_events\/72221\/revisions\/72222"}],"wp:featuredmedia":[{"embeddable":true,"href":"https:\/\/www.ludwig-van.com\/montreal\/wp-json\/wp\/v2\/media\/66416"}],"wp:attachment":[{"href":"https:\/\/www.ludwig-van.com\/montreal\/wp-json\/wp\/v2\/media?parent=72221"}],"wp:term":[{"taxonomy":"post_tag","embeddable":true,"href":"https:\/\/www.ludwig-van.com\/montreal\/wp-json\/wp\/v2\/tags?post=72221"},{"taxonomy":"tribe_events_cat","embeddable":true,"href":"https:\/\/www.ludwig-van.com\/montreal\/wp-json\/wp\/v2\/tribe_events_cat?post=72221"}],"curies":[{"name":"wp","href":"https:\/\/api.w.org\/{rel}","templated":true}]}}

<p>Nous voici arrivés au terme d’un périple musical entrepris il y a plus de 8 ans. Pour boucler la boucle de cette intégrale, qui constitue une grande première au Canada, le public sera invité à chanter en chœur, le choral final de la <em>Cantate BWV 147</em>, celui-là même qui avait été chanté à son ouverture en septembre 2014.</p>
<p>PROGRAMME<br />
J.S. BACH<br />
Ich liebe den Höchsten von ganzem Gemüte (J’aime le Très-Haut de tout mon cœur), BWV 174</p>
<p>J.S. BACH<br />
Wo Gott der Herr nicht bei uns hält (Si Dieu, le Seigneur, ne se tient pas à nos côtés), BWV 178</p>
<p>J.S. BACH<br />
Herz und Mund und Tat und Leben (Le cœur, et la bouche, et les actes, et la vie), BWV 147</p>
<p>&nbsp;</p>
<p>&nbsp;</p>
<p>Grand public : 100 $</p>
<p>Membres du Musée : 85 $</p>
<p>34 et moins : 52 $</p>

<p>Nous voici arrivés au terme d’un périple musical entrepris il y a plus de 8 ans. Pour boucler la boucle de cette intégrale, qui constitue une grande première au Canada, le public sera invité à chanter en chœur, le choral final de la Cantate BWV 147, celui-là même qui avait été chanté à son ouverture en septembre 2014.</p>
