{"id":72133,"date":"2022-08-25T10:31:03","date_gmt":"2022-08-25T14:31:03","guid":{"rendered":"https:\/\/www.ludwig-van.com\/montreal\/?post_type=tribe_events&#038;p=72133"},"modified":"2022-08-25T10:31:03","modified_gmt":"2022-08-25T14:31:03","slug":"alban-gerhardt-violoncelle","status":"publish","type":"tribe_events","link":"https:\/\/www.ludwig-van.com\/montreal\/event\/alban-gerhardt-violoncelle\/","title":{"rendered":"Alban Gerhardt, Violoncelle"},"content":{"rendered":"<p>Issu d\u2019une famille de musiciens professionnels, le violoncelliste allemand\u00a0<strong>Alban Gerhardt<\/strong>\u00a0fait ses d\u00e9buts professionnels en 1987, \u00e0 l\u2019\u00e2ge de 17\u00a0ans, en interpr\u00e9tant le\u00a0<em>Concerto pour violoncelle no\u00a02 en r\u00e9 majeur<\/em> de Haydn avec l\u2019orchestre de chambre de la Philharmonie de Berlin. Sa carri\u00e8re internationale prend son envol quatre ans plus tard, et ne cesse de prendre de l\u2019ampleur depuis.<\/p>\n<p>&nbsp;<\/p>\n<p>Programme<br \/>\nLe programme d\u00e9taill\u00e9 sera disponible deux semaines avant le concert.<\/p>\n<p>Prix<br \/>\nBillet \u00e0 l\u2019unit\u00e9 : 50 $<br \/>\n\u00c9tudiants (26 ans et moins)<br \/>\nBillet \u00e0 l\u2019unit\u00e9 : 20 $<\/p>\n","protected":false},"excerpt":{"rendered":"<p>Issu d\u2019une famille de musiciens professionnels, le violoncelliste allemand Alban Gerhardt fait ses d\u00e9buts professionnels en 1987, \u00e0 l\u2019\u00e2ge de 17 ans, en interpr\u00e9tant le Concerto pour violoncelle no 2 en r\u00e9 majeur de Haydn avec l\u2019orchestre de chambre de la Philharmonie de Berlin. Sa carri\u00e8re internationale prend son envol quatre ans plus tard, et ne cesse de prendre de l\u2019ampleur depuis.<\/p>\n","protected":false},"author":1,"featured_media":71585,"comment_status":"open","ping_status":"closed","template":"","meta":{"om_disable_all_campaigns":false,"jetpack_post_was_ever_published":false},"tags":[],"tribe_events_cat":[],"acf":[],"jetpack_sharing_enabled":true,"_links":{"self":[{"href":"https:\/\/www.ludwig-van.com\/montreal\/wp-json\/wp\/v2\/tribe_events\/72133"}],"collection":[{"href":"https:\/\/www.ludwig-van.com\/montreal\/wp-json\/wp\/v2\/tribe_events"}],"about":[{"href":"https:\/\/www.ludwig-van.com\/montreal\/wp-json\/wp\/v2\/types\/tribe_events"}],"author":[{"embeddable":true,"href":"https:\/\/www.ludwig-van.com\/montreal\/wp-json\/wp\/v2\/users\/1"}],"replies":[{"embeddable":true,"href":"https:\/\/www.ludwig-van.com\/montreal\/wp-json\/wp\/v2\/comments?post=72133"}],"version-history":[{"count":1,"href":"https:\/\/www.ludwig-van.com\/montreal\/wp-json\/wp\/v2\/tribe_events\/72133\/revisions"}],"predecessor-version":[{"id":72134,"href":"https:\/\/www.ludwig-van.com\/montreal\/wp-json\/wp\/v2\/tribe_events\/72133\/revisions\/72134"}],"wp:featuredmedia":[{"embeddable":true,"href":"https:\/\/www.ludwig-van.com\/montreal\/wp-json\/wp\/v2\/media\/71585"}],"wp:attachment":[{"href":"https:\/\/www.ludwig-van.com\/montreal\/wp-json\/wp\/v2\/media?parent=72133"}],"wp:term":[{"taxonomy":"post_tag","embeddable":true,"href":"https:\/\/www.ludwig-van.com\/montreal\/wp-json\/wp\/v2\/tags?post=72133"},{"taxonomy":"tribe_events_cat","embeddable":true,"href":"https:\/\/www.ludwig-van.com\/montreal\/wp-json\/wp\/v2\/tribe_events_cat?post=72133"}],"curies":[{"name":"wp","href":"https:\/\/api.w.org\/{rel}","templated":true}]}}

<p>Issu d’une famille de musiciens professionnels, le violoncelliste allemand <strong>Alban Gerhardt</strong> fait ses débuts professionnels en 1987, à l’âge de 17 ans, en interprétant le <em>Concerto pour violoncelle no 2 en ré majeur</em> de Haydn avec l’orchestre de chambre de la Philharmonie de Berlin. Sa carrière internationale prend son envol quatre ans plus tard, et ne cesse de prendre de l’ampleur depuis.</p>
<p>&nbsp;</p>
<p>Programme<br />
Le programme détaillé sera disponible deux semaines avant le concert.</p>
<p>Prix<br />
Billet à l’unité : 50 $<br />
Étudiants (26 ans et moins)<br />
Billet à l’unité : 20 $</p>

<p>Issu d’une famille de musiciens professionnels, le violoncelliste allemand Alban Gerhardt fait ses débuts professionnels en 1987, à l’âge de 17 ans, en interprétant le Concerto pour violoncelle no 2 en ré majeur de Haydn avec l’orchestre de chambre de la Philharmonie de Berlin. Sa carrière internationale prend son envol quatre ans plus tard, et ne cesse de prendre de l’ampleur depuis.</p>
