{"id":72123,"date":"2022-08-25T10:20:18","date_gmt":"2022-08-25T14:20:18","guid":{"rendered":"https:\/\/www.ludwig-van.com\/montreal\/?post_type=tribe_events&#038;p=72123"},"modified":"2022-08-25T10:20:18","modified_gmt":"2022-08-25T14:20:18","slug":"los-angeles-piano-trio","status":"publish","type":"tribe_events","link":"https:\/\/www.ludwig-van.com\/montreal\/event\/los-angeles-piano-trio\/","title":{"rendered":"Los Angeles Piano Trio"},"content":{"rendered":"<p>Le\u00a0<strong>Los Angeles Piano Trio<\/strong>\u00a0a \u00e9t\u00e9 fond\u00e9 en\u00a02020 par le pianiste Fabio Bidini, la violoniste Margaret Batjer et le violoncelliste Andrew Shulman. Riches de leur exp\u00e9rience comme solistes, chambristes et p\u00e9dagogues d\u2019envergure internationale, ils ont choisi la formule du trio pour piano pour explorer la libert\u00e9 artistique et l\u2019expression individuelle que permet la musique de chambre, tout en priorisant une approche collaborative dans leurs performances.<\/p>\n<p>&nbsp;<\/p>\n<p>Billet \u00e0 l\u2019unit\u00e9 : 50 $<\/p>\n<p>\u00c9tudiants (26 ans et moins)<br \/>\nBillet \u00e0 l\u2019unit\u00e9 : 20 $<\/p>\n","protected":false},"excerpt":{"rendered":"<p>Le Los Angeles Piano Trio a \u00e9t\u00e9 fond\u00e9 en 2020 par le pianiste Fabio Bidini, la violoniste Margaret Batjer et le violoncelliste Andrew Shulman. Riches de leur exp\u00e9rience comme solistes, chambristes et p\u00e9dagogues d\u2019envergure internationale, ils ont choisi la formule du trio pour piano pour explorer la libert\u00e9 artistique et l\u2019expression individuelle que permet la musique de chambre, tout en priorisant une approche collaborative dans leurs performances. <\/p>\n","protected":false},"author":1,"featured_media":71268,"comment_status":"open","ping_status":"closed","template":"","meta":{"om_disable_all_campaigns":false,"jetpack_post_was_ever_published":false},"tags":[],"tribe_events_cat":[],"acf":[],"jetpack_sharing_enabled":true,"_links":{"self":[{"href":"https:\/\/www.ludwig-van.com\/montreal\/wp-json\/wp\/v2\/tribe_events\/72123"}],"collection":[{"href":"https:\/\/www.ludwig-van.com\/montreal\/wp-json\/wp\/v2\/tribe_events"}],"about":[{"href":"https:\/\/www.ludwig-van.com\/montreal\/wp-json\/wp\/v2\/types\/tribe_events"}],"author":[{"embeddable":true,"href":"https:\/\/www.ludwig-van.com\/montreal\/wp-json\/wp\/v2\/users\/1"}],"replies":[{"embeddable":true,"href":"https:\/\/www.ludwig-van.com\/montreal\/wp-json\/wp\/v2\/comments?post=72123"}],"version-history":[{"count":1,"href":"https:\/\/www.ludwig-van.com\/montreal\/wp-json\/wp\/v2\/tribe_events\/72123\/revisions"}],"predecessor-version":[{"id":72124,"href":"https:\/\/www.ludwig-van.com\/montreal\/wp-json\/wp\/v2\/tribe_events\/72123\/revisions\/72124"}],"wp:featuredmedia":[{"embeddable":true,"href":"https:\/\/www.ludwig-van.com\/montreal\/wp-json\/wp\/v2\/media\/71268"}],"wp:attachment":[{"href":"https:\/\/www.ludwig-van.com\/montreal\/wp-json\/wp\/v2\/media?parent=72123"}],"wp:term":[{"taxonomy":"post_tag","embeddable":true,"href":"https:\/\/www.ludwig-van.com\/montreal\/wp-json\/wp\/v2\/tags?post=72123"},{"taxonomy":"tribe_events_cat","embeddable":true,"href":"https:\/\/www.ludwig-van.com\/montreal\/wp-json\/wp\/v2\/tribe_events_cat?post=72123"}],"curies":[{"name":"wp","href":"https:\/\/api.w.org\/{rel}","templated":true}]}}

<p>Le <strong>Los Angeles Piano Trio</strong> a été fondé en 2020 par le pianiste Fabio Bidini, la violoniste Margaret Batjer et le violoncelliste Andrew Shulman. Riches de leur expérience comme solistes, chambristes et pédagogues d’envergure internationale, ils ont choisi la formule du trio pour piano pour explorer la liberté artistique et l’expression individuelle que permet la musique de chambre, tout en priorisant une approche collaborative dans leurs performances.</p>
<p>&nbsp;</p>
<p>Billet à l’unité : 50 $</p>
<p>Étudiants (26 ans et moins)<br />
Billet à l’unité : 20 $</p>

<p>Le Los Angeles Piano Trio a été fondé en 2020 par le pianiste Fabio Bidini, la violoniste Margaret Batjer et le violoncelliste Andrew Shulman. Riches de leur expérience comme solistes, chambristes et pédagogues d’envergure internationale, ils ont choisi la formule du trio pour piano pour explorer la liberté artistique et l’expression individuelle que permet la musique de chambre, tout en priorisant une approche collaborative dans leurs performances. </p>
