{"id":71402,"date":"2022-06-16T14:08:45","date_gmt":"2022-06-16T18:08:45","guid":{"rendered":"https:\/\/www.ludwig-van.com\/montreal\/?post_type=tribe_events&#038;p=71402"},"modified":"2022-06-16T14:08:45","modified_gmt":"2022-06-16T18:08:45","slug":"nagano-et-kantorow-de-sibelius-tchaikovski","status":"publish","type":"tribe_events","link":"https:\/\/www.ludwig-van.com\/montreal\/event\/nagano-et-kantorow-de-sibelius-tchaikovski\/2023-02-22\/","title":{"rendered":"NAGANO ET KANTOROW : DE SIBELIUS \u00c0 TCHA\u00cfKOVSKI"},"content":{"rendered":"<div class=\"vc_row wpb_row vc_row-fluid\">\n<div class=\"wpb_column vc_column_container vc_col-sm-12\">\n<div class=\"vc_column-inner\">\n<div class=\"wpb_wrapper\">\n<div class=\"vc_wp_text wpb_content_element description_concert\">\n<div class=\"widget widget_text\">\n<div class=\"textwidget\">\n<p>\u00c0 l\u2019occasion de ses d\u00e9buts avec l\u2019OSM, le jeune pianiste fran\u00e7ais Alexandre Kantorow, m\u00e9daill\u00e9 d\u2019or du Concours Tcha\u00efkovski en 2019, interpr\u00e9tera le\u00a0<em>Deuxi\u00e8me Concerto<\/em>\u00a0du compositeur russe, sous la baguette du chef \u00e9m\u00e9rite de l\u2019OSM Kent Nagano. Mais avant, ce dernier diffusera une aura de lumi\u00e8re nordique dans la Maison symphonique avec\u00a0<em>Swansong<\/em>\u00a0d\u2019Arvo P\u00e4rt et la\u00a0<em>Septi\u00e8me Symphonie<\/em>\u00a0de Sibelius, un chef-d\u2019\u0153uvre consid\u00e9r\u00e9 comme la \u00ab symphonie d\u2019adieu \u00bb du compositeur finlandais.<\/p>\n<\/div>\n<\/div>\n<\/div>\n<div class=\"vc_empty_space  desktop_only\"><\/div>\n<\/div>\n<\/div>\n<\/div>\n<\/div>\n<div class=\"vc_row wpb_row vc_row-fluid\">\n<div class=\"wpb_column vc_column_container vc_col-sm-12\">\n<div class=\"vc_column-inner\">\n<div class=\"wpb_wrapper\">\n<h2 class=\"vc_custom_heading\">ARTISTES ET OEUVRES<\/h2>\n<div class=\"vc_row wpb_row vc_inner vc_row-fluid\">\n<div class=\"artist_info wpb_column vc_column_container vc_col-sm-12\">\n<div class=\"vc_column-inner\">\n<div class=\"wpb_wrapper\">\n<div class=\"wpb_text_column wpb_content_element \">\n<div class=\"wpb_wrapper\">\n<p><strong>Orchestre symphonique de Montr\u00e9al<\/strong><\/p>\n<\/div>\n<\/div>\n<div class=\"wpb_text_column wpb_content_element \">\n<div class=\"wpb_wrapper\">\n<p><strong>Kent Nagano<\/strong>, chef d\u2019orchestre \u00e9m\u00e9rite de l\u2019OSM<br \/>\n<strong>Alexandre Kantorow<\/strong>, piano<\/p>\n<\/div>\n<\/div>\n<div class=\"vc_empty_space\"><\/div>\n<div class=\"wpb_text_column wpb_content_element \">\n<div class=\"wpb_wrapper\">\n<p><strong>P\u00e4rt<\/strong>,\u00a0<em>Swansong<\/em>\u00a0(7 min)<br \/>\n<strong>Sibelius<\/strong>, Symphonie n<sup>o<\/sup>\u00a07 en do majeur, op. 105 (21 min)<br \/>\n<strong>Tcha\u00efkovski<\/strong>, Concerto pour piano n<sup>o<\/sup>\u00a02 en sol majeur, op. 44 (39 min)<\/p>\n<\/div>\n<\/div>\n<\/div>\n<\/div>\n<\/div>\n<\/div>\n<\/div>\n<\/div>\n<\/div>\n<\/div>\n<div class=\"vc_row wpb_row vc_row-fluid\">\n<div class=\"wpb_column vc_column_container vc_col-sm-12\">\n<div class=\"vc_column-inner\">\n<div class=\"wpb_wrapper\">\n<div class=\"vc_empty_space\"><\/div>\n<div class=\"vc_empty_space\"><\/div>\n<\/div>\n<\/div>\n<\/div>\n<\/div>\n<div class=\"vc_row wpb_row vc_row-fluid price_cont\">\n<div class=\"wpb_column vc_column_container vc_col-sm-12\">\n<div class=\"vc_column-inner\">\n<div class=\"wpb_wrapper\">\n<h4 class=\"vc_custom_heading vc_custom_1626996533531\">PRIX DES BILLETS<\/h4>\n<div class=\"vc_wp_text wpb_content_element prices\">\n<div class=\"widget widget_text\">\n<div class=\"textwidget\">\n<p><strong>\u00c0 partir de 35 $*<\/strong>\u00a0(Taxes en sus)<\/p>\n<\/div>\n<\/div>\n<\/div>\n<\/div>\n<\/div>\n<\/div>\n<\/div>\n","protected":false},"excerpt":{"rendered":"<p>\u00c0 l\u2019occasion de ses d\u00e9buts avec l\u2019OSM, le jeune pianiste fran\u00e7ais Alexandre Kantorow, m\u00e9daill\u00e9 d\u2019or du Concours Tcha\u00efkovski en 2019, interpr\u00e9tera le Deuxi\u00e8me Concerto du compositeur russe, sous la baguette du chef \u00e9m\u00e9rite de l\u2019OSM Kent Nagano. Mais avant, ce dernier diffusera une aura de lumi\u00e8re nordique dans la Maison symphonique avec Swansong d\u2019Arvo P\u00e4rt et la Septi\u00e8me Symphonie de Sibelius, un chef-d\u2019\u0153uvre consid\u00e9r\u00e9 comme la \u00ab symphonie d\u2019adieu \u00bb du compositeur finlandais.<\/p>\n","protected":false},"author":1,"featured_media":63309,"comment_status":"open","ping_status":"closed","template":"","meta":{"om_disable_all_campaigns":false,"jetpack_post_was_ever_published":false},"tags":[],"tribe_events_cat":[],"acf":[],"jetpack_sharing_enabled":true,"_links":{"self":[{"href":"https:\/\/www.ludwig-van.com\/montreal\/wp-json\/wp\/v2\/tribe_events\/71402"}],"collection":[{"href":"https:\/\/www.ludwig-van.com\/montreal\/wp-json\/wp\/v2\/tribe_events"}],"about":[{"href":"https:\/\/www.ludwig-van.com\/montreal\/wp-json\/wp\/v2\/types\/tribe_events"}],"author":[{"embeddable":true,"href":"https:\/\/www.ludwig-van.com\/montreal\/wp-json\/wp\/v2\/users\/1"}],"replies":[{"embeddable":true,"href":"https:\/\/www.ludwig-van.com\/montreal\/wp-json\/wp\/v2\/comments?post=71402"}],"version-history":[{"count":1,"href":"https:\/\/www.ludwig-van.com\/montreal\/wp-json\/wp\/v2\/tribe_events\/71402\/revisions"}],"predecessor-version":[{"id":71403,"href":"https:\/\/www.ludwig-van.com\/montreal\/wp-json\/wp\/v2\/tribe_events\/71402\/revisions\/71403"}],"wp:featuredmedia":[{"embeddable":true,"href":"https:\/\/www.ludwig-van.com\/montreal\/wp-json\/wp\/v2\/media\/63309"}],"wp:attachment":[{"href":"https:\/\/www.ludwig-van.com\/montreal\/wp-json\/wp\/v2\/media?parent=71402"}],"wp:term":[{"taxonomy":"post_tag","embeddable":true,"href":"https:\/\/www.ludwig-van.com\/montreal\/wp-json\/wp\/v2\/tags?post=71402"},{"taxonomy":"tribe_events_cat","embeddable":true,"href":"https:\/\/www.ludwig-van.com\/montreal\/wp-json\/wp\/v2\/tribe_events_cat?post=71402"}],"curies":[{"name":"wp","href":"https:\/\/api.w.org\/{rel}","templated":true}]}}

NAGANO ET KANTOROW : DE SIBELIUS À TCHAÏKOVSKI

<div class="vc_row wpb_row vc_row-fluid">
<div class="wpb_column vc_column_container vc_col-sm-12">
<div class="vc_column-inner">
<div class="wpb_wrapper">
<div class="vc_wp_text wpb_content_element description_concert">
<div class="widget widget_text">
<div class="textwidget">
<p>À l’occasion de ses débuts avec l’OSM, le jeune pianiste français Alexandre Kantorow, médaillé d’or du Concours Tchaïkovski en 2019, interprétera le <em>Deuxième Concerto</em> du compositeur russe, sous la baguette du chef émérite de l’OSM Kent Nagano. Mais avant, ce dernier diffusera une aura de lumière nordique dans la Maison symphonique avec <em>Swansong</em> d’Arvo Pärt et la <em>Septième Symphonie</em> de Sibelius, un chef-d’œuvre considéré comme la « symphonie d’adieu » du compositeur finlandais.</p>
</div>
</div>
</div>
<div class="vc_empty_space  desktop_only"></div>
</div>
</div>
</div>
</div>
<div class="vc_row wpb_row vc_row-fluid">
<div class="wpb_column vc_column_container vc_col-sm-12">
<div class="vc_column-inner">
<div class="wpb_wrapper">
<h2 class="vc_custom_heading">ARTISTES ET OEUVRES</h2>
<div class="vc_row wpb_row vc_inner vc_row-fluid">
<div class="artist_info wpb_column vc_column_container vc_col-sm-12">
<div class="vc_column-inner">
<div class="wpb_wrapper">
<div class="wpb_text_column wpb_content_element ">
<div class="wpb_wrapper">
<p><strong>Orchestre symphonique de Montréal</strong></p>
</div>
</div>
<div class="wpb_text_column wpb_content_element ">
<div class="wpb_wrapper">
<p><strong>Kent Nagano</strong>, chef d’orchestre émérite de l’OSM<br />
<strong>Alexandre Kantorow</strong>, piano</p>
</div>
</div>
<div class="vc_empty_space"></div>
<div class="wpb_text_column wpb_content_element ">
<div class="wpb_wrapper">
<p><strong>Pärt</strong>, <em>Swansong</em> (7 min)<br />
<strong>Sibelius</strong>, Symphonie n<sup>o</sup> 7 en do majeur, op. 105 (21 min)<br />
<strong>Tchaïkovski</strong>, Concerto pour piano n<sup>o</sup> 2 en sol majeur, op. 44 (39 min)</p>
</div>
</div>
</div>
</div>
</div>
</div>
</div>
</div>
</div>
</div>
<div class="vc_row wpb_row vc_row-fluid">
<div class="wpb_column vc_column_container vc_col-sm-12">
<div class="vc_column-inner">
<div class="wpb_wrapper">
<div class="vc_empty_space"></div>
<div class="vc_empty_space"></div>
</div>
</div>
</div>
</div>
<div class="vc_row wpb_row vc_row-fluid price_cont">
<div class="wpb_column vc_column_container vc_col-sm-12">
<div class="vc_column-inner">
<div class="wpb_wrapper">
<h4 class="vc_custom_heading vc_custom_1626996533531">PRIX DES BILLETS</h4>
<div class="vc_wp_text wpb_content_element prices">
<div class="widget widget_text">
<div class="textwidget">
<p><strong>À partir de 35 $*</strong> (Taxes en sus)</p>
</div>
</div>
</div>
</div>
</div>
</div>
</div>

<p>À l’occasion de ses débuts avec l’OSM, le jeune pianiste français Alexandre Kantorow, médaillé d’or du Concours Tchaïkovski en 2019, interprétera le Deuxième Concerto du compositeur russe, sous la baguette du chef émérite de l’OSM Kent Nagano. Mais avant, ce dernier diffusera une aura de lumière nordique dans la Maison symphonique avec Swansong d’Arvo Pärt et la Septième Symphonie de Sibelius, un chef-d’œuvre considéré comme la « symphonie d’adieu » du compositeur finlandais.</p>
