{"id":69816,"date":"2022-02-21T17:34:23","date_gmt":"2022-02-21T22:34:23","guid":{"rendered":"https:\/\/www.ludwig-van.com\/montreal\/?post_type=tribe_events&#038;p=69816"},"modified":"2022-02-21T17:34:23","modified_gmt":"2022-02-21T22:34:23","slug":"la-2e-symphonie-de-rachmaninov","status":"publish","type":"tribe_events","link":"https:\/\/www.ludwig-van.com\/montreal\/event\/la-2e-symphonie-de-rachmaninov\/","title":{"rendered":"La 2e symphonie de Rachmaninov"},"content":{"rendered":"<div>Direction :\u00a0<strong>Jacques Lacombe, chef<br \/>\n<\/strong><\/div>\n<div><\/div>\n<div><strong>Programme :<\/strong><br \/>\n<em>Requiem pour Empedocle,<\/em>\u00a0Genevi\u00e8ve Ackerman<br \/>\n<em>Symphonie no 2 en mi mineur op. 27,\u00a0<\/em>Sergue\u00ef Rachmaninov<\/p>\n<\/div>\n<div>Ce concert est d\u2019une dur\u00e9e d\u2019une heure sans entracte<\/p>\n<p><em>L\u2019\u00e9v\u00e9nement b\u00e9n\u00e9fice pr\u00e9vu, \u00ab Rom\u00e9o et Juliette \u00bb, est remis \u00e0 une date ult\u00e9rieure.<\/p>\n<p><strong>Billets :\u00a0<\/strong><br \/>\nR\u00e9g. : 30$ (plus taxes et frais de service)<br \/>\n\u00c9tudiants &amp; a\u00een\u00e9s : 15$ (plus taxes et frais de service)<br \/>\n<\/em><\/div>\n","protected":false},"excerpt":{"rendered":"<p>Direction :\u00a0Jacques Lacombe, chef Programme : Requiem pour Empedocle,\u00a0Genevi\u00e8ve Ackerman Symphonie no 2 en mi mineur op. 27,\u00a0Sergue\u00ef Rachmaninov Ce concert est d\u2019une dur\u00e9e d\u2019une heure sans entracte L\u2019\u00e9v\u00e9nement b\u00e9n\u00e9fice pr\u00e9vu, \u00ab Rom\u00e9o et Juliette \u00bb, est remis \u00e0 une date ult\u00e9rieure. Billets :\u00a0 R\u00e9g. : 30$ (plus taxes et frais de service) \u00c9tudiants &amp; [&hellip;]<\/p>\n","protected":false},"author":1,"featured_media":58087,"comment_status":"open","ping_status":"closed","template":"","meta":{"om_disable_all_campaigns":false,"jetpack_post_was_ever_published":false},"tags":[],"tribe_events_cat":[],"acf":[],"jetpack_sharing_enabled":true,"_links":{"self":[{"href":"https:\/\/www.ludwig-van.com\/montreal\/wp-json\/wp\/v2\/tribe_events\/69816"}],"collection":[{"href":"https:\/\/www.ludwig-van.com\/montreal\/wp-json\/wp\/v2\/tribe_events"}],"about":[{"href":"https:\/\/www.ludwig-van.com\/montreal\/wp-json\/wp\/v2\/types\/tribe_events"}],"author":[{"embeddable":true,"href":"https:\/\/www.ludwig-van.com\/montreal\/wp-json\/wp\/v2\/users\/1"}],"replies":[{"embeddable":true,"href":"https:\/\/www.ludwig-van.com\/montreal\/wp-json\/wp\/v2\/comments?post=69816"}],"version-history":[{"count":1,"href":"https:\/\/www.ludwig-van.com\/montreal\/wp-json\/wp\/v2\/tribe_events\/69816\/revisions"}],"predecessor-version":[{"id":69817,"href":"https:\/\/www.ludwig-van.com\/montreal\/wp-json\/wp\/v2\/tribe_events\/69816\/revisions\/69817"}],"wp:featuredmedia":[{"embeddable":true,"href":"https:\/\/www.ludwig-van.com\/montreal\/wp-json\/wp\/v2\/media\/58087"}],"wp:attachment":[{"href":"https:\/\/www.ludwig-van.com\/montreal\/wp-json\/wp\/v2\/media?parent=69816"}],"wp:term":[{"taxonomy":"post_tag","embeddable":true,"href":"https:\/\/www.ludwig-van.com\/montreal\/wp-json\/wp\/v2\/tags?post=69816"},{"taxonomy":"tribe_events_cat","embeddable":true,"href":"https:\/\/www.ludwig-van.com\/montreal\/wp-json\/wp\/v2\/tribe_events_cat?post=69816"}],"curies":[{"name":"wp","href":"https:\/\/api.w.org\/{rel}","templated":true}]}}

<div>Direction : <strong>Jacques Lacombe, chef<br />
</strong></div>
<div></div>
<div><strong>Programme :</strong><br />
<em>Requiem pour Empedocle,</em> Geneviève Ackerman<br />
<em>Symphonie no 2 en mi mineur op. 27, </em>Sergueï Rachmaninov</p>
</div>
<div>Ce concert est d’une durée d’une heure sans entracte</p>
<p><em>L’événement bénéfice prévu, « Roméo et Juliette », est remis à une date ultérieure.</p>
<p><strong>Billets : </strong><br />
Rég. : 30$ (plus taxes et frais de service)<br />
Étudiants &amp; aînés : 15$ (plus taxes et frais de service)<br />
</em></div>

<p>Direction : Jacques Lacombe, chef Programme : Requiem pour Empedocle, Geneviève Ackerman Symphonie no 2 en mi mineur op. 27, Sergueï Rachmaninov Ce concert est d’une durée d’une heure sans entracte L’événement bénéfice prévu, « Roméo et Juliette », est remis à une date ultérieure. Billets :  Rég. : 30$ (plus taxes et frais de service) Étudiants &amp; [&hellip;]</p>
