{"id":69417,"date":"2022-02-12T20:28:48","date_gmt":"2022-02-13T01:28:48","guid":{"rendered":"https:\/\/www.ludwig-van.com\/montreal\/?post_type=tribe_events&#038;p=69417"},"modified":"2022-02-12T20:29:46","modified_gmt":"2022-02-13T01:29:46","slug":"beethoven-les-sonates-pour-violon-et-piano-iv","status":"publish","type":"tribe_events","link":"https:\/\/www.ludwig-van.com\/montreal\/event\/beethoven-les-sonates-pour-violon-et-piano-iv\/","title":{"rendered":"Beethoven: Les sonates pour violon et piano IV"},"content":{"rendered":"<div class=\"cxmmr5t8 oygrvhab hcukyx3x c1et5uql o9v6fnle\">\n<p>Dernier concert de cette s\u00e9rie consacr\u00e9e \u00e0 l\u2019Int\u00e9grale des 10 sonates pour violon et piano de Beethoven.<\/p>\n<p>&nbsp;<\/p>\n<p>Ludwig van Beethoven Sonates nos 1, 4 et 10<\/p>\n<p>Sonate no 1, opus 12 no 1<\/p>\n<p>Sonate no 4, opus 23<\/p>\n<p>Sonate no 10, opus 96<\/p>\n<p>Complet<\/p>\n<\/div>\n","protected":false},"excerpt":{"rendered":"<p>Dernier concert de cette s\u00e9rie consacr\u00e9e \u00e0 l\u2019Int\u00e9grale des 10 sonates pour violon et piano de Beethoven. &nbsp; Ludwig van Beethoven Sonates nos 1, 4 et 10 Sonate no 1, opus 12 no 1 Sonate no 4, opus 23 Sonate no 10, opus 96 Complet<\/p>\n","protected":false},"author":1,"featured_media":67562,"comment_status":"open","ping_status":"closed","template":"","meta":{"om_disable_all_campaigns":false,"jetpack_post_was_ever_published":false},"tags":[],"tribe_events_cat":[],"acf":[],"jetpack_sharing_enabled":true,"_links":{"self":[{"href":"https:\/\/www.ludwig-van.com\/montreal\/wp-json\/wp\/v2\/tribe_events\/69417"}],"collection":[{"href":"https:\/\/www.ludwig-van.com\/montreal\/wp-json\/wp\/v2\/tribe_events"}],"about":[{"href":"https:\/\/www.ludwig-van.com\/montreal\/wp-json\/wp\/v2\/types\/tribe_events"}],"author":[{"embeddable":true,"href":"https:\/\/www.ludwig-van.com\/montreal\/wp-json\/wp\/v2\/users\/1"}],"replies":[{"embeddable":true,"href":"https:\/\/www.ludwig-van.com\/montreal\/wp-json\/wp\/v2\/comments?post=69417"}],"version-history":[{"count":1,"href":"https:\/\/www.ludwig-van.com\/montreal\/wp-json\/wp\/v2\/tribe_events\/69417\/revisions"}],"predecessor-version":[{"id":69418,"href":"https:\/\/www.ludwig-van.com\/montreal\/wp-json\/wp\/v2\/tribe_events\/69417\/revisions\/69418"}],"wp:featuredmedia":[{"embeddable":true,"href":"https:\/\/www.ludwig-van.com\/montreal\/wp-json\/wp\/v2\/media\/67562"}],"wp:attachment":[{"href":"https:\/\/www.ludwig-van.com\/montreal\/wp-json\/wp\/v2\/media?parent=69417"}],"wp:term":[{"taxonomy":"post_tag","embeddable":true,"href":"https:\/\/www.ludwig-van.com\/montreal\/wp-json\/wp\/v2\/tags?post=69417"},{"taxonomy":"tribe_events_cat","embeddable":true,"href":"https:\/\/www.ludwig-van.com\/montreal\/wp-json\/wp\/v2\/tribe_events_cat?post=69417"}],"curies":[{"name":"wp","href":"https:\/\/api.w.org\/{rel}","templated":true}]}}

<div class="cxmmr5t8 oygrvhab hcukyx3x c1et5uql o9v6fnle">
<p>Dernier concert de cette série consacrée à l’Intégrale des 10 sonates pour violon et piano de Beethoven.</p>
<p>&nbsp;</p>
<p>Ludwig van Beethoven Sonates nos 1, 4 et 10</p>
<p>Sonate no 1, opus 12 no 1</p>
<p>Sonate no 4, opus 23</p>
<p>Sonate no 10, opus 96</p>
<p>Complet</p>
</div>

<p>Dernier concert de cette série consacrée à l’Intégrale des 10 sonates pour violon et piano de Beethoven. &nbsp; Ludwig van Beethoven Sonates nos 1, 4 et 10 Sonate no 1, opus 12 no 1 Sonate no 4, opus 23 Sonate no 10, opus 96 Complet</p>
