{"id":68162,"date":"2021-09-29T21:10:08","date_gmt":"2021-09-30T01:10:08","guid":{"rendered":"https:\/\/www.ludwig-van.com\/montreal\/?post_type=tribe_events&#038;p=68162"},"modified":"2021-09-29T21:11:26","modified_gmt":"2021-09-30T01:11:26","slug":"gino-sitson-ethnomusicologue-la-voix-instrument-aux-multiples-facettes","status":"publish","type":"tribe_events","link":"https:\/\/www.ludwig-van.com\/montreal\/event\/gino-sitson-ethnomusicologue-la-voix-instrument-aux-multiples-facettes\/","title":{"rendered":"Gino Sitson, ethnomusicologue : La voix, instrument aux multiples facettes"},"content":{"rendered":"<p class=\"text-short text-current-from-xs line-height-tight line-height-normal-from-xs\">Gino Sitson, ethnomusicologue et musicien, s&rsquo;int\u00e9resse \u00e0 l\u2019instrument-voix, ph\u00e9nom\u00e8ne d&rsquo;une extr\u00eame complexit\u00e9 aux dimensions physiologique, sociale, culturelle et historique.<\/p>\n<p class=\"margin-top-thinner margin-top-broad-from-xs text-short text-current-from-xs line-height-tight line-height-normal-from-xs\">Cette communication s&rsquo;int\u00e9resse \u00e0 l&rsquo;instrument-voix, vecteur d&rsquo;\u00e9motions et v\u00e9hicule de la pens\u00e9e humaine. Ph\u00e9nom\u00e8ne d&rsquo;une extr\u00eame complexit\u00e9 indissociable du corps et organe de la parole, la voix comporte plusieurs caract\u00e9ristiques associ\u00e9es aux contextes culturels, historiques, sociologiques et physiologiques. \u00c0 travers l&rsquo;exp\u00e9rience empirique, nous nous pencherons sur les contours de la voix chant\u00e9e ainsi qu&rsquo;\u00e0 la d\u00e9marche du vocaliste-compositeur.<\/p>\n<p>&nbsp;<\/p>\n<h4 class=\"text-short text-current-from-xs line-height-tighter font-weight-bold border-bottom-solid border-slimmest border-color-main-stroke margin-bottom-thinner padding-bottom-thinnest\">INTERPRETE<\/h4>\n<div class=\"margin-bottom-broad\">\n<p class=\"text-short text-current-from-xs line-height-tight line-height-normal-from-xs\"><strong>GINO SITSON<\/strong>, ethnomusicologue<\/p>\n<\/div>\n<p>&nbsp;<\/p>\n<p>Le prix des billets est de 10$ pour le grand public, 5$ pour les 34 ans et moins et gratuit pour les membres du Mus\u00e9e.<\/p>\n<p>&nbsp;<\/p>\n","protected":false},"excerpt":{"rendered":"<p>Gino Sitson, ethnomusicologue et musicien, s&rsquo;int\u00e9resse \u00e0 l\u2019instrument-voix, ph\u00e9nom\u00e8ne d&rsquo;une extr\u00eame complexit\u00e9 aux dimensions physiologique, sociale, culturelle et historique.<\/p>\n","protected":false},"author":1,"featured_media":68163,"comment_status":"open","ping_status":"closed","template":"","meta":{"om_disable_all_campaigns":false,"jetpack_post_was_ever_published":false},"tags":[],"tribe_events_cat":[],"acf":[],"jetpack_sharing_enabled":true,"_links":{"self":[{"href":"https:\/\/www.ludwig-van.com\/montreal\/wp-json\/wp\/v2\/tribe_events\/68162"}],"collection":[{"href":"https:\/\/www.ludwig-van.com\/montreal\/wp-json\/wp\/v2\/tribe_events"}],"about":[{"href":"https:\/\/www.ludwig-van.com\/montreal\/wp-json\/wp\/v2\/types\/tribe_events"}],"author":[{"embeddable":true,"href":"https:\/\/www.ludwig-van.com\/montreal\/wp-json\/wp\/v2\/users\/1"}],"replies":[{"embeddable":true,"href":"https:\/\/www.ludwig-van.com\/montreal\/wp-json\/wp\/v2\/comments?post=68162"}],"version-history":[{"count":3,"href":"https:\/\/www.ludwig-van.com\/montreal\/wp-json\/wp\/v2\/tribe_events\/68162\/revisions"}],"predecessor-version":[{"id":68166,"href":"https:\/\/www.ludwig-van.com\/montreal\/wp-json\/wp\/v2\/tribe_events\/68162\/revisions\/68166"}],"wp:featuredmedia":[{"embeddable":true,"href":"https:\/\/www.ludwig-van.com\/montreal\/wp-json\/wp\/v2\/media\/68163"}],"wp:attachment":[{"href":"https:\/\/www.ludwig-van.com\/montreal\/wp-json\/wp\/v2\/media?parent=68162"}],"wp:term":[{"taxonomy":"post_tag","embeddable":true,"href":"https:\/\/www.ludwig-van.com\/montreal\/wp-json\/wp\/v2\/tags?post=68162"},{"taxonomy":"tribe_events_cat","embeddable":true,"href":"https:\/\/www.ludwig-van.com\/montreal\/wp-json\/wp\/v2\/tribe_events_cat?post=68162"}],"curies":[{"name":"wp","href":"https:\/\/api.w.org\/{rel}","templated":true}]}}

<p class="text-short text-current-from-xs line-height-tight line-height-normal-from-xs">Gino Sitson, ethnomusicologue et musicien, s&rsquo;intéresse à l’instrument-voix, phénomène d&rsquo;une extrême complexité aux dimensions physiologique, sociale, culturelle et historique.</p>
<p class="margin-top-thinner margin-top-broad-from-xs text-short text-current-from-xs line-height-tight line-height-normal-from-xs">Cette communication s&rsquo;intéresse à l&rsquo;instrument-voix, vecteur d&rsquo;émotions et véhicule de la pensée humaine. Phénomène d&rsquo;une extrême complexité indissociable du corps et organe de la parole, la voix comporte plusieurs caractéristiques associées aux contextes culturels, historiques, sociologiques et physiologiques. À travers l&rsquo;expérience empirique, nous nous pencherons sur les contours de la voix chantée ainsi qu&rsquo;à la démarche du vocaliste-compositeur.</p>
<p>&nbsp;</p>
<h4 class="text-short text-current-from-xs line-height-tighter font-weight-bold border-bottom-solid border-slimmest border-color-main-stroke margin-bottom-thinner padding-bottom-thinnest">INTERPRETE</h4>
<div class="margin-bottom-broad">
<p class="text-short text-current-from-xs line-height-tight line-height-normal-from-xs"><strong>GINO SITSON</strong>, ethnomusicologue</p>
</div>
<p>&nbsp;</p>
<p>Le prix des billets est de 10$ pour le grand public, 5$ pour les 34 ans et moins et gratuit pour les membres du Musée.</p>
<p>&nbsp;</p>

<p>Gino Sitson, ethnomusicologue et musicien, s&rsquo;intéresse à l’instrument-voix, phénomène d&rsquo;une extrême complexité aux dimensions physiologique, sociale, culturelle et historique.</p>
