{"id":68160,"date":"2021-09-29T21:06:20","date_gmt":"2021-09-30T01:06:20","guid":{"rendered":"https:\/\/www.ludwig-van.com\/montreal\/?post_type=tribe_events&#038;p=68160"},"modified":"2021-09-29T21:06:20","modified_gmt":"2021-09-30T01:06:20","slug":"jean-guihen-queyras-violoncelle-2-concerts-2","status":"publish","type":"tribe_events","link":"https:\/\/www.ludwig-van.com\/montreal\/event\/jean-guihen-queyras-violoncelle-2-concerts-2\/","title":{"rendered":"Jean-Guihen Queyras, violoncelle &#8211; 2 concerts"},"content":{"rendered":"<p>Pour son retour tant attendu \u00e0 la salle Bourgie, Jean-Guihen Queyras propose un\u00a0rendez-vous des plus intimes. Au programme, des \u0153uvres majeures du r\u00e9pertoire\u00a0pour violoncelle seul ainsi que, avec son ami St\u00e9phane T\u00e9treault, deux dialogues\u00a0souriants pour deux violoncelles.<\/p>\n<p>&nbsp;<\/p>\n<h4 class=\"text-short text-current-from-xs line-height-tighter font-weight-bold border-bottom-solid border-slimmest border-color-main-stroke margin-bottom-thinner padding-bottom-thinnest\">INTERPR\u00c8TES<\/h4>\n<div class=\"margin-bottom-broad\">\n<p class=\"text-short text-current-from-xs line-height-tight line-height-normal-from-xs\"><strong>Jean-Guihen Queyras<\/strong>, violoncelle<br \/>\n<strong>St\u00e9phane T\u00e9treault<\/strong>, violoncelle<\/p>\n<\/div>\n<h4 class=\"text-short text-current-from-xs line-height-tighter font-weight-bold border-bottom-solid border-slimmest border-color-main-stroke margin-bottom-thinner padding-bottom-thinnest\">Programme<\/h4>\n<div class=\"margin-bottom-broad\">\n<p class=\"text-short text-current-from-xs line-height-tight line-height-normal-from-xs\">BRITTEN Suite n<sup>o\u00a0<\/sup>1 en\u00a0<em>sol<\/em>\u00a0majeur pour violoncelle, op. 72<br \/>\nAhmet ADNAN SAYGUN Partita pour violoncelle seul, op. 31<br \/>\nJ. S. BACH Suite n<sup>o<\/sup>\u00a01 en\u00a0<em>sol<\/em>\u00a0majeur pour violoncelle seul, BWV\u00a01007<br \/>\nBARRI\u00c8RE Sonate \u00e0 deux violoncelles en\u00a0<em>sol<\/em>\u00a0majeur, op. 4 n\u00ba 4<br \/>\nOFFENBACH Duo pour deux violoncelles en\u00a0<em>si<\/em>\u00a0b\u00e9mol majeur, op. 53\u00a0n\u00ba 1<\/p>\n<\/div>\n<p>&nbsp;<\/p>\n<p>Le prix des billets est de 64$ pour le grand public, 54$ pour les membres du Mus\u00e9e et 33$ pour les 34 ans et moins.<\/p>\n","protected":false},"excerpt":{"rendered":"<p>Pour son retour tant attendu \u00e0 la salle Bourgie, Jean-Guihen Queyras propose un rendez-vous des plus intimes. Au programme, des \u0153uvres majeures du r\u00e9pertoire pour violoncelle seul ainsi que, avec son ami St\u00e9phane T\u00e9treault, deux dialogues souriants pour deux violoncelles.<\/p>\n","protected":false},"author":1,"featured_media":53101,"comment_status":"open","ping_status":"closed","template":"","meta":{"om_disable_all_campaigns":false,"jetpack_post_was_ever_published":false},"tags":[],"tribe_events_cat":[],"acf":[],"jetpack_sharing_enabled":true,"_links":{"self":[{"href":"https:\/\/www.ludwig-van.com\/montreal\/wp-json\/wp\/v2\/tribe_events\/68160"}],"collection":[{"href":"https:\/\/www.ludwig-van.com\/montreal\/wp-json\/wp\/v2\/tribe_events"}],"about":[{"href":"https:\/\/www.ludwig-van.com\/montreal\/wp-json\/wp\/v2\/types\/tribe_events"}],"author":[{"embeddable":true,"href":"https:\/\/www.ludwig-van.com\/montreal\/wp-json\/wp\/v2\/users\/1"}],"replies":[{"embeddable":true,"href":"https:\/\/www.ludwig-van.com\/montreal\/wp-json\/wp\/v2\/comments?post=68160"}],"version-history":[{"count":1,"href":"https:\/\/www.ludwig-van.com\/montreal\/wp-json\/wp\/v2\/tribe_events\/68160\/revisions"}],"predecessor-version":[{"id":68161,"href":"https:\/\/www.ludwig-van.com\/montreal\/wp-json\/wp\/v2\/tribe_events\/68160\/revisions\/68161"}],"wp:featuredmedia":[{"embeddable":true,"href":"https:\/\/www.ludwig-van.com\/montreal\/wp-json\/wp\/v2\/media\/53101"}],"wp:attachment":[{"href":"https:\/\/www.ludwig-van.com\/montreal\/wp-json\/wp\/v2\/media?parent=68160"}],"wp:term":[{"taxonomy":"post_tag","embeddable":true,"href":"https:\/\/www.ludwig-van.com\/montreal\/wp-json\/wp\/v2\/tags?post=68160"},{"taxonomy":"tribe_events_cat","embeddable":true,"href":"https:\/\/www.ludwig-van.com\/montreal\/wp-json\/wp\/v2\/tribe_events_cat?post=68160"}],"curies":[{"name":"wp","href":"https:\/\/api.w.org\/{rel}","templated":true}]}}

<p>Pour son retour tant attendu à la salle Bourgie, Jean-Guihen Queyras propose un rendez-vous des plus intimes. Au programme, des œuvres majeures du répertoire pour violoncelle seul ainsi que, avec son ami Stéphane Tétreault, deux dialogues souriants pour deux violoncelles.</p>
<p>&nbsp;</p>
<h4 class="text-short text-current-from-xs line-height-tighter font-weight-bold border-bottom-solid border-slimmest border-color-main-stroke margin-bottom-thinner padding-bottom-thinnest">INTERPRÈTES</h4>
<div class="margin-bottom-broad">
<p class="text-short text-current-from-xs line-height-tight line-height-normal-from-xs"><strong>Jean-Guihen Queyras</strong>, violoncelle<br />
<strong>Stéphane Tétreault</strong>, violoncelle</p>
</div>
<h4 class="text-short text-current-from-xs line-height-tighter font-weight-bold border-bottom-solid border-slimmest border-color-main-stroke margin-bottom-thinner padding-bottom-thinnest">Programme</h4>
<div class="margin-bottom-broad">
<p class="text-short text-current-from-xs line-height-tight line-height-normal-from-xs">BRITTEN Suite n<sup>o </sup>1 en <em>sol</em> majeur pour violoncelle, op. 72<br />
Ahmet ADNAN SAYGUN Partita pour violoncelle seul, op. 31<br />
J. S. BACH Suite n<sup>o</sup> 1 en <em>sol</em> majeur pour violoncelle seul, BWV 1007<br />
BARRIÈRE Sonate à deux violoncelles en <em>sol</em> majeur, op. 4 nº 4<br />
OFFENBACH Duo pour deux violoncelles en <em>si</em> bémol majeur, op. 53 nº 1</p>
</div>
<p>&nbsp;</p>
<p>Le prix des billets est de 64$ pour le grand public, 54$ pour les membres du Musée et 33$ pour les 34 ans et moins.</p>

<p>Pour son retour tant attendu à la salle Bourgie, Jean-Guihen Queyras propose un rendez-vous des plus intimes. Au programme, des œuvres majeures du répertoire pour violoncelle seul ainsi que, avec son ami Stéphane Tétreault, deux dialogues souriants pour deux violoncelles.</p>
