{"id":67978,"date":"2021-09-19T18:28:47","date_gmt":"2021-09-19T22:28:47","guid":{"rendered":"https:\/\/www.ludwig-van.com\/montreal\/?post_type=tribe_events&#038;p=67978"},"modified":"2022-02-14T11:33:00","modified_gmt":"2022-02-14T16:33:00","slug":"janina-fialkowska-piano","status":"publish","type":"tribe_events","link":"https:\/\/www.ludwig-van.com\/montreal\/event\/janina-fialkowska-piano\/","title":{"rendered":"Janina Fialkowska, piano &#8211; ANNUL\u00c9"},"content":{"rendered":"<h2>ATTENTION: CE CONCERT EST ANNUL\u00c9 EN RAISON DE LA COVID-19<\/h2>\n<p class=\"text-short text-current-from-xs line-height-tight line-height-normal-from-xs\">Grande dame du piano d\u2019une exquise sensibilit\u00e9, Janina Fialkowska est n\u00e9e pour interpr\u00e9ter Chopin, selon son mentor, le l\u00e9gendaire Arthur Rubinstein.<\/p>\n<p class=\"margin-top-thinner margin-top-broad-from-xs text-short text-current-from-xs line-height-tight line-height-normal-from-xs\">Elle nous livre ici quelques-unes des plus belles \u0153uvres du ma\u00eetre polonais, \u00e0 c\u00f4t\u00e9 de la toute derni\u00e8re\u00a0<em>Sonate\u00a0<\/em>de Schubert et de deux valses sign\u00e9es Weber et Sibelius.<\/p>\n<p>&nbsp;<\/p>\n<h4 class=\"text-short text-current-from-xs line-height-tighter font-weight-bold border-bottom-solid border-slimmest border-color-main-stroke margin-bottom-thinner padding-bottom-thinnest\">PROGRAMME<\/h4>\n<div class=\"margin-bottom-broad\">\n<div class=\"Bloc-de-texte-standard\">\n<div class=\"Bloc-de-texte-standard\">\n<div class=\"Bloc-de-texte-standard\">\n<p class=\"text-short text-current-from-xs line-height-tight line-height-normal-from-xs\">WEBER\u00a0<em>Aufforderung zum Tanze<\/em>, op. 65 (Invitation \u00e0 la Valse)<br \/>\nSCHUBERT\u00a0Sonate pour piano en\u00a0<em>si\u00a0<\/em>b\u00e9mol majeur, D. 960<br \/>\nSIBELIUS\u00a0<em>Valse Triste<br \/>\n<\/em>CHOPIN<br \/>\nPolonaise en\u00a0<em>la\u00a0<\/em>majeur, op. 40, no\u00a01<br \/>\nNocturne en\u00a0<em>fa\u00a0<\/em>majeur, op. 15 no\u00a01<br \/>\nBallade en\u00a0<em>sol\u00a0<\/em>mineur, op. 23<\/p>\n<\/div>\n<\/div>\n<\/div>\n<\/div>\n<p>&nbsp;<\/p>\n<p>Le prix des billets est de 54$ pour le grand public, 46$ pour les membres du Mus\u00e9e et 28$ pour les 34 ans et moins.<\/p>\n","protected":false},"excerpt":{"rendered":"<p>Grande dame du piano d\u2019une exquise sensibilit\u00e9, Janina Fialkowska est n\u00e9e pour interpr\u00e9ter Chopin, selon son mentor, le l\u00e9gendaire Arthur Rubinstein. <\/p>\n","protected":false},"author":1,"featured_media":52805,"comment_status":"open","ping_status":"closed","template":"","meta":{"om_disable_all_campaigns":false,"jetpack_post_was_ever_published":false},"tags":[],"tribe_events_cat":[],"acf":[],"jetpack_sharing_enabled":true,"_links":{"self":[{"href":"https:\/\/www.ludwig-van.com\/montreal\/wp-json\/wp\/v2\/tribe_events\/67978"}],"collection":[{"href":"https:\/\/www.ludwig-van.com\/montreal\/wp-json\/wp\/v2\/tribe_events"}],"about":[{"href":"https:\/\/www.ludwig-van.com\/montreal\/wp-json\/wp\/v2\/types\/tribe_events"}],"author":[{"embeddable":true,"href":"https:\/\/www.ludwig-van.com\/montreal\/wp-json\/wp\/v2\/users\/1"}],"replies":[{"embeddable":true,"href":"https:\/\/www.ludwig-van.com\/montreal\/wp-json\/wp\/v2\/comments?post=67978"}],"version-history":[{"count":2,"href":"https:\/\/www.ludwig-van.com\/montreal\/wp-json\/wp\/v2\/tribe_events\/67978\/revisions"}],"predecessor-version":[{"id":69491,"href":"https:\/\/www.ludwig-van.com\/montreal\/wp-json\/wp\/v2\/tribe_events\/67978\/revisions\/69491"}],"wp:featuredmedia":[{"embeddable":true,"href":"https:\/\/www.ludwig-van.com\/montreal\/wp-json\/wp\/v2\/media\/52805"}],"wp:attachment":[{"href":"https:\/\/www.ludwig-van.com\/montreal\/wp-json\/wp\/v2\/media?parent=67978"}],"wp:term":[{"taxonomy":"post_tag","embeddable":true,"href":"https:\/\/www.ludwig-van.com\/montreal\/wp-json\/wp\/v2\/tags?post=67978"},{"taxonomy":"tribe_events_cat","embeddable":true,"href":"https:\/\/www.ludwig-van.com\/montreal\/wp-json\/wp\/v2\/tribe_events_cat?post=67978"}],"curies":[{"name":"wp","href":"https:\/\/api.w.org\/{rel}","templated":true}]}}

Janina Fialkowska, piano &#8211; ANNULÉ

<h2>ATTENTION: CE CONCERT EST ANNULÉ EN RAISON DE LA COVID-19</h2>
<p class="text-short text-current-from-xs line-height-tight line-height-normal-from-xs">Grande dame du piano d’une exquise sensibilité, Janina Fialkowska est née pour interpréter Chopin, selon son mentor, le légendaire Arthur Rubinstein.</p>
<p class="margin-top-thinner margin-top-broad-from-xs text-short text-current-from-xs line-height-tight line-height-normal-from-xs">Elle nous livre ici quelques-unes des plus belles œuvres du maître polonais, à côté de la toute dernière <em>Sonate </em>de Schubert et de deux valses signées Weber et Sibelius.</p>
<p>&nbsp;</p>
<h4 class="text-short text-current-from-xs line-height-tighter font-weight-bold border-bottom-solid border-slimmest border-color-main-stroke margin-bottom-thinner padding-bottom-thinnest">PROGRAMME</h4>
<div class="margin-bottom-broad">
<div class="Bloc-de-texte-standard">
<div class="Bloc-de-texte-standard">
<div class="Bloc-de-texte-standard">
<p class="text-short text-current-from-xs line-height-tight line-height-normal-from-xs">WEBER <em>Aufforderung zum Tanze</em>, op. 65 (Invitation à la Valse)<br />
SCHUBERT Sonate pour piano en <em>si </em>bémol majeur, D. 960<br />
SIBELIUS <em>Valse Triste<br />
</em>CHOPIN<br />
Polonaise en <em>la </em>majeur, op. 40, no 1<br />
Nocturne en <em>fa </em>majeur, op. 15 no 1<br />
Ballade en <em>sol </em>mineur, op. 23</p>
</div>
</div>
</div>
</div>
<p>&nbsp;</p>
<p>Le prix des billets est de 54$ pour le grand public, 46$ pour les membres du Musée et 28$ pour les 34 ans et moins.</p>

<p>Grande dame du piano d’une exquise sensibilité, Janina Fialkowska est née pour interpréter Chopin, selon son mentor, le légendaire Arthur Rubinstein. </p>
