{"id":66644,"date":"2021-05-04T08:22:52","date_gmt":"2021-05-04T12:22:52","guid":{"rendered":"https:\/\/www.ludwig-van.com\/montreal\/?post_type=tribe_events&#038;p=66644"},"modified":"2021-05-04T08:22:52","modified_gmt":"2021-05-04T12:22:52","slug":"maxim-bernard-piano","status":"publish","type":"tribe_events","link":"https:\/\/www.ludwig-van.com\/montreal\/event\/maxim-bernard-piano\/","title":{"rendered":"Maxim Bernard, piano"},"content":{"rendered":"<p>En salle le 6 mai et <a href=\"https:\/\/www.facebook.com\/events\/313952230061488\" target=\"_blank\" rel=\"noopener\">en webdiffusion<\/a><\/p>\n<p>LES QUATRES G\u00c9NIES<\/p>\n<p>Fr\u00e9d\u00e9ric Chopin:<br \/>\nBallade no 1 en sol mineur, opus 23 Impromptu no 3 en sol b\u00e9mol majeur, opus 51<br \/>\nRobert Schumann :<br \/>\nDavidsb\u00fcndlert\u00e4nze, opus 6<br \/>\nF\u00e9lix Mendelssohn:<br \/>\nRomance sans parole en mi majeur, opus 19 no 1<br \/>\nFranz Liszt :<br \/>\nHexam\u00e9ron, Grandes variations de bravoure sur la<br \/>\nMarche des puritains de Bellini<\/p>\n","protected":false},"excerpt":{"rendered":"<p>En salle le 6 mai et en webdiffusion LES QUATRES G\u00c9NIES Fr\u00e9d\u00e9ric Chopin: Ballade no 1 en sol mineur, opus 23 Impromptu no 3 en sol b\u00e9mol majeur, opus 51 Robert Schumann : Davidsb\u00fcndlert\u00e4nze, opus 6 F\u00e9lix Mendelssohn: Romance sans parole en mi majeur, opus 19 no 1 Franz Liszt : Hexam\u00e9ron, Grandes variations de [&hellip;]<\/p>\n","protected":false},"author":1,"featured_media":54718,"comment_status":"open","ping_status":"closed","template":"","meta":{"om_disable_all_campaigns":false,"jetpack_post_was_ever_published":false},"tags":[],"tribe_events_cat":[5024],"acf":[],"jetpack_sharing_enabled":true,"_links":{"self":[{"href":"https:\/\/www.ludwig-van.com\/montreal\/wp-json\/wp\/v2\/tribe_events\/66644"}],"collection":[{"href":"https:\/\/www.ludwig-van.com\/montreal\/wp-json\/wp\/v2\/tribe_events"}],"about":[{"href":"https:\/\/www.ludwig-van.com\/montreal\/wp-json\/wp\/v2\/types\/tribe_events"}],"author":[{"embeddable":true,"href":"https:\/\/www.ludwig-van.com\/montreal\/wp-json\/wp\/v2\/users\/1"}],"replies":[{"embeddable":true,"href":"https:\/\/www.ludwig-van.com\/montreal\/wp-json\/wp\/v2\/comments?post=66644"}],"version-history":[{"count":1,"href":"https:\/\/www.ludwig-van.com\/montreal\/wp-json\/wp\/v2\/tribe_events\/66644\/revisions"}],"predecessor-version":[{"id":66645,"href":"https:\/\/www.ludwig-van.com\/montreal\/wp-json\/wp\/v2\/tribe_events\/66644\/revisions\/66645"}],"wp:featuredmedia":[{"embeddable":true,"href":"https:\/\/www.ludwig-van.com\/montreal\/wp-json\/wp\/v2\/media\/54718"}],"wp:attachment":[{"href":"https:\/\/www.ludwig-van.com\/montreal\/wp-json\/wp\/v2\/media?parent=66644"}],"wp:term":[{"taxonomy":"post_tag","embeddable":true,"href":"https:\/\/www.ludwig-van.com\/montreal\/wp-json\/wp\/v2\/tags?post=66644"},{"taxonomy":"tribe_events_cat","embeddable":true,"href":"https:\/\/www.ludwig-van.com\/montreal\/wp-json\/wp\/v2\/tribe_events_cat?post=66644"}],"curies":[{"name":"wp","href":"https:\/\/api.w.org\/{rel}","templated":true}]}}

<p>En salle le 6 mai et <a href="https://www.facebook.com/events/313952230061488" target="_blank" rel="noopener">en webdiffusion</a></p>
<p>LES QUATRES GÉNIES</p>
<p>Frédéric Chopin:<br />
Ballade no 1 en sol mineur, opus 23 Impromptu no 3 en sol bémol majeur, opus 51<br />
Robert Schumann :<br />
Davidsbündlertänze, opus 6<br />
Félix Mendelssohn:<br />
Romance sans parole en mi majeur, opus 19 no 1<br />
Franz Liszt :<br />
Hexaméron, Grandes variations de bravoure sur la<br />
Marche des puritains de Bellini</p>

<p>En salle le 6 mai et en webdiffusion LES QUATRES GÉNIES Frédéric Chopin: Ballade no 1 en sol mineur, opus 23 Impromptu no 3 en sol bémol majeur, opus 51 Robert Schumann : Davidsbündlertänze, opus 6 Félix Mendelssohn: Romance sans parole en mi majeur, opus 19 no 1 Franz Liszt : Hexaméron, Grandes variations de [&hellip;]</p>
