{"id":65902,"date":"2021-02-19T07:56:32","date_gmt":"2021-02-19T12:56:32","guid":{"rendered":"https:\/\/www.ludwig-van.com\/montreal\/?post_type=tribe_events&#038;p=65902"},"modified":"2021-02-19T07:56:32","modified_gmt":"2021-02-19T12:56:32","slug":"arion-concertos-imaginaires","status":"publish","type":"tribe_events","link":"https:\/\/www.ludwig-van.com\/montreal\/event\/arion-concertos-imaginaires\/","title":{"rendered":"Arion &#8211; Concertos imaginaires"},"content":{"rendered":"<p>Webdiffusion du 7 au 28 mai 2021<\/p>\n<p>Les musiciens d\u2019Arion Orchestre Baroque se transforment chacun \u00e0 leur tour en solistes, l\u2019espace d\u2019un mouvement, pour cr\u00e9er 6 concertos imaginaires, sous la direction de Mathieu Lussier. 18 musiciens, 18 courtes vignettes assembl\u00e9es en une courtepointe musicale in\u00e9dite !<\/p>\n","protected":false},"excerpt":{"rendered":"<p>Les musiciens d\u2019Arion Orchestre Baroque se transforment chacun \u00e0 leur tour en solistes<\/p>\n","protected":false},"author":1,"featured_media":65903,"comment_status":"open","ping_status":"closed","template":"","meta":{"om_disable_all_campaigns":false,"jetpack_post_was_ever_published":false},"tags":[],"tribe_events_cat":[5053],"acf":[],"jetpack_sharing_enabled":true,"_links":{"self":[{"href":"https:\/\/www.ludwig-van.com\/montreal\/wp-json\/wp\/v2\/tribe_events\/65902"}],"collection":[{"href":"https:\/\/www.ludwig-van.com\/montreal\/wp-json\/wp\/v2\/tribe_events"}],"about":[{"href":"https:\/\/www.ludwig-van.com\/montreal\/wp-json\/wp\/v2\/types\/tribe_events"}],"author":[{"embeddable":true,"href":"https:\/\/www.ludwig-van.com\/montreal\/wp-json\/wp\/v2\/users\/1"}],"replies":[{"embeddable":true,"href":"https:\/\/www.ludwig-van.com\/montreal\/wp-json\/wp\/v2\/comments?post=65902"}],"version-history":[{"count":1,"href":"https:\/\/www.ludwig-van.com\/montreal\/wp-json\/wp\/v2\/tribe_events\/65902\/revisions"}],"predecessor-version":[{"id":65904,"href":"https:\/\/www.ludwig-van.com\/montreal\/wp-json\/wp\/v2\/tribe_events\/65902\/revisions\/65904"}],"wp:featuredmedia":[{"embeddable":true,"href":"https:\/\/www.ludwig-van.com\/montreal\/wp-json\/wp\/v2\/media\/65903"}],"wp:attachment":[{"href":"https:\/\/www.ludwig-van.com\/montreal\/wp-json\/wp\/v2\/media?parent=65902"}],"wp:term":[{"taxonomy":"post_tag","embeddable":true,"href":"https:\/\/www.ludwig-van.com\/montreal\/wp-json\/wp\/v2\/tags?post=65902"},{"taxonomy":"tribe_events_cat","embeddable":true,"href":"https:\/\/www.ludwig-van.com\/montreal\/wp-json\/wp\/v2\/tribe_events_cat?post=65902"}],"curies":[{"name":"wp","href":"https:\/\/api.w.org\/{rel}","templated":true}]}}

<p>Webdiffusion du 7 au 28 mai 2021</p>
<p>Les musiciens d’Arion Orchestre Baroque se transforment chacun à leur tour en solistes, l’espace d’un mouvement, pour créer 6 concertos imaginaires, sous la direction de Mathieu Lussier. 18 musiciens, 18 courtes vignettes assemblées en une courtepointe musicale inédite !</p>

<p>Les musiciens d’Arion Orchestre Baroque se transforment chacun à leur tour en solistes</p>
