{"id":65708,"date":"2021-02-01T14:43:24","date_gmt":"2021-02-01T19:43:24","guid":{"rendered":"https:\/\/www.ludwig-van.com\/montreal\/?post_type=tribe_events&#038;p=65708"},"modified":"2021-02-01T14:43:24","modified_gmt":"2021-02-01T19:43:24","slug":"fuego-latino","status":"publish","type":"tribe_events","link":"https:\/\/www.ludwig-van.com\/montreal\/event\/fuego-latino\/","title":{"rendered":"Fuego Latino!"},"content":{"rendered":"<p><strong>WEBDIFFUSION DU 16 F\u00c9VRIER AU 2 MARS 2021<\/strong><\/p>\n<p>Joignez-vous \u00e0 nous pour une soir\u00e9e musicale latine et espagnole! Les compositeurs Alcides Lanza (Canada \u2013 Argentine), Turina et Rodrigo (Espagne) sont \u00e0 l\u2019honneur. De plus, le guitariste de renom\u00a0<b>Daniel Bolshoy<\/b>\u00a0interpr\u00e8te avec brio le c\u00e9l\u00e8bre\u00a0<i>Concierto de Aranjuez<\/i>\u00a0de Rodrigo dans un \u00e9v\u00e9nement qui r\u00e9veillera le feu latin en chacun de nous!<\/p>\n<p><em>Bourdrones<\/em> \u2013 <strong>Alcides Lanza <\/strong><\/p>\n<p><em>Concierto de Aranjuez<\/em> \u2013 <strong>J. Rodrigo <\/strong><\/p>\n<p><em>La Oracion del Torero<\/em> \u2013 <strong>J. Turina <\/strong><\/p>\n<p><strong>\u0152uvres solos avec Daniel Bolshoy:<\/strong><\/p>\n<div><em>Un Sue\u00f1o en la Floresta <\/em>\u2013 <strong>A. B. Mangor\u00e9<\/strong><\/div>\n<div><em>Andante (Sonata Romantica)<\/em> \u2013 <strong>M. M. Ponce<\/strong><\/div>\n<div><em>Valseana, Preludio e Toccatina (Suite Aquarelle)<\/em> \u2013 <strong>Sergio Assad<\/strong><\/div>\n<p class=\"p1\"><b><a href=\"https:\/\/www.danielbolshoy.com\/home-fr\" target=\"_blank\" rel=\"noopener noreferrer\">Daniel Bolshoy<\/a>, <\/b><span class=\"s1\">guitare<\/span><\/p>\n<p class=\"p1\"><b><a href=\"https:\/\/www.thecanadianencyclopedia.ca\/fr\/article\/brott-boris-1\" target=\"_blank\" rel=\"noopener noreferrer\">Boris Brott<\/a>, <\/b><span class=\"s1\">chef<\/span><\/p>\n<p class=\"p1\">\n","protected":false},"excerpt":{"rendered":"<p>Joignez-vous \u00e0 nous pour une soir\u00e9e musicale latine et espagnole!<\/p>\n","protected":false},"author":1,"featured_media":65486,"comment_status":"open","ping_status":"closed","template":"","meta":{"om_disable_all_campaigns":false,"jetpack_post_was_ever_published":false},"tags":[],"tribe_events_cat":[5052],"acf":[],"jetpack_sharing_enabled":true,"_links":{"self":[{"href":"https:\/\/www.ludwig-van.com\/montreal\/wp-json\/wp\/v2\/tribe_events\/65708"}],"collection":[{"href":"https:\/\/www.ludwig-van.com\/montreal\/wp-json\/wp\/v2\/tribe_events"}],"about":[{"href":"https:\/\/www.ludwig-van.com\/montreal\/wp-json\/wp\/v2\/types\/tribe_events"}],"author":[{"embeddable":true,"href":"https:\/\/www.ludwig-van.com\/montreal\/wp-json\/wp\/v2\/users\/1"}],"replies":[{"embeddable":true,"href":"https:\/\/www.ludwig-van.com\/montreal\/wp-json\/wp\/v2\/comments?post=65708"}],"version-history":[{"count":1,"href":"https:\/\/www.ludwig-van.com\/montreal\/wp-json\/wp\/v2\/tribe_events\/65708\/revisions"}],"predecessor-version":[{"id":65709,"href":"https:\/\/www.ludwig-van.com\/montreal\/wp-json\/wp\/v2\/tribe_events\/65708\/revisions\/65709"}],"wp:featuredmedia":[{"embeddable":true,"href":"https:\/\/www.ludwig-van.com\/montreal\/wp-json\/wp\/v2\/media\/65486"}],"wp:attachment":[{"href":"https:\/\/www.ludwig-van.com\/montreal\/wp-json\/wp\/v2\/media?parent=65708"}],"wp:term":[{"taxonomy":"post_tag","embeddable":true,"href":"https:\/\/www.ludwig-van.com\/montreal\/wp-json\/wp\/v2\/tags?post=65708"},{"taxonomy":"tribe_events_cat","embeddable":true,"href":"https:\/\/www.ludwig-van.com\/montreal\/wp-json\/wp\/v2\/tribe_events_cat?post=65708"}],"curies":[{"name":"wp","href":"https:\/\/api.w.org\/{rel}","templated":true}]}}

<p><strong>WEBDIFFUSION DU 16 FÉVRIER AU 2 MARS 2021</strong></p>
<p>Joignez-vous à nous pour une soirée musicale latine et espagnole! Les compositeurs Alcides Lanza (Canada – Argentine), Turina et Rodrigo (Espagne) sont à l’honneur. De plus, le guitariste de renom <b>Daniel Bolshoy</b> interprète avec brio le célèbre <i>Concierto de Aranjuez</i> de Rodrigo dans un événement qui réveillera le feu latin en chacun de nous!</p>
<p><em>Bourdrones</em> – <strong>Alcides Lanza </strong></p>
<p><em>Concierto de Aranjuez</em> – <strong>J. Rodrigo </strong></p>
<p><em>La Oracion del Torero</em> – <strong>J. Turina </strong></p>
<p><strong>Œuvres solos avec Daniel Bolshoy:</strong></p>
<div><em>Un Sueño en la Floresta </em>– <strong>A. B. Mangoré</strong></div>
<div><em>Andante (Sonata Romantica)</em> – <strong>M. M. Ponce</strong></div>
<div><em>Valseana, Preludio e Toccatina (Suite Aquarelle)</em> – <strong>Sergio Assad</strong></div>
<p class="p1"><b><a href="https://www.danielbolshoy.com/home-fr" target="_blank" rel="noopener noreferrer">Daniel Bolshoy</a>, </b><span class="s1">guitare</span></p>
<p class="p1"><b><a href="https://www.thecanadianencyclopedia.ca/fr/article/brott-boris-1" target="_blank" rel="noopener noreferrer">Boris Brott</a>, </b><span class="s1">chef</span></p>
<p class="p1">

<p>Joignez-vous à nous pour une soirée musicale latine et espagnole!</p>
