{"id":65427,"date":"2020-11-19T16:39:13","date_gmt":"2020-11-19T21:39:13","guid":{"rendered":"https:\/\/www.ludwig-van.com\/montreal\/?post_type=tribe_events&#038;p=65427"},"modified":"2020-11-19T16:48:46","modified_gmt":"2020-11-19T21:48:46","slug":"smam-bach-deux-choeurs","status":"publish","type":"tribe_events","link":"https:\/\/www.ludwig-van.com\/montreal\/event\/smam-bach-deux-choeurs\/","title":{"rendered":"SMAM &#8211; Bach en deux ch\u0153urs"},"content":{"rendered":"<p><a href=\"https:\/\/smamontreal.tuxedobillet.com\/main\/bach-en-deux-choeurs-en-ligne\/20201126193000\" target=\"_blank\" rel=\"noopener noreferrer\">WEBDIFFUSION<\/a><\/p>\n<p>Dans ses six <em>Motets<\/em> BWV 225-230, la plupart \u00e9crits pour des services fun\u00e8bres et dont quatre sont \u00e0 huit voix en deux ch\u0153urs, Bach pousse \u00e0 leur aboutissement les h\u00e9ritages de Gabrieli et de Sch\u00fctz, deux de ses plus importants pr\u00e9d\u00e9cesseurs. Avec un formidable m\u00e9tier contrapuntique, qui ne cache jamais la beaut\u00e9 m\u00e9lodique et la profondeur expressive, ces chefs-d\u2019\u0153uvre absolus marquent le couronnement de la tradition chorale polyphonique occidentale.<\/p>\n<p>Ce concert est pr\u00e9sent\u00e9 dans le cadre du Festival Bach Montr\u00e9al<\/p>\n<p>&nbsp;<\/p>\n<h3>Programme<\/h3>\n<p>Les six Motets de Bach<\/p>\n<p>Komm, Jesu, Komm, BWV 229<\/p>\n<p>Lobet Den Herrn, BWV 230<\/p>\n<p>Furchte Dich Nicht, BWV 228<\/p>\n<p>Der Geist Hilft unser Schwachheit auf, BWV 226<\/p>\n<p>Jesu Meine Freude, BWV 227<\/p>\n<p>Singet Dem Herrn ein neues Lied, BWV 225<\/p>\n<p>&nbsp;<\/p>\n<h3>Distribution<\/h3>\n<p>Marie Magistry et Stephanie Manias, sopranos<br \/>\nWilliam Duffy et Jos\u00e9e Lalonde, altos<br \/>\nKerry Bursey et Michiel Schrey, t\u00e9nors<br \/>\nWilliam Kraushaar et Normand Richard, basses<\/p>\n<p>Amanda Keesmaat, violoncelle<br \/>\nChristophe Gauthier, orgue<\/p>\n<p>Andrew McAnerney, direction<\/p>\n<p>&nbsp;<\/p>\n<p>&nbsp;<\/p>\n","protected":false},"excerpt":{"rendered":"<p>WEBDIFFUSION Dans ses six Motets BWV 225-230, la plupart \u00e9crits pour des services fun\u00e8bres et dont quatre sont \u00e0 huit voix en deux ch\u0153urs, Bach pousse \u00e0 leur aboutissement les h\u00e9ritages de Gabrieli et de Sch\u00fctz, deux de ses plus importants pr\u00e9d\u00e9cesseurs. Avec un formidable m\u00e9tier contrapuntique, qui ne cache jamais la beaut\u00e9 m\u00e9lodique et [&hellip;]<\/p>\n","protected":false},"author":1,"featured_media":65428,"comment_status":"closed","ping_status":"closed","template":"","meta":{"om_disable_all_campaigns":false,"jetpack_post_was_ever_published":false},"tags":[],"tribe_events_cat":[],"acf":[],"jetpack_sharing_enabled":true,"_links":{"self":[{"href":"https:\/\/www.ludwig-van.com\/montreal\/wp-json\/wp\/v2\/tribe_events\/65427"}],"collection":[{"href":"https:\/\/www.ludwig-van.com\/montreal\/wp-json\/wp\/v2\/tribe_events"}],"about":[{"href":"https:\/\/www.ludwig-van.com\/montreal\/wp-json\/wp\/v2\/types\/tribe_events"}],"author":[{"embeddable":true,"href":"https:\/\/www.ludwig-van.com\/montreal\/wp-json\/wp\/v2\/users\/1"}],"replies":[{"embeddable":true,"href":"https:\/\/www.ludwig-van.com\/montreal\/wp-json\/wp\/v2\/comments?post=65427"}],"version-history":[{"count":2,"href":"https:\/\/www.ludwig-van.com\/montreal\/wp-json\/wp\/v2\/tribe_events\/65427\/revisions"}],"predecessor-version":[{"id":65430,"href":"https:\/\/www.ludwig-van.com\/montreal\/wp-json\/wp\/v2\/tribe_events\/65427\/revisions\/65430"}],"wp:featuredmedia":[{"embeddable":true,"href":"https:\/\/www.ludwig-van.com\/montreal\/wp-json\/wp\/v2\/media\/65428"}],"wp:attachment":[{"href":"https:\/\/www.ludwig-van.com\/montreal\/wp-json\/wp\/v2\/media?parent=65427"}],"wp:term":[{"taxonomy":"post_tag","embeddable":true,"href":"https:\/\/www.ludwig-van.com\/montreal\/wp-json\/wp\/v2\/tags?post=65427"},{"taxonomy":"tribe_events_cat","embeddable":true,"href":"https:\/\/www.ludwig-van.com\/montreal\/wp-json\/wp\/v2\/tribe_events_cat?post=65427"}],"curies":[{"name":"wp","href":"https:\/\/api.w.org\/{rel}","templated":true}]}}

SMAM &#8211; Bach en deux chœurs

<p><a href="https://smamontreal.tuxedobillet.com/main/bach-en-deux-choeurs-en-ligne/20201126193000" target="_blank" rel="noopener noreferrer">WEBDIFFUSION</a></p>
<p>Dans ses six <em>Motets</em> BWV 225-230, la plupart écrits pour des services funèbres et dont quatre sont à huit voix en deux chœurs, Bach pousse à leur aboutissement les héritages de Gabrieli et de Schütz, deux de ses plus importants prédécesseurs. Avec un formidable métier contrapuntique, qui ne cache jamais la beauté mélodique et la profondeur expressive, ces chefs-d’œuvre absolus marquent le couronnement de la tradition chorale polyphonique occidentale.</p>
<p>Ce concert est présenté dans le cadre du Festival Bach Montréal</p>
<p>&nbsp;</p>
<h3>Programme</h3>
<p>Les six Motets de Bach</p>
<p>Komm, Jesu, Komm, BWV 229</p>
<p>Lobet Den Herrn, BWV 230</p>
<p>Furchte Dich Nicht, BWV 228</p>
<p>Der Geist Hilft unser Schwachheit auf, BWV 226</p>
<p>Jesu Meine Freude, BWV 227</p>
<p>Singet Dem Herrn ein neues Lied, BWV 225</p>
<p>&nbsp;</p>
<h3>Distribution</h3>
<p>Marie Magistry et Stephanie Manias, sopranos<br />
William Duffy et Josée Lalonde, altos<br />
Kerry Bursey et Michiel Schrey, ténors<br />
William Kraushaar et Normand Richard, basses</p>
<p>Amanda Keesmaat, violoncelle<br />
Christophe Gauthier, orgue</p>
<p>Andrew McAnerney, direction</p>
<p>&nbsp;</p>
<p>&nbsp;</p>

<p>WEBDIFFUSION Dans ses six Motets BWV 225-230, la plupart écrits pour des services funèbres et dont quatre sont à huit voix en deux chœurs, Bach pousse à leur aboutissement les héritages de Gabrieli et de Schütz, deux de ses plus importants prédécesseurs. Avec un formidable métier contrapuntique, qui ne cache jamais la beauté mélodique et [&hellip;]</p>
