{"id":65373,"date":"2020-11-12T15:53:59","date_gmt":"2020-11-12T20:53:59","guid":{"rendered":"https:\/\/www.ludwig-van.com\/montreal\/?post_type=tribe_events&#038;p=65373"},"modified":"2020-11-12T15:53:59","modified_gmt":"2020-11-12T20:53:59","slug":"musique-de-chambre-allegra-beethoven-virtuel","status":"publish","type":"tribe_events","link":"https:\/\/www.ludwig-van.com\/montreal\/event\/musique-de-chambre-allegra-beethoven-virtuel\/","title":{"rendered":"Musique de chambre Allegra: Beethoven Virtuel"},"content":{"rendered":"<div><a href=\"https:\/\/www.facebook.com\/events\/1322926871388577\/?acontext=%7B%22ref%22%3A%2252%22%2C%22action_history%22%3A%22[%7B%5C%22surface%5C%22%3A%5C%22share_link%5C%22%2C%5C%22mechanism%5C%22%3A%5C%22share_link%5C%22%2C%5C%22extra_data%5C%22%3A%7B%5C%22invite_link_id%5C%22%3A815784962596304%7D%7D]%22%7D\" target=\"_blank\" rel=\"noopener noreferrer\">WEBDIFFUSION EN DIRECT &#8211; BEETHOVEN VIRTUAL<\/a><\/div>\n<div><\/div>\n<div>Programme<\/div>\n<div><\/div>\n<div><strong>Beethoven <\/strong>Sonate no. 5 pour violon et piano en fa majeur, op. 24 \u00ab Printemps \u00bb<br \/>\n<strong>Beethoven<\/strong> Trio \u00e0 cordes no. 5 en do mineur, op. 9 no. 3<br \/>\n<strong>Beethoven<\/strong> Quatuor pour piano, violon, alto et violoncelle en mi b\u00e9mol majeur, op. 16<\/div>\n<div>(arrang\u00e9 par Simon Aldrich pour piano, clarinette, alto et violoncelle)<\/div>\n<div><\/div>\n<div>Musiciens<\/div>\n<div><\/div>\n<div><strong>Dorothy Fieldman Fraiberg<\/strong>, piano ~ <strong>Simon Aldrich<\/strong>, clarinette ~ <strong>Alexander Lozowski<\/strong>, violon ~ <strong>Pierre Tourville<\/strong>, alto ~ <strong>Sheila Hannigan<\/strong>, violoncelle<\/div>\n","protected":false},"excerpt":{"rendered":"<p>WEBDIFFUSION EN DIRECT &#8211; BEETHOVEN VIRTUAL Programme Beethoven Sonate no. 5 pour violon et piano en fa majeur, op. 24 \u00ab Printemps \u00bb Beethoven Trio \u00e0 cordes no. 5 en do mineur, op. 9 no. 3 Beethoven Quatuor pour piano, violon, alto et violoncelle en mi b\u00e9mol majeur, op. 16 (arrang\u00e9 par Simon Aldrich pour [&hellip;]<\/p>\n","protected":false},"author":1,"featured_media":0,"comment_status":"open","ping_status":"closed","template":"","meta":{"om_disable_all_campaigns":false,"jetpack_post_was_ever_published":false},"tags":[],"tribe_events_cat":[5052],"acf":[],"jetpack_sharing_enabled":true,"_links":{"self":[{"href":"https:\/\/www.ludwig-van.com\/montreal\/wp-json\/wp\/v2\/tribe_events\/65373"}],"collection":[{"href":"https:\/\/www.ludwig-van.com\/montreal\/wp-json\/wp\/v2\/tribe_events"}],"about":[{"href":"https:\/\/www.ludwig-van.com\/montreal\/wp-json\/wp\/v2\/types\/tribe_events"}],"author":[{"embeddable":true,"href":"https:\/\/www.ludwig-van.com\/montreal\/wp-json\/wp\/v2\/users\/1"}],"replies":[{"embeddable":true,"href":"https:\/\/www.ludwig-van.com\/montreal\/wp-json\/wp\/v2\/comments?post=65373"}],"version-history":[{"count":1,"href":"https:\/\/www.ludwig-van.com\/montreal\/wp-json\/wp\/v2\/tribe_events\/65373\/revisions"}],"predecessor-version":[{"id":65375,"href":"https:\/\/www.ludwig-van.com\/montreal\/wp-json\/wp\/v2\/tribe_events\/65373\/revisions\/65375"}],"wp:attachment":[{"href":"https:\/\/www.ludwig-van.com\/montreal\/wp-json\/wp\/v2\/media?parent=65373"}],"wp:term":[{"taxonomy":"post_tag","embeddable":true,"href":"https:\/\/www.ludwig-van.com\/montreal\/wp-json\/wp\/v2\/tags?post=65373"},{"taxonomy":"tribe_events_cat","embeddable":true,"href":"https:\/\/www.ludwig-van.com\/montreal\/wp-json\/wp\/v2\/tribe_events_cat?post=65373"}],"curies":[{"name":"wp","href":"https:\/\/api.w.org\/{rel}","templated":true}]}}

<div><a href="https://www.facebook.com/events/1322926871388577/?acontext=%7B%22ref%22%3A%2252%22%2C%22action_history%22%3A%22[%7B%5C%22surface%5C%22%3A%5C%22share_link%5C%22%2C%5C%22mechanism%5C%22%3A%5C%22share_link%5C%22%2C%5C%22extra_data%5C%22%3A%7B%5C%22invite_link_id%5C%22%3A815784962596304%7D%7D]%22%7D" target="_blank" rel="noopener noreferrer">WEBDIFFUSION EN DIRECT &#8211; BEETHOVEN VIRTUAL</a></div>
<div></div>
<div>Programme</div>
<div></div>
<div><strong>Beethoven </strong>Sonate no. 5 pour violon et piano en fa majeur, op. 24 « Printemps »<br />
<strong>Beethoven</strong> Trio à cordes no. 5 en do mineur, op. 9 no. 3<br />
<strong>Beethoven</strong> Quatuor pour piano, violon, alto et violoncelle en mi bémol majeur, op. 16</div>
<div>(arrangé par Simon Aldrich pour piano, clarinette, alto et violoncelle)</div>
<div></div>
<div>Musiciens</div>
<div></div>
<div><strong>Dorothy Fieldman Fraiberg</strong>, piano ~ <strong>Simon Aldrich</strong>, clarinette ~ <strong>Alexander Lozowski</strong>, violon ~ <strong>Pierre Tourville</strong>, alto ~ <strong>Sheila Hannigan</strong>, violoncelle</div>

<p>WEBDIFFUSION EN DIRECT &#8211; BEETHOVEN VIRTUAL Programme Beethoven Sonate no. 5 pour violon et piano en fa majeur, op. 24 « Printemps » Beethoven Trio à cordes no. 5 en do mineur, op. 9 no. 3 Beethoven Quatuor pour piano, violon, alto et violoncelle en mi bémol majeur, op. 16 (arrangé par Simon Aldrich pour [&hellip;]</p>
