{"id":65317,"date":"2020-11-04T11:50:36","date_gmt":"2020-11-04T16:50:36","guid":{"rendered":"https:\/\/www.ludwig-van.com\/montreal\/?post_type=tribe_events&#038;p=65317"},"modified":"2020-11-04T11:50:36","modified_gmt":"2020-11-04T16:50:36","slug":"david-jacques-histoires-de-guitares","status":"publish","type":"tribe_events","link":"https:\/\/www.ludwig-van.com\/montreal\/event\/david-jacques-histoires-de-guitares\/","title":{"rendered":"David Jacques &#8211; Histoires de guitares"},"content":{"rendered":"<p><a href=\"https:\/\/www.facebook.com\/events\/2875632295870352\/?acontext=%7B%22action_history%22%3A[%7B%22surface%22%3A%22page%22%2C%22mechanism%22%3A%22page_admin_bar%22%2C%22extra_data%22%3A%22%7B%5C%22page_id%5C%22%3A1682513958701079%7D%22%7D%2C%7B%22surface%22%3A%22events_admin_tool%22%2C%22mechanism%22%3A%22events_admin_tool%22%2C%22extra_data%22%3A%22[]%22%7D]%2C%22has_source%22%3Atrue%7D\" target=\"_blank\" rel=\"noopener noreferrer\">WEBDIFFUSION EN DIRECT SUR FACEBOOK<\/a><\/p>\n<p>&nbsp;<\/p>\n<p><span class=\"m_-6651939565267318275textLink\">Plusieurs instruments historiques sur sc\u00e8ne.<br \/>\nMusique espagnole pour voix et guitares des 18e et 19e si\u00e8cles, interpr\u00e9t\u00e9e par le sp\u00e9cialiste de la guitare ancienne au Qu\u00e9bec.<\/span><\/p>\n","protected":false},"excerpt":{"rendered":"<p>WEBDIFFUSION EN DIRECT SUR FACEBOOK &nbsp; Plusieurs instruments historiques sur sc\u00e8ne. Musique espagnole pour voix et guitares des 18e et 19e si\u00e8cles, interpr\u00e9t\u00e9e par le sp\u00e9cialiste de la guitare ancienne au Qu\u00e9bec.<\/p>\n","protected":false},"author":1,"featured_media":65310,"comment_status":"open","ping_status":"closed","template":"","meta":{"om_disable_all_campaigns":false,"jetpack_post_was_ever_published":false},"tags":[],"tribe_events_cat":[],"acf":[],"jetpack_sharing_enabled":true,"_links":{"self":[{"href":"https:\/\/www.ludwig-van.com\/montreal\/wp-json\/wp\/v2\/tribe_events\/65317"}],"collection":[{"href":"https:\/\/www.ludwig-van.com\/montreal\/wp-json\/wp\/v2\/tribe_events"}],"about":[{"href":"https:\/\/www.ludwig-van.com\/montreal\/wp-json\/wp\/v2\/types\/tribe_events"}],"author":[{"embeddable":true,"href":"https:\/\/www.ludwig-van.com\/montreal\/wp-json\/wp\/v2\/users\/1"}],"replies":[{"embeddable":true,"href":"https:\/\/www.ludwig-van.com\/montreal\/wp-json\/wp\/v2\/comments?post=65317"}],"version-history":[{"count":1,"href":"https:\/\/www.ludwig-van.com\/montreal\/wp-json\/wp\/v2\/tribe_events\/65317\/revisions"}],"predecessor-version":[{"id":65318,"href":"https:\/\/www.ludwig-van.com\/montreal\/wp-json\/wp\/v2\/tribe_events\/65317\/revisions\/65318"}],"wp:featuredmedia":[{"embeddable":true,"href":"https:\/\/www.ludwig-van.com\/montreal\/wp-json\/wp\/v2\/media\/65310"}],"wp:attachment":[{"href":"https:\/\/www.ludwig-van.com\/montreal\/wp-json\/wp\/v2\/media?parent=65317"}],"wp:term":[{"taxonomy":"post_tag","embeddable":true,"href":"https:\/\/www.ludwig-van.com\/montreal\/wp-json\/wp\/v2\/tags?post=65317"},{"taxonomy":"tribe_events_cat","embeddable":true,"href":"https:\/\/www.ludwig-van.com\/montreal\/wp-json\/wp\/v2\/tribe_events_cat?post=65317"}],"curies":[{"name":"wp","href":"https:\/\/api.w.org\/{rel}","templated":true}]}}

<p><a href="https://www.facebook.com/events/2875632295870352/?acontext=%7B%22action_history%22%3A[%7B%22surface%22%3A%22page%22%2C%22mechanism%22%3A%22page_admin_bar%22%2C%22extra_data%22%3A%22%7B%5C%22page_id%5C%22%3A1682513958701079%7D%22%7D%2C%7B%22surface%22%3A%22events_admin_tool%22%2C%22mechanism%22%3A%22events_admin_tool%22%2C%22extra_data%22%3A%22[]%22%7D]%2C%22has_source%22%3Atrue%7D" target="_blank" rel="noopener noreferrer">WEBDIFFUSION EN DIRECT SUR FACEBOOK</a></p>
<p>&nbsp;</p>
<p><span class="m_-6651939565267318275textLink">Plusieurs instruments historiques sur scène.<br />
Musique espagnole pour voix et guitares des 18e et 19e siècles, interprétée par le spécialiste de la guitare ancienne au Québec.</span></p>

<p>WEBDIFFUSION EN DIRECT SUR FACEBOOK &nbsp; Plusieurs instruments historiques sur scène. Musique espagnole pour voix et guitares des 18e et 19e siècles, interprétée par le spécialiste de la guitare ancienne au Québec.</p>
