{"id":65315,"date":"2020-11-04T11:45:40","date_gmt":"2020-11-04T16:45:40","guid":{"rendered":"https:\/\/www.ludwig-van.com\/montreal\/?post_type=tribe_events&#038;p=65315"},"modified":"2020-11-04T11:46:28","modified_gmt":"2020-11-04T16:46:28","slug":"tariq-harb-guitare","status":"publish","type":"tribe_events","link":"https:\/\/www.ludwig-van.com\/montreal\/event\/tariq-harb-guitare\/","title":{"rendered":"Tariq Harb, guitare"},"content":{"rendered":"<p><a href=\"https:\/\/www.facebook.com\/events\/2761730950751041\/?acontext=%7B%22action_history%22%3A[%7B%22surface%22%3A%22page%22%2C%22mechanism%22%3A%22page_admin_bar%22%2C%22extra_data%22%3A%22%7B%5C%22page_id%5C%22%3A1682513958701079%7D%22%7D%2C%7B%22surface%22%3A%22events_admin_tool%22%2C%22mechanism%22%3A%22events_admin_tool%22%2C%22extra_data%22%3A%22[]%22%7D]%2C%22has_source%22%3Atrue%7D\" target=\"_blank\" rel=\"noopener noreferrer\">WEBDIFFUSION EN DIRECT SUR FACEBOOK<\/a><strong><br \/>\n<\/strong><\/p>\n<p><span class=\"m_-6651939565267318275textLink\">Joaquim Malats : Serenata Espa\u00f1ola, adaptation: Francisco T\u00e1rrega<br \/>\nFrancisco T\u00e1rrega : Capricho \u00c1rabe<br \/>\nTariq Harb : Spirit &#8211; Suite for Guitar<br \/>\nIsaac Alb\u00e9niz: Asturias, adaptation: Tariq Harb<br \/>\nAgust\u00edn Barrios Mangor\u00e9: Valse no 4, opus 8<br \/>\nJohann Sebastian Bach : Toccata and Fugue, BWV 565, adaptation: Edson Lopes<br \/>\nDavid Coto : Instante, d\u00e9di\u00e9 \u00e0 Tariq Harb<br \/>\nJos\u00e9 Luis Merlin : Suite del Recuerdo, Joropo\u00a0<\/span><\/p>\n","protected":false},"excerpt":{"rendered":"<p>WEBDIFFUSION EN DIRECT SUR FACEBOOK Joaquim Malats : Serenata Espa\u00f1ola, adaptation: Francisco T\u00e1rrega Francisco T\u00e1rrega : Capricho \u00c1rabe Tariq Harb : Spirit &#8211; Suite for Guitar Isaac Alb\u00e9niz: Asturias, adaptation: Tariq Harb Agust\u00edn Barrios Mangor\u00e9: Valse no 4, opus 8 Johann Sebastian Bach : Toccata and Fugue, BWV 565, adaptation: Edson Lopes David Coto : [&hellip;]<\/p>\n","protected":false},"author":1,"featured_media":65309,"comment_status":"open","ping_status":"closed","template":"","meta":{"om_disable_all_campaigns":false,"jetpack_post_was_ever_published":false},"tags":[],"tribe_events_cat":[],"acf":[],"jetpack_sharing_enabled":true,"_links":{"self":[{"href":"https:\/\/www.ludwig-van.com\/montreal\/wp-json\/wp\/v2\/tribe_events\/65315"}],"collection":[{"href":"https:\/\/www.ludwig-van.com\/montreal\/wp-json\/wp\/v2\/tribe_events"}],"about":[{"href":"https:\/\/www.ludwig-van.com\/montreal\/wp-json\/wp\/v2\/types\/tribe_events"}],"author":[{"embeddable":true,"href":"https:\/\/www.ludwig-van.com\/montreal\/wp-json\/wp\/v2\/users\/1"}],"replies":[{"embeddable":true,"href":"https:\/\/www.ludwig-van.com\/montreal\/wp-json\/wp\/v2\/comments?post=65315"}],"version-history":[{"count":1,"href":"https:\/\/www.ludwig-van.com\/montreal\/wp-json\/wp\/v2\/tribe_events\/65315\/revisions"}],"predecessor-version":[{"id":65316,"href":"https:\/\/www.ludwig-van.com\/montreal\/wp-json\/wp\/v2\/tribe_events\/65315\/revisions\/65316"}],"wp:featuredmedia":[{"embeddable":true,"href":"https:\/\/www.ludwig-van.com\/montreal\/wp-json\/wp\/v2\/media\/65309"}],"wp:attachment":[{"href":"https:\/\/www.ludwig-van.com\/montreal\/wp-json\/wp\/v2\/media?parent=65315"}],"wp:term":[{"taxonomy":"post_tag","embeddable":true,"href":"https:\/\/www.ludwig-van.com\/montreal\/wp-json\/wp\/v2\/tags?post=65315"},{"taxonomy":"tribe_events_cat","embeddable":true,"href":"https:\/\/www.ludwig-van.com\/montreal\/wp-json\/wp\/v2\/tribe_events_cat?post=65315"}],"curies":[{"name":"wp","href":"https:\/\/api.w.org\/{rel}","templated":true}]}}

<p><a href="https://www.facebook.com/events/2761730950751041/?acontext=%7B%22action_history%22%3A[%7B%22surface%22%3A%22page%22%2C%22mechanism%22%3A%22page_admin_bar%22%2C%22extra_data%22%3A%22%7B%5C%22page_id%5C%22%3A1682513958701079%7D%22%7D%2C%7B%22surface%22%3A%22events_admin_tool%22%2C%22mechanism%22%3A%22events_admin_tool%22%2C%22extra_data%22%3A%22[]%22%7D]%2C%22has_source%22%3Atrue%7D" target="_blank" rel="noopener noreferrer">WEBDIFFUSION EN DIRECT SUR FACEBOOK</a><strong><br />
</strong></p>
<p><span class="m_-6651939565267318275textLink">Joaquim Malats : Serenata Española, adaptation: Francisco Tárrega<br />
Francisco Tárrega : Capricho Árabe<br />
Tariq Harb : Spirit &#8211; Suite for Guitar<br />
Isaac Albéniz: Asturias, adaptation: Tariq Harb<br />
Agustín Barrios Mangoré: Valse no 4, opus 8<br />
Johann Sebastian Bach : Toccata and Fugue, BWV 565, adaptation: Edson Lopes<br />
David Coto : Instante, dédié à Tariq Harb<br />
José Luis Merlin : Suite del Recuerdo, Joropo </span></p>

<p>WEBDIFFUSION EN DIRECT SUR FACEBOOK Joaquim Malats : Serenata Española, adaptation: Francisco Tárrega Francisco Tárrega : Capricho Árabe Tariq Harb : Spirit &#8211; Suite for Guitar Isaac Albéniz: Asturias, adaptation: Tariq Harb Agustín Barrios Mangoré: Valse no 4, opus 8 Johann Sebastian Bach : Toccata and Fugue, BWV 565, adaptation: Edson Lopes David Coto : [&hellip;]</p>
