{"id":64065,"date":"2020-02-24T16:33:35","date_gmt":"2020-02-24T21:33:35","guid":{"rendered":"https:\/\/www.ludwig-van.com\/montreal\/?post_type=tribe_events&#038;p=64065"},"modified":"2020-02-24T16:33:35","modified_gmt":"2020-02-24T21:33:35","slug":"arte-musica-trio-grimal-gastinel-cassard-trio-strauss-mcnabney-haimovitz-concert-1","status":"publish","type":"tribe_events","link":"https:\/\/www.ludwig-van.com\/montreal\/event\/arte-musica-trio-grimal-gastinel-cassard-trio-strauss-mcnabney-haimovitz-concert-1\/","title":{"rendered":"Arte musica | TRIO GRIMAL GASTINEL CASSARD &#8211; TRIO STRAUSS MCNABNEY HAIMOVITZ &#8211; CONCERT 1"},"content":{"rendered":"<p>Six instrumentistes hors pair unissent leurs forces pour pr\u00e9senter un panorama de la musique de chambre de Beethoven pour trio \u00e0 cordes, quintette \u00e0 cordes, trio avec piano et quatuor avec piano.<\/p>\n<p>&nbsp;<\/p>\n<div id=\"websection1\" class=\"section_content_additionnel columns small-12 medium-4\">\n<div class=\"columns small-12\">\n<div class=\"content_wrap\">\n<p><strong>Trio Grimal Gastinel Cassard (France)<br \/>\n<\/strong><br \/>\n<strong>David Grimal<\/strong>, violon<br \/>\n<strong>Anne Gastinel<\/strong>, violoncelle<br \/>\n<strong>Philippe Cassard<\/strong>, piano<\/p>\n<p><strong>Trio Strauss McNabney Haimovitz (Canada)<br \/>\n<\/strong><br \/>\n<strong>Axel Strauss<\/strong>, violon<br \/>\n<strong>Douglas McNabney<\/strong>, alto<br \/>\n<strong>Matt Haimovitz<\/strong>, violoncelle<\/p>\n<\/div>\n<\/div>\n<div class=\"clear clearfix\"><\/div>\n<\/div>\n<div id=\"websection2\" class=\"section_content_additionnel columns small-12 medium-8\">\n<div class=\"columns small-12\">\n<div class=\"title green_title\">PROGRAMME<\/div>\n<div class=\"content_wrap\">\n<p><strong>Musique de chambre de BEETHOVEN \u2013 Concert I<\/strong><\/p>\n<p>Trio \u00e0 cordes n<sup>o<\/sup>\u00a05 en\u00a0<em>do<\/em>\u00a0mineur, op. 9 n<sup>o<\/sup>\u00a03<br \/>\nQuatuor avec piano en\u00a0<em>mi<\/em>\u00a0b\u00e9mol majeur, op. 16b<br \/>\nTrio avec piano n<sup>o<\/sup>\u00a05 en\u00a0<em>r\u00e9<\/em>\u00a0majeur, op 71 n<sup>o<\/sup>\u00a01, \u00ab Des Esprits \u00bb<\/p>\n<\/div>\n<\/div>\n<\/div>\n","protected":false},"excerpt":{"rendered":"<p>Six instrumentistes hors pair unissent leurs forces pour pr\u00e9senter un panorama de la musique de chambre de Beethoven pour trio \u00e0 cordes, quintette \u00e0 cordes, trio avec piano et quatuor avec piano. &nbsp; Trio Grimal Gastinel Cassard (France) David Grimal, violon Anne Gastinel, violoncelle Philippe Cassard, piano Trio Strauss McNabney Haimovitz (Canada) Axel Strauss, violon [&hellip;]<\/p>\n","protected":false},"author":1,"featured_media":51567,"comment_status":"open","ping_status":"closed","template":"","meta":{"om_disable_all_campaigns":false,"jetpack_post_was_ever_published":false},"tags":[],"tribe_events_cat":[6109,5052,5124,6476],"acf":[],"jetpack_sharing_enabled":true,"_links":{"self":[{"href":"https:\/\/www.ludwig-van.com\/montreal\/wp-json\/wp\/v2\/tribe_events\/64065"}],"collection":[{"href":"https:\/\/www.ludwig-van.com\/montreal\/wp-json\/wp\/v2\/tribe_events"}],"about":[{"href":"https:\/\/www.ludwig-van.com\/montreal\/wp-json\/wp\/v2\/types\/tribe_events"}],"author":[{"embeddable":true,"href":"https:\/\/www.ludwig-van.com\/montreal\/wp-json\/wp\/v2\/users\/1"}],"replies":[{"embeddable":true,"href":"https:\/\/www.ludwig-van.com\/montreal\/wp-json\/wp\/v2\/comments?post=64065"}],"version-history":[{"count":1,"href":"https:\/\/www.ludwig-van.com\/montreal\/wp-json\/wp\/v2\/tribe_events\/64065\/revisions"}],"predecessor-version":[{"id":64066,"href":"https:\/\/www.ludwig-van.com\/montreal\/wp-json\/wp\/v2\/tribe_events\/64065\/revisions\/64066"}],"wp:featuredmedia":[{"embeddable":true,"href":"https:\/\/www.ludwig-van.com\/montreal\/wp-json\/wp\/v2\/media\/51567"}],"wp:attachment":[{"href":"https:\/\/www.ludwig-van.com\/montreal\/wp-json\/wp\/v2\/media?parent=64065"}],"wp:term":[{"taxonomy":"post_tag","embeddable":true,"href":"https:\/\/www.ludwig-van.com\/montreal\/wp-json\/wp\/v2\/tags?post=64065"},{"taxonomy":"tribe_events_cat","embeddable":true,"href":"https:\/\/www.ludwig-van.com\/montreal\/wp-json\/wp\/v2\/tribe_events_cat?post=64065"}],"curies":[{"name":"wp","href":"https:\/\/api.w.org\/{rel}","templated":true}]}}

<p>Six instrumentistes hors pair unissent leurs forces pour présenter un panorama de la musique de chambre de Beethoven pour trio à cordes, quintette à cordes, trio avec piano et quatuor avec piano.</p>
<p>&nbsp;</p>
<div id="websection1" class="section_content_additionnel columns small-12 medium-4">
<div class="columns small-12">
<div class="content_wrap">
<p><strong>Trio Grimal Gastinel Cassard (France)<br />
</strong><br />
<strong>David Grimal</strong>, violon<br />
<strong>Anne Gastinel</strong>, violoncelle<br />
<strong>Philippe Cassard</strong>, piano</p>
<p><strong>Trio Strauss McNabney Haimovitz (Canada)<br />
</strong><br />
<strong>Axel Strauss</strong>, violon<br />
<strong>Douglas McNabney</strong>, alto<br />
<strong>Matt Haimovitz</strong>, violoncelle</p>
</div>
</div>
<div class="clear clearfix"></div>
</div>
<div id="websection2" class="section_content_additionnel columns small-12 medium-8">
<div class="columns small-12">
<div class="title green_title">PROGRAMME</div>
<div class="content_wrap">
<p><strong>Musique de chambre de BEETHOVEN – Concert I</strong></p>
<p>Trio à cordes n<sup>o</sup> 5 en <em>do</em> mineur, op. 9 n<sup>o</sup> 3<br />
Quatuor avec piano en <em>mi</em> bémol majeur, op. 16b<br />
Trio avec piano n<sup>o</sup> 5 en <em>ré</em> majeur, op 71 n<sup>o</sup> 1, « Des Esprits »</p>
</div>
</div>
</div>

<p>Six instrumentistes hors pair unissent leurs forces pour présenter un panorama de la musique de chambre de Beethoven pour trio à cordes, quintette à cordes, trio avec piano et quatuor avec piano. &nbsp; Trio Grimal Gastinel Cassard (France) David Grimal, violon Anne Gastinel, violoncelle Philippe Cassard, piano Trio Strauss McNabney Haimovitz (Canada) Axel Strauss, violon [&hellip;]</p>
