{"id":64055,"date":"2020-02-24T15:32:06","date_gmt":"2020-02-24T20:32:06","guid":{"rendered":"https:\/\/www.ludwig-van.com\/montreal\/?post_type=tribe_events&#038;p=64055"},"modified":"2020-02-24T15:32:06","modified_gmt":"2020-02-24T20:32:06","slug":"arte-musica-poemes-prieres-beatitudes-marie-josee-lord-hugues-cloutier","status":"publish","type":"tribe_events","link":"https:\/\/www.ludwig-van.com\/montreal\/event\/arte-musica-poemes-prieres-beatitudes-marie-josee-lord-hugues-cloutier\/","title":{"rendered":"Arte musica | Po\u00e8mes, pri\u00e8res et b\u00e9atitudes &#8211; Marie-Jos\u00e9e Lord et Hugues Cloutier"},"content":{"rendered":"<p>Un programme hors du commun qui combine la m\u00e9lodie fran\u00e7aise, les accents du jazz et la tradition des\u00a0<em>spirituals<\/em>, par une de nos grandes voix.<\/p>\n<p>&nbsp;<\/p>\n<div id=\"websection2\" class=\"section_content_additionnel columns small-12 medium-8\">\n<div class=\"columns small-12\">\n<div class=\"title green_title\">PROGRAMME<\/div>\n<div class=\"content_wrap\">\n<p>H. Duparc (1848-1933)<\/p>\n<p>Chanson triste<\/p>\n<div>\n<div>L&rsquo;invitation au voyage<\/div>\n<div>La vie ant\u00e9rieure<\/div>\n<div><\/div>\n<div>E. Chausson (1855-1899)<\/div>\n<div>Po\u00e8me de l&rsquo;amour et de la mer, op. 19<\/div>\n<div>La Fleur des eaux<\/div>\n<div>Interlude<\/div>\n<div>La mort de l\u2019amour<\/div>\n<div><strong><u>\u00a0<\/u><\/strong><\/div>\n<div><strong><u>Entracte\u00a0<\/u><\/strong><\/div>\n<div><\/div>\n<div>L. Bernstein (1918-1990)<\/div>\n<div>Five Kid Songs<\/div>\n<div><\/div>\n<div>L. Bernstein (1918-1990)<\/div>\n<div>I Feel Pretty<\/div>\n<div><\/div>\n<div>G. Gershwin (1898-1937)<\/div>\n<div>Summertime<\/div>\n<div><\/div>\n<div>L. Bernstein\u00a0(1918-1990)<\/div>\n<div>Somewhere<\/div>\n<div><\/div>\n<div>G. Gershwin\u00a0(1898-1937)<\/div>\n<div>My Man&rsquo;s Gone Now<\/div>\n<div><\/div>\n<div>Sometimes I Feel Like a Motherless Child &#8211; Spiritual<\/div>\n<div>Couldn&rsquo;t Hear Nobody Pray &#8211; Spiritual<\/div>\n<div>He&rsquo;s Got the Whole World in His Hand Spiritual &#8211; Spiritual<\/div>\n<div>Amazing Grace &#8211; Spiritual<\/div>\n<div>Ride On King Jesus \u2013 Spiritual<\/div>\n<\/div>\n<\/div>\n<\/div>\n<div class=\"clear clearfix\"><\/div>\n<\/div>\n<div class=\"clear clearfix\"><\/div>\n","protected":false},"excerpt":{"rendered":"<p>Un programme hors du commun qui combine la m\u00e9lodie fran\u00e7aise, les accents du jazz et la tradition des\u00a0spirituals, par une de nos grandes voix. &nbsp; PROGRAMME H. Duparc (1848-1933) Chanson triste L&rsquo;invitation au voyage La vie ant\u00e9rieure E. Chausson (1855-1899) Po\u00e8me de l&rsquo;amour et de la mer, op. 19 La Fleur des eaux Interlude La [&hellip;]<\/p>\n","protected":false},"author":1,"featured_media":51974,"comment_status":"open","ping_status":"closed","template":"","meta":{"om_disable_all_campaigns":false,"jetpack_post_was_ever_published":false},"tags":[],"tribe_events_cat":[5024,5050],"acf":[],"jetpack_sharing_enabled":true,"_links":{"self":[{"href":"https:\/\/www.ludwig-van.com\/montreal\/wp-json\/wp\/v2\/tribe_events\/64055"}],"collection":[{"href":"https:\/\/www.ludwig-van.com\/montreal\/wp-json\/wp\/v2\/tribe_events"}],"about":[{"href":"https:\/\/www.ludwig-van.com\/montreal\/wp-json\/wp\/v2\/types\/tribe_events"}],"author":[{"embeddable":true,"href":"https:\/\/www.ludwig-van.com\/montreal\/wp-json\/wp\/v2\/users\/1"}],"replies":[{"embeddable":true,"href":"https:\/\/www.ludwig-van.com\/montreal\/wp-json\/wp\/v2\/comments?post=64055"}],"version-history":[{"count":1,"href":"https:\/\/www.ludwig-van.com\/montreal\/wp-json\/wp\/v2\/tribe_events\/64055\/revisions"}],"predecessor-version":[{"id":64056,"href":"https:\/\/www.ludwig-van.com\/montreal\/wp-json\/wp\/v2\/tribe_events\/64055\/revisions\/64056"}],"wp:featuredmedia":[{"embeddable":true,"href":"https:\/\/www.ludwig-van.com\/montreal\/wp-json\/wp\/v2\/media\/51974"}],"wp:attachment":[{"href":"https:\/\/www.ludwig-van.com\/montreal\/wp-json\/wp\/v2\/media?parent=64055"}],"wp:term":[{"taxonomy":"post_tag","embeddable":true,"href":"https:\/\/www.ludwig-van.com\/montreal\/wp-json\/wp\/v2\/tags?post=64055"},{"taxonomy":"tribe_events_cat","embeddable":true,"href":"https:\/\/www.ludwig-van.com\/montreal\/wp-json\/wp\/v2\/tribe_events_cat?post=64055"}],"curies":[{"name":"wp","href":"https:\/\/api.w.org\/{rel}","templated":true}]}}

Arte musica | Poèmes, prières et béatitudes &#8211; Marie-Josée Lord et Hugues Cloutier

<p>Un programme hors du commun qui combine la mélodie française, les accents du jazz et la tradition des <em>spirituals</em>, par une de nos grandes voix.</p>
<p>&nbsp;</p>
<div id="websection2" class="section_content_additionnel columns small-12 medium-8">
<div class="columns small-12">
<div class="title green_title">PROGRAMME</div>
<div class="content_wrap">
<p>H. Duparc (1848-1933)</p>
<p>Chanson triste</p>
<div>
<div>L&rsquo;invitation au voyage</div>
<div>La vie antérieure</div>
<div></div>
<div>E. Chausson (1855-1899)</div>
<div>Poème de l&rsquo;amour et de la mer, op. 19</div>
<div>La Fleur des eaux</div>
<div>Interlude</div>
<div>La mort de l’amour</div>
<div><strong><u> </u></strong></div>
<div><strong><u>Entracte </u></strong></div>
<div></div>
<div>L. Bernstein (1918-1990)</div>
<div>Five Kid Songs</div>
<div></div>
<div>L. Bernstein (1918-1990)</div>
<div>I Feel Pretty</div>
<div></div>
<div>G. Gershwin (1898-1937)</div>
<div>Summertime</div>
<div></div>
<div>L. Bernstein (1918-1990)</div>
<div>Somewhere</div>
<div></div>
<div>G. Gershwin (1898-1937)</div>
<div>My Man&rsquo;s Gone Now</div>
<div></div>
<div>Sometimes I Feel Like a Motherless Child &#8211; Spiritual</div>
<div>Couldn&rsquo;t Hear Nobody Pray &#8211; Spiritual</div>
<div>He&rsquo;s Got the Whole World in His Hand Spiritual &#8211; Spiritual</div>
<div>Amazing Grace &#8211; Spiritual</div>
<div>Ride On King Jesus – Spiritual</div>
</div>
</div>
</div>
<div class="clear clearfix"></div>
</div>
<div class="clear clearfix"></div>

<p>Un programme hors du commun qui combine la mélodie française, les accents du jazz et la tradition des spirituals, par une de nos grandes voix. &nbsp; PROGRAMME H. Duparc (1848-1933) Chanson triste L&rsquo;invitation au voyage La vie antérieure E. Chausson (1855-1899) Poème de l&rsquo;amour et de la mer, op. 19 La Fleur des eaux Interlude La [&hellip;]</p>
