{"id":63821,"date":"2020-01-27T18:28:53","date_gmt":"2020-01-27T23:28:53","guid":{"rendered":"https:\/\/www.ludwig-van.com\/montreal\/?post_type=tribe_events&#038;p=63821"},"modified":"2020-01-27T18:28:53","modified_gmt":"2020-01-27T23:28:53","slug":"chapelle-historique-pasteur-boccheriniana","status":"publish","type":"tribe_events","link":"https:\/\/www.ludwig-van.com\/montreal\/event\/chapelle-historique-pasteur-boccheriniana\/","title":{"rendered":"Chapelle historique du Bon-Pasteur | Boccheriniana"},"content":{"rendered":"<p>**COMPLET**<\/p>\n<p>Jan De Winne, fl\u00fbte<\/p>\n<p>LauraAndriani, violon<\/p>\n<p>RossellaCroce, violon<\/p>\n<p>IsaakChalk, alto<\/p>\n<p>Elinor Frey, violoncelle<\/p>\n<p>Dans le cadre de la s\u00e9rie de la violoncelliste r\u00e9sidente Elinor Frey.<\/p>\n<p>En collaboration avec l&rsquo;Institut culturel italien<\/p>\n<p>Luigi Boccherini :<\/p>\n<p>Quintette pour fl\u00fbte et cordes, opus 55 no 6<\/p>\n<p>Trio no 2 en sol majeur opus 34<\/p>\n<p>Quartetto, opus 2 no 2 en si b\u00e9mol majeur, G.160<\/p>\n<p>Quintette pour fl\u00fbte et cordes en sol mineur, opus 19 no 2,<\/p>\n<p>W. A. Mozart :<\/p>\n<p>Quatuor pour fl\u00fbte et cordes en r\u00e9 majeur, KV285<\/p>\n","protected":false},"excerpt":{"rendered":"<p>**COMPLET** Jan De Winne, fl\u00fbte LauraAndriani, violon RossellaCroce, violon IsaakChalk, alto Elinor Frey, violoncelle Dans le cadre de la s\u00e9rie de la violoncelliste r\u00e9sidente Elinor Frey. En collaboration avec l&rsquo;Institut culturel italien Luigi Boccherini : Quintette pour fl\u00fbte et cordes, opus 55 no 6 Trio no 2 en sol majeur opus 34 Quartetto, opus 2 [&hellip;]<\/p>\n","protected":false},"author":1,"featured_media":57159,"comment_status":"open","ping_status":"closed","template":"","meta":{"om_disable_all_campaigns":false,"jetpack_post_was_ever_published":false},"tags":[],"tribe_events_cat":[6109,5052,5053,5124,6476],"acf":[],"jetpack_sharing_enabled":true,"_links":{"self":[{"href":"https:\/\/www.ludwig-van.com\/montreal\/wp-json\/wp\/v2\/tribe_events\/63821"}],"collection":[{"href":"https:\/\/www.ludwig-van.com\/montreal\/wp-json\/wp\/v2\/tribe_events"}],"about":[{"href":"https:\/\/www.ludwig-van.com\/montreal\/wp-json\/wp\/v2\/types\/tribe_events"}],"author":[{"embeddable":true,"href":"https:\/\/www.ludwig-van.com\/montreal\/wp-json\/wp\/v2\/users\/1"}],"replies":[{"embeddable":true,"href":"https:\/\/www.ludwig-van.com\/montreal\/wp-json\/wp\/v2\/comments?post=63821"}],"version-history":[{"count":1,"href":"https:\/\/www.ludwig-van.com\/montreal\/wp-json\/wp\/v2\/tribe_events\/63821\/revisions"}],"predecessor-version":[{"id":63822,"href":"https:\/\/www.ludwig-van.com\/montreal\/wp-json\/wp\/v2\/tribe_events\/63821\/revisions\/63822"}],"wp:featuredmedia":[{"embeddable":true,"href":"https:\/\/www.ludwig-van.com\/montreal\/wp-json\/wp\/v2\/media\/57159"}],"wp:attachment":[{"href":"https:\/\/www.ludwig-van.com\/montreal\/wp-json\/wp\/v2\/media?parent=63821"}],"wp:term":[{"taxonomy":"post_tag","embeddable":true,"href":"https:\/\/www.ludwig-van.com\/montreal\/wp-json\/wp\/v2\/tags?post=63821"},{"taxonomy":"tribe_events_cat","embeddable":true,"href":"https:\/\/www.ludwig-van.com\/montreal\/wp-json\/wp\/v2\/tribe_events_cat?post=63821"}],"curies":[{"name":"wp","href":"https:\/\/api.w.org\/{rel}","templated":true}]}}

<p>**COMPLET**</p>
<p>Jan De Winne, flûte</p>
<p>LauraAndriani, violon</p>
<p>RossellaCroce, violon</p>
<p>IsaakChalk, alto</p>
<p>Elinor Frey, violoncelle</p>
<p>Dans le cadre de la série de la violoncelliste résidente Elinor Frey.</p>
<p>En collaboration avec l&rsquo;Institut culturel italien</p>
<p>Luigi Boccherini :</p>
<p>Quintette pour flûte et cordes, opus 55 no 6</p>
<p>Trio no 2 en sol majeur opus 34</p>
<p>Quartetto, opus 2 no 2 en si bémol majeur, G.160</p>
<p>Quintette pour flûte et cordes en sol mineur, opus 19 no 2,</p>
<p>W. A. Mozart :</p>
<p>Quatuor pour flûte et cordes en ré majeur, KV285</p>

<p>**COMPLET** Jan De Winne, flûte LauraAndriani, violon RossellaCroce, violon IsaakChalk, alto Elinor Frey, violoncelle Dans le cadre de la série de la violoncelliste résidente Elinor Frey. En collaboration avec l&rsquo;Institut culturel italien Luigi Boccherini : Quintette pour flûte et cordes, opus 55 no 6 Trio no 2 en sol majeur opus 34 Quartetto, opus 2 [&hellip;]</p>
