{"id":63757,"date":"2020-01-21T14:14:57","date_gmt":"2020-01-21T19:14:57","guid":{"rendered":"https:\/\/www.ludwig-van.com\/montreal\/?post_type=tribe_events&#038;p=63757"},"modified":"2020-01-21T14:14:57","modified_gmt":"2020-01-21T19:14:57","slug":"arte-musica-festival-beethoven-2020-danish-string-quartet","status":"publish","type":"tribe_events","link":"https:\/\/www.ludwig-van.com\/montreal\/event\/arte-musica-festival-beethoven-2020-danish-string-quartet\/","title":{"rendered":"Arte musica | Festival Beethoven 2020 : Danish String Quartet"},"content":{"rendered":"<p>Afin de souligner avec \u00e9clat le\u00a0<strong>250<sup>e<\/sup>\u00a0anniversaire de naissance de\u00a0<\/strong><strong>Ludwig van Beethoven<\/strong>\u00a0(1770-1827), Arte Musica pr\u00e9sente en 2020, de\u00a0<strong>l\u2019int\u00e9grale des\u00a0<em>Quatuors \u00e0 cordes<\/em>\u00a0<\/strong>du c\u00e9l\u00e8bre compositeur<strong>.<\/strong><\/p>\n<p>&nbsp;<\/p>\n<div id=\"websection1\" class=\"section_content_additionnel columns small-12 medium-4\">\n<div class=\"columns small-12\">\n<div class=\"title green_title\">ARTISTES<\/div>\n<div class=\"content_wrap\">\n<p><strong>Danish String Quartet<\/strong><\/p>\n<p><strong>Frederik \u00d8land<\/strong>, violon<br \/>\n<strong>Rune Tonsgaard<\/strong>\u00a0<strong>S\u00f8rensen<\/strong>, violon<br \/>\n<strong>Stine Hasbirk<\/strong>, alto<br \/>\n<strong>Fredrik Sch\u00f8yen Sj\u00f6lin<\/strong>, violoncelle<\/p>\n<\/div>\n<\/div>\n<div class=\"clear clearfix\"><\/div>\n<\/div>\n<div id=\"websection2\" class=\"section_content_additionnel columns small-12 medium-8\">\n<div class=\"columns small-12\">\n<div class=\"title green_title\">PROGRAMME<\/div>\n<div class=\"content_wrap\">\n<p><strong>Int\u00e9grale des Quatuors \u00e0 cordes de BEETHOVEN \u2013 Concert I<\/strong><\/p>\n<p>Quatuor n<sup>o<\/sup>\u00a06 en\u00a0<em>si<\/em>\u00a0b\u00e9mol majeur, op. 18 n<sup>o<\/sup>\u00a06 \u00ab Lobkowitz \u00bb<br \/>\nQuatuor n<sup>o<\/sup>\u00a08 en<em>\u00a0mi\u00a0<\/em>mineur, op. 59 n<sup>o<\/sup>\u00a02 \u00ab Razoumovski \u00bb<br \/>\nQuatuor n<sup>o<\/sup>\u00a09 en\u00a0<em>do<\/em>\u00a0majeur, op. 59 n<sup>o<\/sup>\u00a03 \u00ab Razoumovski \u00bb<\/p>\n<\/div>\n<\/div>\n<\/div>\n","protected":false},"excerpt":{"rendered":"<p>Afin de souligner avec \u00e9clat le\u00a0250e\u00a0anniversaire de naissance de\u00a0Ludwig van Beethoven\u00a0(1770-1827), Arte Musica pr\u00e9sente en 2020, de\u00a0l\u2019int\u00e9grale des\u00a0Quatuors \u00e0 cordes\u00a0du c\u00e9l\u00e8bre compositeur. &nbsp; ARTISTES Danish String Quartet Frederik \u00d8land, violon Rune Tonsgaard\u00a0S\u00f8rensen, violon Stine Hasbirk, alto Fredrik Sch\u00f8yen Sj\u00f6lin, violoncelle PROGRAMME Int\u00e9grale des Quatuors \u00e0 cordes de BEETHOVEN \u2013 Concert I Quatuor no\u00a06 en\u00a0si\u00a0b\u00e9mol majeur, [&hellip;]<\/p>\n","protected":false},"author":1,"featured_media":61671,"comment_status":"open","ping_status":"closed","template":"","meta":{"om_disable_all_campaigns":false,"jetpack_post_was_ever_published":false},"tags":[],"tribe_events_cat":[6109,5052,5124,6476],"acf":[],"jetpack_sharing_enabled":true,"_links":{"self":[{"href":"https:\/\/www.ludwig-van.com\/montreal\/wp-json\/wp\/v2\/tribe_events\/63757"}],"collection":[{"href":"https:\/\/www.ludwig-van.com\/montreal\/wp-json\/wp\/v2\/tribe_events"}],"about":[{"href":"https:\/\/www.ludwig-van.com\/montreal\/wp-json\/wp\/v2\/types\/tribe_events"}],"author":[{"embeddable":true,"href":"https:\/\/www.ludwig-van.com\/montreal\/wp-json\/wp\/v2\/users\/1"}],"replies":[{"embeddable":true,"href":"https:\/\/www.ludwig-van.com\/montreal\/wp-json\/wp\/v2\/comments?post=63757"}],"version-history":[{"count":1,"href":"https:\/\/www.ludwig-van.com\/montreal\/wp-json\/wp\/v2\/tribe_events\/63757\/revisions"}],"predecessor-version":[{"id":63758,"href":"https:\/\/www.ludwig-van.com\/montreal\/wp-json\/wp\/v2\/tribe_events\/63757\/revisions\/63758"}],"wp:featuredmedia":[{"embeddable":true,"href":"https:\/\/www.ludwig-van.com\/montreal\/wp-json\/wp\/v2\/media\/61671"}],"wp:attachment":[{"href":"https:\/\/www.ludwig-van.com\/montreal\/wp-json\/wp\/v2\/media?parent=63757"}],"wp:term":[{"taxonomy":"post_tag","embeddable":true,"href":"https:\/\/www.ludwig-van.com\/montreal\/wp-json\/wp\/v2\/tags?post=63757"},{"taxonomy":"tribe_events_cat","embeddable":true,"href":"https:\/\/www.ludwig-van.com\/montreal\/wp-json\/wp\/v2\/tribe_events_cat?post=63757"}],"curies":[{"name":"wp","href":"https:\/\/api.w.org\/{rel}","templated":true}]}}

<p>Afin de souligner avec éclat le <strong>250<sup>e</sup> anniversaire de naissance de </strong><strong>Ludwig van Beethoven</strong> (1770-1827), Arte Musica présente en 2020, de <strong>l’intégrale des <em>Quatuors à cordes</em> </strong>du célèbre compositeur<strong>.</strong></p>
<p>&nbsp;</p>
<div id="websection1" class="section_content_additionnel columns small-12 medium-4">
<div class="columns small-12">
<div class="title green_title">ARTISTES</div>
<div class="content_wrap">
<p><strong>Danish String Quartet</strong></p>
<p><strong>Frederik Øland</strong>, violon<br />
<strong>Rune Tonsgaard</strong> <strong>Sørensen</strong>, violon<br />
<strong>Stine Hasbirk</strong>, alto<br />
<strong>Fredrik Schøyen Sjölin</strong>, violoncelle</p>
</div>
</div>
<div class="clear clearfix"></div>
</div>
<div id="websection2" class="section_content_additionnel columns small-12 medium-8">
<div class="columns small-12">
<div class="title green_title">PROGRAMME</div>
<div class="content_wrap">
<p><strong>Intégrale des Quatuors à cordes de BEETHOVEN – Concert I</strong></p>
<p>Quatuor n<sup>o</sup> 6 en <em>si</em> bémol majeur, op. 18 n<sup>o</sup> 6 « Lobkowitz »<br />
Quatuor n<sup>o</sup> 8 en<em> mi </em>mineur, op. 59 n<sup>o</sup> 2 « Razoumovski »<br />
Quatuor n<sup>o</sup> 9 en <em>do</em> majeur, op. 59 n<sup>o</sup> 3 « Razoumovski »</p>
</div>
</div>
</div>

<p>Afin de souligner avec éclat le 250e anniversaire de naissance de Ludwig van Beethoven (1770-1827), Arte Musica présente en 2020, de l’intégrale des Quatuors à cordes du célèbre compositeur. &nbsp; ARTISTES Danish String Quartet Frederik Øland, violon Rune Tonsgaard Sørensen, violon Stine Hasbirk, alto Fredrik Schøyen Sjölin, violoncelle PROGRAMME Intégrale des Quatuors à cordes de BEETHOVEN – Concert I Quatuor no 6 en si bémol majeur, [&hellip;]</p>
