{"id":63585,"date":"2020-01-08T15:59:54","date_gmt":"2020-01-08T20:59:54","guid":{"rendered":"https:\/\/www.ludwig-van.com\/montreal\/?post_type=tribe_events&#038;p=63585"},"modified":"2020-01-08T16:00:19","modified_gmt":"2020-01-08T21:00:19","slug":"serenite-sonore-lune-croissante-harpe","status":"publish","type":"tribe_events","link":"https:\/\/www.ludwig-van.com\/montreal\/event\/serenite-sonore-lune-croissante-harpe\/","title":{"rendered":"S\u00e9r\u00e9nit\u00e9 sonore | Lune croissante et harpe"},"content":{"rendered":"<h2>S\u00e9rie <em>AU F\u00c9MININ<\/em> (1 de 5)<\/h2>\n<h2>Apprivoisez la sagesse du cycle f\u00e9minin par la m\u00e9ditation et la harpe.<\/h2>\n<p class=\"\">En ce 10 janvier: M\u00e9ditation guid\u00e9e sur la lune croissante (arch\u00e9type de la jeune fille) sur musique de harpe celtique. Avec Florence Vinit, psychoth\u00e9rapeute, autrice et conf\u00e9rienci\u00e8re, passionn\u00e9e par les passages de vie et le rapport au corps et Annabelle Renzo, harpiste et fondatrice de S\u00e9r\u00e9nit\u00e9 Sonore.<\/p>\n<p>&nbsp;<\/p>\n<h2>abonnement \u00e0 la s\u00e9rie<\/h2>\n<h2>(5 concerts au prix de 4) \u00e0 160$ + taxes<\/h2>\n","protected":false},"excerpt":{"rendered":"<p>S\u00e9rie AU F\u00c9MININ (1 de 5) Apprivoisez la sagesse du cycle f\u00e9minin par la m\u00e9ditation et la harpe. En ce 10 janvier: M\u00e9ditation guid\u00e9e sur la lune croissante (arch\u00e9type de la jeune fille) sur musique de harpe celtique. Avec Florence Vinit, psychoth\u00e9rapeute, autrice et conf\u00e9rienci\u00e8re, passionn\u00e9e par les passages de vie et le rapport au [&hellip;]<\/p>\n","protected":false},"author":1,"featured_media":63586,"comment_status":"open","ping_status":"closed","template":"","meta":{"om_disable_all_campaigns":false,"jetpack_post_was_ever_published":false},"tags":[],"tribe_events_cat":[5565,5563],"acf":[],"jetpack_sharing_enabled":true,"_links":{"self":[{"href":"https:\/\/www.ludwig-van.com\/montreal\/wp-json\/wp\/v2\/tribe_events\/63585"}],"collection":[{"href":"https:\/\/www.ludwig-van.com\/montreal\/wp-json\/wp\/v2\/tribe_events"}],"about":[{"href":"https:\/\/www.ludwig-van.com\/montreal\/wp-json\/wp\/v2\/types\/tribe_events"}],"author":[{"embeddable":true,"href":"https:\/\/www.ludwig-van.com\/montreal\/wp-json\/wp\/v2\/users\/1"}],"replies":[{"embeddable":true,"href":"https:\/\/www.ludwig-van.com\/montreal\/wp-json\/wp\/v2\/comments?post=63585"}],"version-history":[{"count":1,"href":"https:\/\/www.ludwig-van.com\/montreal\/wp-json\/wp\/v2\/tribe_events\/63585\/revisions"}],"predecessor-version":[{"id":63587,"href":"https:\/\/www.ludwig-van.com\/montreal\/wp-json\/wp\/v2\/tribe_events\/63585\/revisions\/63587"}],"wp:featuredmedia":[{"embeddable":true,"href":"https:\/\/www.ludwig-van.com\/montreal\/wp-json\/wp\/v2\/media\/63586"}],"wp:attachment":[{"href":"https:\/\/www.ludwig-van.com\/montreal\/wp-json\/wp\/v2\/media?parent=63585"}],"wp:term":[{"taxonomy":"post_tag","embeddable":true,"href":"https:\/\/www.ludwig-van.com\/montreal\/wp-json\/wp\/v2\/tags?post=63585"},{"taxonomy":"tribe_events_cat","embeddable":true,"href":"https:\/\/www.ludwig-van.com\/montreal\/wp-json\/wp\/v2\/tribe_events_cat?post=63585"}],"curies":[{"name":"wp","href":"https:\/\/api.w.org\/{rel}","templated":true}]}}

Sérénité sonore | Lune croissante et harpe

<h2>Série <em>AU FÉMININ</em> (1 de 5)</h2>
<h2>Apprivoisez la sagesse du cycle féminin par la méditation et la harpe.</h2>
<p class="">En ce 10 janvier: Méditation guidée sur la lune croissante (archétype de la jeune fille) sur musique de harpe celtique. Avec Florence Vinit, psychothérapeute, autrice et confériencière, passionnée par les passages de vie et le rapport au corps et Annabelle Renzo, harpiste et fondatrice de Sérénité Sonore.</p>
<p>&nbsp;</p>
<h2>abonnement à la série</h2>
<h2>(5 concerts au prix de 4) à 160$ + taxes</h2>

<p>Série AU FÉMININ (1 de 5) Apprivoisez la sagesse du cycle féminin par la méditation et la harpe. En ce 10 janvier: Méditation guidée sur la lune croissante (archétype de la jeune fille) sur musique de harpe celtique. Avec Florence Vinit, psychothérapeute, autrice et confériencière, passionnée par les passages de vie et le rapport au [&hellip;]</p>
