{"id":63134,"date":"2019-11-15T10:04:08","date_gmt":"2019-11-15T15:04:08","guid":{"rendered":"https:\/\/www.ludwig-van.com\/montreal\/?post_type=tribe_events&#038;p=63134"},"modified":"2019-11-15T10:04:08","modified_gmt":"2019-11-15T15:04:08","slug":"pro-musica-isabelle-faust-alexander-melnikov-2","status":"publish","type":"tribe_events","link":"https:\/\/www.ludwig-van.com\/montreal\/event\/pro-musica-isabelle-faust-alexander-melnikov-2\/","title":{"rendered":"Pro musica | Isabelle Faust et Alexander Melnikov"},"content":{"rendered":"<p>Prenez deux ma\u00eetres, leurs instruments, une complicit\u00e9 unique, et c\u2019est tout un univers musical qui s\u2019ouvre devant vous! Isabelle Faust et Alexander Melnikov revisitent Montr\u00e9al pour pr\u00e9senter un programme riche en \u00e9motions et en couleurs, m\u00ealant des \u0153uvres de Beethoven, Bart\u00f3k et Stravinsky.<\/p>\n<p>&nbsp;<\/p>\n<div class=\"tatsu-module tatsu-text-block-wrap tatsu-fqhl1j2z5d8vw7d6 \">\n<div class=\"tatsu-text-inner tatsu-align-center   clearfix\" data-animation=\"slideInLeft\" data-animation-delay=\"0\">\n<p><strong>Beethoven<\/strong>,\u00a0<em>Sonate pour violon et piano no. I en r\u00e9 majeur,\u00a0<\/em>op. 12 no.1<br \/>\n<strong>Stravinsky,<\/strong>\u00a0<em>Duo concertant pour violon et piano<\/em><br \/>\n<strong>Beethoven,<\/strong>\u00a0<em>Sonate pour violon et piano no. 5 en fa,\u00a0<\/em>op. 24<br \/>\n<strong>Bart\u00f3k<\/strong>,\u00a0<em>Sonate pour violon et piano no. 1,\u00a0<\/em>Sz. 7<\/p>\n<\/div>\n<\/div>\n","protected":false},"excerpt":{"rendered":"<p>Prenez deux ma\u00eetres, leurs instruments, une complicit\u00e9 unique, et c\u2019est tout un univers musical qui s\u2019ouvre devant vous! Isabelle Faust et Alexander Melnikov revisitent Montr\u00e9al pour pr\u00e9senter un programme riche en \u00e9motions et en couleurs, m\u00ealant des \u0153uvres de Beethoven, Bart\u00f3k et Stravinsky. &nbsp; Beethoven,\u00a0Sonate pour violon et piano no. I en r\u00e9 majeur,\u00a0op. 12 [&hellip;]<\/p>\n","protected":false},"author":1,"featured_media":53575,"comment_status":"open","ping_status":"closed","template":"","meta":{"om_disable_all_campaigns":false,"jetpack_post_was_ever_published":false},"tags":[],"tribe_events_cat":[5052,5024,6476],"acf":[],"jetpack_sharing_enabled":true,"_links":{"self":[{"href":"https:\/\/www.ludwig-van.com\/montreal\/wp-json\/wp\/v2\/tribe_events\/63134"}],"collection":[{"href":"https:\/\/www.ludwig-van.com\/montreal\/wp-json\/wp\/v2\/tribe_events"}],"about":[{"href":"https:\/\/www.ludwig-van.com\/montreal\/wp-json\/wp\/v2\/types\/tribe_events"}],"author":[{"embeddable":true,"href":"https:\/\/www.ludwig-van.com\/montreal\/wp-json\/wp\/v2\/users\/1"}],"replies":[{"embeddable":true,"href":"https:\/\/www.ludwig-van.com\/montreal\/wp-json\/wp\/v2\/comments?post=63134"}],"version-history":[{"count":1,"href":"https:\/\/www.ludwig-van.com\/montreal\/wp-json\/wp\/v2\/tribe_events\/63134\/revisions"}],"predecessor-version":[{"id":63135,"href":"https:\/\/www.ludwig-van.com\/montreal\/wp-json\/wp\/v2\/tribe_events\/63134\/revisions\/63135"}],"wp:featuredmedia":[{"embeddable":true,"href":"https:\/\/www.ludwig-van.com\/montreal\/wp-json\/wp\/v2\/media\/53575"}],"wp:attachment":[{"href":"https:\/\/www.ludwig-van.com\/montreal\/wp-json\/wp\/v2\/media?parent=63134"}],"wp:term":[{"taxonomy":"post_tag","embeddable":true,"href":"https:\/\/www.ludwig-van.com\/montreal\/wp-json\/wp\/v2\/tags?post=63134"},{"taxonomy":"tribe_events_cat","embeddable":true,"href":"https:\/\/www.ludwig-van.com\/montreal\/wp-json\/wp\/v2\/tribe_events_cat?post=63134"}],"curies":[{"name":"wp","href":"https:\/\/api.w.org\/{rel}","templated":true}]}}

<p>Prenez deux maîtres, leurs instruments, une complicité unique, et c’est tout un univers musical qui s’ouvre devant vous! Isabelle Faust et Alexander Melnikov revisitent Montréal pour présenter un programme riche en émotions et en couleurs, mêlant des œuvres de Beethoven, Bartók et Stravinsky.</p>
<p>&nbsp;</p>
<div class="tatsu-module tatsu-text-block-wrap tatsu-fqhl1j2z5d8vw7d6 ">
<div class="tatsu-text-inner tatsu-align-center   clearfix" data-animation="slideInLeft" data-animation-delay="0">
<p><strong>Beethoven</strong>, <em>Sonate pour violon et piano no. I en ré majeur, </em>op. 12 no.1<br />
<strong>Stravinsky,</strong> <em>Duo concertant pour violon et piano</em><br />
<strong>Beethoven,</strong> <em>Sonate pour violon et piano no. 5 en fa, </em>op. 24<br />
<strong>Bartók</strong>, <em>Sonate pour violon et piano no. 1, </em>Sz. 7</p>
</div>
</div>

<p>Prenez deux maîtres, leurs instruments, une complicité unique, et c’est tout un univers musical qui s’ouvre devant vous! Isabelle Faust et Alexander Melnikov revisitent Montréal pour présenter un programme riche en émotions et en couleurs, mêlant des œuvres de Beethoven, Bartók et Stravinsky. &nbsp; Beethoven, Sonate pour violon et piano no. I en ré majeur, op. 12 [&hellip;]</p>
