{"id":63075,"date":"2019-11-14T08:13:15","date_gmt":"2019-11-14T13:13:15","guid":{"rendered":"https:\/\/www.ludwig-van.com\/montreal\/?post_type=tribe_events&#038;p=63075"},"modified":"2019-11-14T10:21:05","modified_gmt":"2019-11-14T15:21:05","slug":"choeur-classique-de-montreal-missa-solemnis","status":"publish","type":"tribe_events","link":"https:\/\/www.ludwig-van.com\/montreal\/event\/choeur-classique-de-montreal-missa-solemnis\/","title":{"rendered":"Choeur classique de Montr\u00e9al | Missa solemnis"},"content":{"rendered":"<div>\n<p><em><strong>Missa Solemnis<\/strong><\/em> &#8211; L. van Beethoven<\/p>\n<p>&nbsp;<\/p>\n<p>St\u00e9phanie Lessard, soprano<\/p>\n<p>Genevi\u00e8ve L\u00e9vesque, mezzo-soprano<\/p>\n<p>Rocco Rupolo, t\u00e9nor<\/p>\n<p>Scott Brooks, basse<\/p>\n<p>L&rsquo;Ensemble Sinfonia de Montr\u00e9al<\/p>\n<\/div>\n","protected":false},"excerpt":{"rendered":"<p>Missa Solemnis &#8211; L. van Beethoven &nbsp; St\u00e9phanie Lessard, soprano Genevi\u00e8ve L\u00e9vesque, mezzo-soprano Rocco Rupolo, t\u00e9nor Scott Brooks, basse L&rsquo;Ensemble Sinfonia de Montr\u00e9al<\/p>\n","protected":false},"author":1,"featured_media":50757,"comment_status":"open","ping_status":"closed","template":"","meta":{"om_disable_all_campaigns":false,"jetpack_post_was_ever_published":false},"tags":[],"tribe_events_cat":[34640,6487,5050],"acf":[],"jetpack_sharing_enabled":true,"_links":{"self":[{"href":"https:\/\/www.ludwig-van.com\/montreal\/wp-json\/wp\/v2\/tribe_events\/63075"}],"collection":[{"href":"https:\/\/www.ludwig-van.com\/montreal\/wp-json\/wp\/v2\/tribe_events"}],"about":[{"href":"https:\/\/www.ludwig-van.com\/montreal\/wp-json\/wp\/v2\/types\/tribe_events"}],"author":[{"embeddable":true,"href":"https:\/\/www.ludwig-van.com\/montreal\/wp-json\/wp\/v2\/users\/1"}],"replies":[{"embeddable":true,"href":"https:\/\/www.ludwig-van.com\/montreal\/wp-json\/wp\/v2\/comments?post=63075"}],"version-history":[{"count":2,"href":"https:\/\/www.ludwig-van.com\/montreal\/wp-json\/wp\/v2\/tribe_events\/63075\/revisions"}],"predecessor-version":[{"id":63110,"href":"https:\/\/www.ludwig-van.com\/montreal\/wp-json\/wp\/v2\/tribe_events\/63075\/revisions\/63110"}],"wp:featuredmedia":[{"embeddable":true,"href":"https:\/\/www.ludwig-van.com\/montreal\/wp-json\/wp\/v2\/media\/50757"}],"wp:attachment":[{"href":"https:\/\/www.ludwig-van.com\/montreal\/wp-json\/wp\/v2\/media?parent=63075"}],"wp:term":[{"taxonomy":"post_tag","embeddable":true,"href":"https:\/\/www.ludwig-van.com\/montreal\/wp-json\/wp\/v2\/tags?post=63075"},{"taxonomy":"tribe_events_cat","embeddable":true,"href":"https:\/\/www.ludwig-van.com\/montreal\/wp-json\/wp\/v2\/tribe_events_cat?post=63075"}],"curies":[{"name":"wp","href":"https:\/\/api.w.org\/{rel}","templated":true}]}}

Choeur classique de Montréal | Missa solemnis

<div>
<p><em><strong>Missa Solemnis</strong></em> &#8211; L. van Beethoven</p>
<p>&nbsp;</p>
<p>Stéphanie Lessard, soprano</p>
<p>Geneviève Lévesque, mezzo-soprano</p>
<p>Rocco Rupolo, ténor</p>
<p>Scott Brooks, basse</p>
<p>L&rsquo;Ensemble Sinfonia de Montréal</p>
</div>

<p>Missa Solemnis &#8211; L. van Beethoven &nbsp; Stéphanie Lessard, soprano Geneviève Lévesque, mezzo-soprano Rocco Rupolo, ténor Scott Brooks, basse L&rsquo;Ensemble Sinfonia de Montréal</p>
