{"id":63066,"date":"2019-11-13T14:22:31","date_gmt":"2019-11-13T19:22:31","guid":{"rendered":"https:\/\/www.ludwig-van.com\/montreal\/?post_type=tribe_events&#038;p=63066"},"modified":"2019-11-13T14:23:23","modified_gmt":"2019-11-13T19:23:23","slug":"arte-musica-storie-di-orfeo","status":"publish","type":"tribe_events","link":"https:\/\/www.ludwig-van.com\/montreal\/event\/arte-musica-storie-di-orfeo\/","title":{"rendered":"Arte musica | La storia di Orfeo"},"content":{"rendered":"<div class=\"columns small-12 medium-6 content_right\">\n<div class=\"row abonnement_title\">\n<div class=\"columns small-12\">\n<div class=\"columns small-12 medium-6 content_left\">\n<div class=\"description ps-container ps-theme-default\" data-ps-id=\"be9da336-ccea-7089-9e22-bc40d1fae785\">\n<p><strong>**COMPLET**<\/strong><\/p>\n<p>En compagnie des musiciens du Boston Early Music Festival Chamber Ensemble, pour la premi\u00e8re fois \u00e0 Montr\u00e9al, le c\u00e9l\u00e8bre contret\u00e9nor Philippe Jaroussky et la magnifique soprano Amanda Forsythe font revivre le mythe d\u2019Orph\u00e9e et Eurydice avec des airs emprunt\u00e9s \u00e0 trois ma\u00eetres italiens du XVII<sup>e<\/sup>\u00a0si\u00e8cle. Une soir\u00e9e qui s\u2019annonce inoubliable !<\/p>\n<p><em>Une causerie pr\u00e9-concert avec Paul O\u2019Dette et Stephen Stubbs se tiendra \u00e0 l\u2019Espace Hydro-Qu\u00e9bec du Pavillon Claire et Marc Bourgie \u00e0 18 h 30 (entr\u00e9e libre). Les places sont limit\u00e9es : premiers arriv\u00e9s, premiers servis\u2009!<\/em><\/p>\n<\/div>\n<\/div>\n<div class=\"bar_full bar_other\"><\/div>\n<div id=\"websection1\" class=\"section_content_additionnel columns small-12 medium-4\">\n<div class=\"columns small-12\">\n<div class=\"title green_title\">ARTISTES<\/div>\n<div class=\"content_wrap\">\n<p><strong>Boston Early Music Festival Chamber Ensemble<\/strong><\/p>\n<p><strong>Philippe Jaroussky<\/strong>, contret\u00e9nor (Orfeo)<br \/>\n<strong>Amanda Forsythe<\/strong>, soprano (Euridice)<br \/>\n<strong>Paul O\u2019Dette<\/strong>\u00a0et\u00a0<strong>Stephen Stubbs<\/strong>, direction musicale<\/p>\n<\/div>\n<p>&nbsp;<\/p>\n<\/div>\n<\/div>\n<\/div>\n<\/div>\n<div class=\"row row1\"><\/div>\n<\/div>\n<div class=\"clear clearfix\"><\/div>\n","protected":false},"excerpt":{"rendered":"<p>**COMPLET** En compagnie des musiciens du Boston Early Music Festival Chamber Ensemble, pour la premi\u00e8re fois \u00e0 Montr\u00e9al, le c\u00e9l\u00e8bre contret\u00e9nor Philippe Jaroussky et la magnifique soprano Amanda Forsythe font revivre le mythe d\u2019Orph\u00e9e et Eurydice avec des airs emprunt\u00e9s \u00e0 trois ma\u00eetres italiens du XVIIe\u00a0si\u00e8cle. Une soir\u00e9e qui s\u2019annonce inoubliable ! Une causerie pr\u00e9-concert [&hellip;]<\/p>\n","protected":false},"author":1,"featured_media":61677,"comment_status":"open","ping_status":"closed","template":"","meta":{"om_disable_all_campaigns":false,"jetpack_post_was_ever_published":false},"tags":[],"tribe_events_cat":[5053,5050],"acf":[],"jetpack_sharing_enabled":true,"_links":{"self":[{"href":"https:\/\/www.ludwig-van.com\/montreal\/wp-json\/wp\/v2\/tribe_events\/63066"}],"collection":[{"href":"https:\/\/www.ludwig-van.com\/montreal\/wp-json\/wp\/v2\/tribe_events"}],"about":[{"href":"https:\/\/www.ludwig-van.com\/montreal\/wp-json\/wp\/v2\/types\/tribe_events"}],"author":[{"embeddable":true,"href":"https:\/\/www.ludwig-van.com\/montreal\/wp-json\/wp\/v2\/users\/1"}],"replies":[{"embeddable":true,"href":"https:\/\/www.ludwig-van.com\/montreal\/wp-json\/wp\/v2\/comments?post=63066"}],"version-history":[{"count":2,"href":"https:\/\/www.ludwig-van.com\/montreal\/wp-json\/wp\/v2\/tribe_events\/63066\/revisions"}],"predecessor-version":[{"id":63068,"href":"https:\/\/www.ludwig-van.com\/montreal\/wp-json\/wp\/v2\/tribe_events\/63066\/revisions\/63068"}],"wp:featuredmedia":[{"embeddable":true,"href":"https:\/\/www.ludwig-van.com\/montreal\/wp-json\/wp\/v2\/media\/61677"}],"wp:attachment":[{"href":"https:\/\/www.ludwig-van.com\/montreal\/wp-json\/wp\/v2\/media?parent=63066"}],"wp:term":[{"taxonomy":"post_tag","embeddable":true,"href":"https:\/\/www.ludwig-van.com\/montreal\/wp-json\/wp\/v2\/tags?post=63066"},{"taxonomy":"tribe_events_cat","embeddable":true,"href":"https:\/\/www.ludwig-van.com\/montreal\/wp-json\/wp\/v2\/tribe_events_cat?post=63066"}],"curies":[{"name":"wp","href":"https:\/\/api.w.org\/{rel}","templated":true}]}}

<div class="columns small-12 medium-6 content_right">
<div class="row abonnement_title">
<div class="columns small-12">
<div class="columns small-12 medium-6 content_left">
<div class="description ps-container ps-theme-default" data-ps-id="be9da336-ccea-7089-9e22-bc40d1fae785">
<p><strong>**COMPLET**</strong></p>
<p>En compagnie des musiciens du Boston Early Music Festival Chamber Ensemble, pour la première fois à Montréal, le célèbre contreténor Philippe Jaroussky et la magnifique soprano Amanda Forsythe font revivre le mythe d’Orphée et Eurydice avec des airs empruntés à trois maîtres italiens du XVII<sup>e</sup> siècle. Une soirée qui s’annonce inoubliable !</p>
<p><em>Une causerie pré-concert avec Paul O’Dette et Stephen Stubbs se tiendra à l’Espace Hydro-Québec du Pavillon Claire et Marc Bourgie à 18 h 30 (entrée libre). Les places sont limitées : premiers arrivés, premiers servis !</em></p>
</div>
</div>
<div class="bar_full bar_other"></div>
<div id="websection1" class="section_content_additionnel columns small-12 medium-4">
<div class="columns small-12">
<div class="title green_title">ARTISTES</div>
<div class="content_wrap">
<p><strong>Boston Early Music Festival Chamber Ensemble</strong></p>
<p><strong>Philippe Jaroussky</strong>, contreténor (Orfeo)<br />
<strong>Amanda Forsythe</strong>, soprano (Euridice)<br />
<strong>Paul O’Dette</strong> et <strong>Stephen Stubbs</strong>, direction musicale</p>
</div>
<p>&nbsp;</p>
</div>
</div>
</div>
</div>
<div class="row row1"></div>
</div>
<div class="clear clearfix"></div>

<p>**COMPLET** En compagnie des musiciens du Boston Early Music Festival Chamber Ensemble, pour la première fois à Montréal, le célèbre contreténor Philippe Jaroussky et la magnifique soprano Amanda Forsythe font revivre le mythe d’Orphée et Eurydice avec des airs empruntés à trois maîtres italiens du XVIIe siècle. Une soirée qui s’annonce inoubliable ! Une causerie pré-concert [&hellip;]</p>
