{"id":63008,"date":"2019-11-12T12:01:57","date_gmt":"2019-11-12T17:01:57","guid":{"rendered":"https:\/\/www.ludwig-van.com\/montreal\/?post_type=tribe_events&#038;p=63008"},"modified":"2019-11-12T12:03:30","modified_gmt":"2019-11-12T17:03:30","slug":"quasar-quasar-a-25-ans","status":"publish","type":"tribe_events","link":"https:\/\/www.ludwig-van.com\/montreal\/event\/quasar-quasar-a-25-ans\/","title":{"rendered":"Quasar | Quasar a 25 ans!"},"content":{"rendered":"<ul>\n<li><em>Quatuor op. 102<\/em>\u00a0(n\/d), Florent Schmitt, pour quatuor de saxophones<\/li>\n<li><em>Geyser Ghetto<\/em>\u00a0(2005), Michel Frigon, pour quatuor de saxophones<\/li>\n<li><em>XAS\u00a0<\/em>(1987), Iannis Xenakis, pour quatuor de saxophones<\/li>\n<li><em>Sometime\u00a0<\/em>(2004), Michael Oesterle, pour quatuor de saxophones<\/li>\n<li><em>Section Music\u00a0<\/em>(2014), \u00dclo Krigul, pour quatuor de saxophones<\/li>\n<\/ul>\n<p>&nbsp;<\/p>\n<p>Dans ce concert unique, Quasar c\u00e9l\u00e8brera son 25<sup>e<\/sup>\u00a0anniversaire dans une des plus belles salles de la m\u00e9tropole ! Offrant un programme riche et vari\u00e9, cette comm\u00e9moration revisitera les plus belles cr\u00e9ations et les plus notables accomplissements de la carri\u00e8re de Quasar.<\/p>\n","protected":false},"excerpt":{"rendered":"<p>Quatuor op. 102\u00a0(n\/d), Florent Schmitt, pour quatuor de saxophones Geyser Ghetto\u00a0(2005), Michel Frigon, pour quatuor de saxophones XAS\u00a0(1987), Iannis Xenakis, pour quatuor de saxophones Sometime\u00a0(2004), Michael Oesterle, pour quatuor de saxophones Section Music\u00a0(2014), \u00dclo Krigul, pour quatuor de saxophones &nbsp; Dans ce concert unique, Quasar c\u00e9l\u00e8brera son 25e\u00a0anniversaire dans une des plus belles salles de [&hellip;]<\/p>\n","protected":false},"author":1,"featured_media":60974,"comment_status":"open","ping_status":"closed","template":"","meta":{"om_disable_all_campaigns":false,"jetpack_post_was_ever_published":false},"tags":[],"tribe_events_cat":[5327,36436],"acf":[],"jetpack_sharing_enabled":true,"_links":{"self":[{"href":"https:\/\/www.ludwig-van.com\/montreal\/wp-json\/wp\/v2\/tribe_events\/63008"}],"collection":[{"href":"https:\/\/www.ludwig-van.com\/montreal\/wp-json\/wp\/v2\/tribe_events"}],"about":[{"href":"https:\/\/www.ludwig-van.com\/montreal\/wp-json\/wp\/v2\/types\/tribe_events"}],"author":[{"embeddable":true,"href":"https:\/\/www.ludwig-van.com\/montreal\/wp-json\/wp\/v2\/users\/1"}],"replies":[{"embeddable":true,"href":"https:\/\/www.ludwig-van.com\/montreal\/wp-json\/wp\/v2\/comments?post=63008"}],"version-history":[{"count":2,"href":"https:\/\/www.ludwig-van.com\/montreal\/wp-json\/wp\/v2\/tribe_events\/63008\/revisions"}],"predecessor-version":[{"id":63010,"href":"https:\/\/www.ludwig-van.com\/montreal\/wp-json\/wp\/v2\/tribe_events\/63008\/revisions\/63010"}],"wp:featuredmedia":[{"embeddable":true,"href":"https:\/\/www.ludwig-van.com\/montreal\/wp-json\/wp\/v2\/media\/60974"}],"wp:attachment":[{"href":"https:\/\/www.ludwig-van.com\/montreal\/wp-json\/wp\/v2\/media?parent=63008"}],"wp:term":[{"taxonomy":"post_tag","embeddable":true,"href":"https:\/\/www.ludwig-van.com\/montreal\/wp-json\/wp\/v2\/tags?post=63008"},{"taxonomy":"tribe_events_cat","embeddable":true,"href":"https:\/\/www.ludwig-van.com\/montreal\/wp-json\/wp\/v2\/tribe_events_cat?post=63008"}],"curies":[{"name":"wp","href":"https:\/\/api.w.org\/{rel}","templated":true}]}}

<ul>
<li><em>Quatuor op. 102</em> (n/d), Florent Schmitt, pour quatuor de saxophones</li>
<li><em>Geyser Ghetto</em> (2005), Michel Frigon, pour quatuor de saxophones</li>
<li><em>XAS </em>(1987), Iannis Xenakis, pour quatuor de saxophones</li>
<li><em>Sometime </em>(2004), Michael Oesterle, pour quatuor de saxophones</li>
<li><em>Section Music </em>(2014), Ülo Krigul, pour quatuor de saxophones</li>
</ul>
<p>&nbsp;</p>
<p>Dans ce concert unique, Quasar célèbrera son 25<sup>e</sup> anniversaire dans une des plus belles salles de la métropole ! Offrant un programme riche et varié, cette commémoration revisitera les plus belles créations et les plus notables accomplissements de la carrière de Quasar.</p>

<p>Quatuor op. 102 (n/d), Florent Schmitt, pour quatuor de saxophones Geyser Ghetto (2005), Michel Frigon, pour quatuor de saxophones XAS (1987), Iannis Xenakis, pour quatuor de saxophones Sometime (2004), Michael Oesterle, pour quatuor de saxophones Section Music (2014), Ülo Krigul, pour quatuor de saxophones &nbsp; Dans ce concert unique, Quasar célèbrera son 25e anniversaire dans une des plus belles salles de [&hellip;]</p>
