{"id":62650,"date":"2019-10-30T00:26:03","date_gmt":"2019-10-30T04:26:03","guid":{"rendered":"https:\/\/www.ludwig-van.com\/montreal\/?post_type=tribe_events&#038;p=62650"},"modified":"2019-10-30T00:26:03","modified_gmt":"2019-10-30T04:26:03","slug":"arte-musica-chapelle-rhenane","status":"publish","type":"tribe_events","link":"https:\/\/www.ludwig-van.com\/montreal\/event\/arte-musica-chapelle-rhenane\/","title":{"rendered":"Arte Musica | La Chapelle rh\u00e9nane"},"content":{"rendered":"<div id=\"websection1\" class=\"section_content_additionnel columns small-12 medium-4\">\n<div class=\"columns small-12\">\n<div>\n<p>Arte Musica poursuit la pr\u00e9sentation en concert de l\u2019int\u00e9grale des cantates sacr\u00e9es de J. S. Bach.<\/p>\n<p>Suivant le cycle liturgique, chaque concert pr\u00e9sente une cantate du jour pour lequel elle a \u00e9t\u00e9 \u00e9crite.<\/p>\n<p>De courtes r\u00e9p\u00e9titions ont lieu 45 minutes avant chaque concert pour vous exercer \u00e0 chanter le choral final d\u2019une des cantates, qui est repris en ch\u0153ur par le public.<\/p>\n<p>&nbsp;<\/p>\n<\/div>\n<div class=\"title green_title\">ARTISTES<\/div>\n<div class=\"content_wrap\">\n<p><strong>CHAPELLE RH\u00c9NANE<\/strong><\/p>\n<p><strong>Beno\u00eet Haller<\/strong>, voix et direction<\/p>\n<p><strong>Hasnaa Bennani<\/strong>, soprano<br \/>\n<strong>Leopold Gilloots-Laforge<\/strong>, contret\u00e9nor<br \/>\n<strong>Beno\u00eet Haller<\/strong>, t\u00e9nor<br \/>\n<strong>Beno\u00eet Arnould<\/strong>, baryton<\/p>\n<\/div>\n<\/div>\n<div class=\"clear clearfix\"><\/div>\n<\/div>\n<div id=\"websection2\" class=\"section_content_additionnel columns small-12 medium-8\">\n<div class=\"columns small-12\">\n<div class=\"title green_title\">PROGRAMME<\/div>\n<div class=\"content_wrap\">\n<p><strong>J. S. BACH<\/strong><\/p>\n<p>Cantates<\/p>\n<p><em>Wer da gl\u00e4ubet und getauft wird<\/em>, BWV 37<br \/>\n<em>Wer nur den lieben Gott l\u00e4sst walten<\/em>, BWV 93<br \/>\n<em>Wohl dem, der sich auf seinen Gott<\/em>, BWV 139<br \/>\n<em>Es wartet alles auf dich<\/em>, BWV 187<\/p>\n<\/div>\n<\/div>\n<\/div>\n","protected":false},"excerpt":{"rendered":"<p>Arte Musica poursuit la pr\u00e9sentation en concert de l\u2019int\u00e9grale des cantates sacr\u00e9es de J. S. Bach. Suivant le cycle liturgique, chaque concert pr\u00e9sente une cantate du jour pour lequel elle a \u00e9t\u00e9 \u00e9crite. De courtes r\u00e9p\u00e9titions ont lieu 45 minutes avant chaque concert pour vous exercer \u00e0 chanter le choral final d\u2019une des cantates, qui [&hellip;]<\/p>\n","protected":false},"author":1,"featured_media":62029,"comment_status":"open","ping_status":"closed","template":"","meta":{"om_disable_all_campaigns":false,"jetpack_post_was_ever_published":false},"tags":[],"tribe_events_cat":[35820,34640,5053,5050],"acf":[],"jetpack_sharing_enabled":true,"_links":{"self":[{"href":"https:\/\/www.ludwig-van.com\/montreal\/wp-json\/wp\/v2\/tribe_events\/62650"}],"collection":[{"href":"https:\/\/www.ludwig-van.com\/montreal\/wp-json\/wp\/v2\/tribe_events"}],"about":[{"href":"https:\/\/www.ludwig-van.com\/montreal\/wp-json\/wp\/v2\/types\/tribe_events"}],"author":[{"embeddable":true,"href":"https:\/\/www.ludwig-van.com\/montreal\/wp-json\/wp\/v2\/users\/1"}],"replies":[{"embeddable":true,"href":"https:\/\/www.ludwig-van.com\/montreal\/wp-json\/wp\/v2\/comments?post=62650"}],"version-history":[{"count":2,"href":"https:\/\/www.ludwig-van.com\/montreal\/wp-json\/wp\/v2\/tribe_events\/62650\/revisions"}],"predecessor-version":[{"id":62652,"href":"https:\/\/www.ludwig-van.com\/montreal\/wp-json\/wp\/v2\/tribe_events\/62650\/revisions\/62652"}],"wp:featuredmedia":[{"embeddable":true,"href":"https:\/\/www.ludwig-van.com\/montreal\/wp-json\/wp\/v2\/media\/62029"}],"wp:attachment":[{"href":"https:\/\/www.ludwig-van.com\/montreal\/wp-json\/wp\/v2\/media?parent=62650"}],"wp:term":[{"taxonomy":"post_tag","embeddable":true,"href":"https:\/\/www.ludwig-van.com\/montreal\/wp-json\/wp\/v2\/tags?post=62650"},{"taxonomy":"tribe_events_cat","embeddable":true,"href":"https:\/\/www.ludwig-van.com\/montreal\/wp-json\/wp\/v2\/tribe_events_cat?post=62650"}],"curies":[{"name":"wp","href":"https:\/\/api.w.org\/{rel}","templated":true}]}}

Arte Musica | La Chapelle rhénane

<div id="websection1" class="section_content_additionnel columns small-12 medium-4">
<div class="columns small-12">
<div>
<p>Arte Musica poursuit la présentation en concert de l’intégrale des cantates sacrées de J. S. Bach.</p>
<p>Suivant le cycle liturgique, chaque concert présente une cantate du jour pour lequel elle a été écrite.</p>
<p>De courtes répétitions ont lieu 45 minutes avant chaque concert pour vous exercer à chanter le choral final d’une des cantates, qui est repris en chœur par le public.</p>
<p>&nbsp;</p>
</div>
<div class="title green_title">ARTISTES</div>
<div class="content_wrap">
<p><strong>CHAPELLE RHÉNANE</strong></p>
<p><strong>Benoît Haller</strong>, voix et direction</p>
<p><strong>Hasnaa Bennani</strong>, soprano<br />
<strong>Leopold Gilloots-Laforge</strong>, contreténor<br />
<strong>Benoît Haller</strong>, ténor<br />
<strong>Benoît Arnould</strong>, baryton</p>
</div>
</div>
<div class="clear clearfix"></div>
</div>
<div id="websection2" class="section_content_additionnel columns small-12 medium-8">
<div class="columns small-12">
<div class="title green_title">PROGRAMME</div>
<div class="content_wrap">
<p><strong>J. S. BACH</strong></p>
<p>Cantates</p>
<p><em>Wer da gläubet und getauft wird</em>, BWV 37<br />
<em>Wer nur den lieben Gott lässt walten</em>, BWV 93<br />
<em>Wohl dem, der sich auf seinen Gott</em>, BWV 139<br />
<em>Es wartet alles auf dich</em>, BWV 187</p>
</div>
</div>
</div>

<p>Arte Musica poursuit la présentation en concert de l’intégrale des cantates sacrées de J. S. Bach. Suivant le cycle liturgique, chaque concert présente une cantate du jour pour lequel elle a été écrite. De courtes répétitions ont lieu 45 minutes avant chaque concert pour vous exercer à chanter le choral final d’une des cantates, qui [&hellip;]</p>
