{"id":62450,"date":"2019-10-23T11:59:11","date_gmt":"2019-10-23T15:59:11","guid":{"rendered":"https:\/\/www.ludwig-van.com\/montreal\/?post_type=tribe_events&#038;p=62450"},"modified":"2019-10-23T11:59:11","modified_gmt":"2019-10-23T15:59:11","slug":"petits-violons-dimanche-musique-3","status":"publish","type":"tribe_events","link":"https:\/\/www.ludwig-van.com\/montreal\/event\/petits-violons-dimanche-musique-3\/","title":{"rendered":"Les Petits Violons | Dimanche en musique"},"content":{"rendered":"<p><strong>Invit\u00e9 :\u00a0 St\u00e9phane T\u00e9treault, violoncelliste<\/strong><\/p>\n<p>Concerto pour violoncelle No 1 en Do majeur<br \/>\n<strong>J. Haydn<\/strong><\/p>\n<p>Quintette \u00e0 cordes en Do majeur, D956<br \/>\nAllegro ma non troppo<br \/>\n<strong>F. Schubert<\/strong><\/p>\n<p>Divertimento pour cordes<br \/>\n<strong>B. Bart<\/strong><strong>\u00f3<\/strong><strong>k<\/strong><\/p>\n","protected":false},"excerpt":{"rendered":"<p>Invit\u00e9 :\u00a0 St\u00e9phane T\u00e9treault, violoncelliste Concerto pour violoncelle No 1 en Do majeur J. Haydn Quintette \u00e0 cordes en Do majeur, D956 Allegro ma non troppo F. Schubert Divertimento pour cordes B. Bart\u00f3k<\/p>\n","protected":false},"author":1,"featured_media":0,"comment_status":"open","ping_status":"closed","template":"","meta":{"om_disable_all_campaigns":false,"jetpack_post_was_ever_published":false},"tags":[],"tribe_events_cat":[6109,35820,5124,6476],"acf":[],"jetpack_sharing_enabled":true,"_links":{"self":[{"href":"https:\/\/www.ludwig-van.com\/montreal\/wp-json\/wp\/v2\/tribe_events\/62450"}],"collection":[{"href":"https:\/\/www.ludwig-van.com\/montreal\/wp-json\/wp\/v2\/tribe_events"}],"about":[{"href":"https:\/\/www.ludwig-van.com\/montreal\/wp-json\/wp\/v2\/types\/tribe_events"}],"author":[{"embeddable":true,"href":"https:\/\/www.ludwig-van.com\/montreal\/wp-json\/wp\/v2\/users\/1"}],"replies":[{"embeddable":true,"href":"https:\/\/www.ludwig-van.com\/montreal\/wp-json\/wp\/v2\/comments?post=62450"}],"version-history":[{"count":1,"href":"https:\/\/www.ludwig-van.com\/montreal\/wp-json\/wp\/v2\/tribe_events\/62450\/revisions"}],"predecessor-version":[{"id":62451,"href":"https:\/\/www.ludwig-van.com\/montreal\/wp-json\/wp\/v2\/tribe_events\/62450\/revisions\/62451"}],"wp:attachment":[{"href":"https:\/\/www.ludwig-van.com\/montreal\/wp-json\/wp\/v2\/media?parent=62450"}],"wp:term":[{"taxonomy":"post_tag","embeddable":true,"href":"https:\/\/www.ludwig-van.com\/montreal\/wp-json\/wp\/v2\/tags?post=62450"},{"taxonomy":"tribe_events_cat","embeddable":true,"href":"https:\/\/www.ludwig-van.com\/montreal\/wp-json\/wp\/v2\/tribe_events_cat?post=62450"}],"curies":[{"name":"wp","href":"https:\/\/api.w.org\/{rel}","templated":true}]}}

<p><strong>Invité :  Stéphane Tétreault, violoncelliste</strong></p>
<p>Concerto pour violoncelle No 1 en Do majeur<br />
<strong>J. Haydn</strong></p>
<p>Quintette à cordes en Do majeur, D956<br />
Allegro ma non troppo<br />
<strong>F. Schubert</strong></p>
<p>Divertimento pour cordes<br />
<strong>B. Bart</strong><strong>ó</strong><strong>k</strong></p>

<p>Invité :  Stéphane Tétreault, violoncelliste Concerto pour violoncelle No 1 en Do majeur J. Haydn Quintette à cordes en Do majeur, D956 Allegro ma non troppo F. Schubert Divertimento pour cordes B. Bartók</p>
