{"id":62381,"date":"2019-10-22T11:53:03","date_gmt":"2019-10-22T15:53:03","guid":{"rendered":"https:\/\/www.ludwig-van.com\/montreal\/?post_type=tribe_events&#038;p=62381"},"modified":"2019-10-22T11:56:46","modified_gmt":"2019-10-22T15:56:46","slug":"ap-music-lancien-a-rencontre-nouveau","status":"publish","type":"tribe_events","link":"https:\/\/www.ludwig-van.com\/montreal\/event\/ap-music-lancien-a-rencontre-nouveau\/","title":{"rendered":"A&#038;P Music | L&rsquo;ancien \u00e0 la rencontre du nouveau"},"content":{"rendered":"<p dir=\"ltr\">Venez entendre le Ch\u0153ur de l\u2019\u00e9glise St. Andrew et St. Paul lors de son concert b\u00e9n\u00e9fice annuel au profit de la Maison du Parc, l\u2019un des derniers refuges \u00e0 Montr\u00e9al pour les personnes atteintes du VIH-sida. Cette ann\u00e9e, nous offrons une interpr\u00e9tation in\u00e9dite du chef-d\u2019\u0153uvre tant admir\u00e9 de Mozart, le Requiem en r\u00e9 mineur (K.\u00a0626), dans une nouvelle version achev\u00e9e par le compositeur am\u00e9ricain Gregory Spears. Pr\u00e9sent\u00e9e en premi\u00e8re canadienne, l\u2019\u0153uvre int\u00e8gre de nouvelles mises en musique des textes du Sanctus, du Benedictus et de l\u2019Agnus Dei. Les nouveaux mouvements sont \u00e9crits dans un langage musical contemporain, rendant ainsi hommage aux styles anciens et nouveaux qui se c\u00f4toient dans l\u2019\u0153uvre tardive de Mozart. Ne manquez pas cette version r\u00e9volutionnaire du Requiem tout en soutenant l\u2019une des plus anciennes organisations caritatives vou\u00e9es \u00e0 l\u2019accueil des VIH-sida \u00e0 Montr\u00e9al.<\/p>\n<p dir=\"ltr\">Entr\u00e9e\u00a0: 35\u00a0$\/100\u00a0$<\/p>\n<p dir=\"ltr\">Billets en vente apr\u00e8s les offices, au secr\u00e9tariat ou \u00e0 la porte le soir du concert<\/p>\n<p dir=\"ltr\">Ch\u0153ur de l\u2019\u00e9glise St. Andrew et St. Paul<\/p>\n<p dir=\"ltr\">Association des musiciens de l\u2019Orchestre symphonique de Montr\u00e9al<\/p>\n<p dir=\"ltr\">Jean-S\u00e9bastien Vall\u00e9e, direction<\/p>\n","protected":false},"excerpt":{"rendered":"<p>Venez entendre le Ch\u0153ur de l\u2019\u00e9glise St. Andrew et St. Paul lors de son concert b\u00e9n\u00e9fice annuel au profit de la Maison du Parc, l\u2019un des derniers refuges \u00e0 Montr\u00e9al pour les personnes atteintes du VIH-sida. Cette ann\u00e9e, nous offrons une interpr\u00e9tation in\u00e9dite du chef-d\u2019\u0153uvre tant admir\u00e9 de Mozart, le Requiem en r\u00e9 mineur (K.\u00a0626), [&hellip;]<\/p>\n","protected":false},"author":1,"featured_media":56370,"comment_status":"open","ping_status":"closed","template":"","meta":{"om_disable_all_campaigns":false,"jetpack_post_was_ever_published":false},"tags":[],"tribe_events_cat":[],"acf":[],"jetpack_sharing_enabled":true,"_links":{"self":[{"href":"https:\/\/www.ludwig-van.com\/montreal\/wp-json\/wp\/v2\/tribe_events\/62381"}],"collection":[{"href":"https:\/\/www.ludwig-van.com\/montreal\/wp-json\/wp\/v2\/tribe_events"}],"about":[{"href":"https:\/\/www.ludwig-van.com\/montreal\/wp-json\/wp\/v2\/types\/tribe_events"}],"author":[{"embeddable":true,"href":"https:\/\/www.ludwig-van.com\/montreal\/wp-json\/wp\/v2\/users\/1"}],"replies":[{"embeddable":true,"href":"https:\/\/www.ludwig-van.com\/montreal\/wp-json\/wp\/v2\/comments?post=62381"}],"version-history":[{"count":2,"href":"https:\/\/www.ludwig-van.com\/montreal\/wp-json\/wp\/v2\/tribe_events\/62381\/revisions"}],"predecessor-version":[{"id":62383,"href":"https:\/\/www.ludwig-van.com\/montreal\/wp-json\/wp\/v2\/tribe_events\/62381\/revisions\/62383"}],"wp:featuredmedia":[{"embeddable":true,"href":"https:\/\/www.ludwig-van.com\/montreal\/wp-json\/wp\/v2\/media\/56370"}],"wp:attachment":[{"href":"https:\/\/www.ludwig-van.com\/montreal\/wp-json\/wp\/v2\/media?parent=62381"}],"wp:term":[{"taxonomy":"post_tag","embeddable":true,"href":"https:\/\/www.ludwig-van.com\/montreal\/wp-json\/wp\/v2\/tags?post=62381"},{"taxonomy":"tribe_events_cat","embeddable":true,"href":"https:\/\/www.ludwig-van.com\/montreal\/wp-json\/wp\/v2\/tribe_events_cat?post=62381"}],"curies":[{"name":"wp","href":"https:\/\/api.w.org\/{rel}","templated":true}]}}

A&#038;P Music | L&rsquo;ancien à la rencontre du nouveau

<p dir="ltr">Venez entendre le Chœur de l’église St. Andrew et St. Paul lors de son concert bénéfice annuel au profit de la Maison du Parc, l’un des derniers refuges à Montréal pour les personnes atteintes du VIH-sida. Cette année, nous offrons une interprétation inédite du chef-d’œuvre tant admiré de Mozart, le Requiem en ré mineur (K. 626), dans une nouvelle version achevée par le compositeur américain Gregory Spears. Présentée en première canadienne, l’œuvre intègre de nouvelles mises en musique des textes du Sanctus, du Benedictus et de l’Agnus Dei. Les nouveaux mouvements sont écrits dans un langage musical contemporain, rendant ainsi hommage aux styles anciens et nouveaux qui se côtoient dans l’œuvre tardive de Mozart. Ne manquez pas cette version révolutionnaire du Requiem tout en soutenant l’une des plus anciennes organisations caritatives vouées à l’accueil des VIH-sida à Montréal.</p>
<p dir="ltr">Entrée : 35 $/100 $</p>
<p dir="ltr">Billets en vente après les offices, au secrétariat ou à la porte le soir du concert</p>
<p dir="ltr">Chœur de l’église St. Andrew et St. Paul</p>
<p dir="ltr">Association des musiciens de l’Orchestre symphonique de Montréal</p>
<p dir="ltr">Jean-Sébastien Vallée, direction</p>

<p>Venez entendre le Chœur de l’église St. Andrew et St. Paul lors de son concert bénéfice annuel au profit de la Maison du Parc, l’un des derniers refuges à Montréal pour les personnes atteintes du VIH-sida. Cette année, nous offrons une interprétation inédite du chef-d’œuvre tant admiré de Mozart, le Requiem en ré mineur (K. 626), [&hellip;]</p>
