{"id":62131,"date":"2019-10-11T13:35:09","date_gmt":"2019-10-11T17:35:09","guid":{"rendered":"https:\/\/www.ludwig-van.com\/montreal\/?post_type=tribe_events&#038;p=62131"},"modified":"2019-10-11T13:40:42","modified_gmt":"2019-10-11T17:40:42","slug":"club-musical-de-quebec-daniil-trifonov","status":"publish","type":"tribe_events","link":"https:\/\/www.ludwig-van.com\/montreal\/event\/club-musical-de-quebec-daniil-trifonov\/","title":{"rendered":"Club musical de Qu\u00e9bec | Daniil Trifonov"},"content":{"rendered":"<div>Pr\u00e9lude au concert \u00e0 19 h, avec le musicologue Benjamin Ren\u00e9<\/div>\n<div><\/div>\n<p>Apr\u00e8s avoir entendu Daniil Trifonov pour la premi\u00e8re fois, la l\u00e9gendaire Martha Argerich a avou\u00e9 qu\u2019elle n\u2019avait \u00ab\u00a0jamais rien entendu de semblable\u00a0\u00bb, qualifiant son jeu de \u00ab\u00a0tendre\u00a0\u00bb et de \u00ab\u00a0d\u00e9moniaque\u00a0\u00bb. Le prodige russe, d\u00e9j\u00e0 class\u00e9 parmi les plus grands virtuoses du XXI<sup>e<\/sup>\u00a0si\u00e8cle, fera enfin ses d\u00e9buts au Club musical dans une c\u00e9l\u00e9bration du g\u00e9nie de Jean-S\u00e9bastien Bach. Un rendez-vous \u00e0 ne pas manquer!<\/p>\n","protected":false},"excerpt":{"rendered":"<p>Pr\u00e9lude au concert \u00e0 19 h, avec le musicologue Benjamin Ren\u00e9 Apr\u00e8s avoir entendu Daniil Trifonov pour la premi\u00e8re fois, la l\u00e9gendaire Martha Argerich a avou\u00e9 qu\u2019elle n\u2019avait \u00ab\u00a0jamais rien entendu de semblable\u00a0\u00bb, qualifiant son jeu de \u00ab\u00a0tendre\u00a0\u00bb et de \u00ab\u00a0d\u00e9moniaque\u00a0\u00bb. Le prodige russe, d\u00e9j\u00e0 class\u00e9 parmi les plus grands virtuoses du XXIe\u00a0si\u00e8cle, fera enfin [&hellip;]<\/p>\n","protected":false},"author":1,"featured_media":58857,"comment_status":"open","ping_status":"closed","template":"","meta":{"om_disable_all_campaigns":false,"jetpack_post_was_ever_published":false},"tags":[],"tribe_events_cat":[5024],"acf":[],"jetpack_sharing_enabled":true,"_links":{"self":[{"href":"https:\/\/www.ludwig-van.com\/montreal\/wp-json\/wp\/v2\/tribe_events\/62131"}],"collection":[{"href":"https:\/\/www.ludwig-van.com\/montreal\/wp-json\/wp\/v2\/tribe_events"}],"about":[{"href":"https:\/\/www.ludwig-van.com\/montreal\/wp-json\/wp\/v2\/types\/tribe_events"}],"author":[{"embeddable":true,"href":"https:\/\/www.ludwig-van.com\/montreal\/wp-json\/wp\/v2\/users\/1"}],"replies":[{"embeddable":true,"href":"https:\/\/www.ludwig-van.com\/montreal\/wp-json\/wp\/v2\/comments?post=62131"}],"version-history":[{"count":1,"href":"https:\/\/www.ludwig-van.com\/montreal\/wp-json\/wp\/v2\/tribe_events\/62131\/revisions"}],"predecessor-version":[{"id":62132,"href":"https:\/\/www.ludwig-van.com\/montreal\/wp-json\/wp\/v2\/tribe_events\/62131\/revisions\/62132"}],"wp:featuredmedia":[{"embeddable":true,"href":"https:\/\/www.ludwig-van.com\/montreal\/wp-json\/wp\/v2\/media\/58857"}],"wp:attachment":[{"href":"https:\/\/www.ludwig-van.com\/montreal\/wp-json\/wp\/v2\/media?parent=62131"}],"wp:term":[{"taxonomy":"post_tag","embeddable":true,"href":"https:\/\/www.ludwig-van.com\/montreal\/wp-json\/wp\/v2\/tags?post=62131"},{"taxonomy":"tribe_events_cat","embeddable":true,"href":"https:\/\/www.ludwig-van.com\/montreal\/wp-json\/wp\/v2\/tribe_events_cat?post=62131"}],"curies":[{"name":"wp","href":"https:\/\/api.w.org\/{rel}","templated":true}]}}

Club musical de Québec | Daniil Trifonov

<div>Prélude au concert à 19 h, avec le musicologue Benjamin René</div>
<div></div>
<p>Après avoir entendu Daniil Trifonov pour la première fois, la légendaire Martha Argerich a avoué qu’elle n’avait « jamais rien entendu de semblable », qualifiant son jeu de « tendre » et de « démoniaque ». Le prodige russe, déjà classé parmi les plus grands virtuoses du XXI<sup>e</sup> siècle, fera enfin ses débuts au Club musical dans une célébration du génie de Jean-Sébastien Bach. Un rendez-vous à ne pas manquer!</p>

<p>Prélude au concert à 19 h, avec le musicologue Benjamin René Après avoir entendu Daniil Trifonov pour la première fois, la légendaire Martha Argerich a avoué qu’elle n’avait « jamais rien entendu de semblable », qualifiant son jeu de « tendre » et de « démoniaque ». Le prodige russe, déjà classé parmi les plus grands virtuoses du XXIe siècle, fera enfin [&hellip;]</p>
