{"id":62061,"date":"2019-10-10T13:45:41","date_gmt":"2019-10-10T17:45:41","guid":{"rendered":"https:\/\/www.ludwig-van.com\/montreal\/?post_type=tribe_events&#038;p=62061"},"modified":"2019-10-10T13:45:41","modified_gmt":"2019-10-10T17:45:41","slug":"boreades-de-montreal-bach-intime","status":"publish","type":"tribe_events","link":"https:\/\/www.ludwig-van.com\/montreal\/event\/boreades-de-montreal-bach-intime\/","title":{"rendered":"Les Bor\u00e9ades de Montr\u00e9al | Bach intime"},"content":{"rendered":"<p>Bach a compos\u00e9 sa musique de chambre alors qu\u2019il \u00e9tait au service du prince L\u00e9opold \u00e0 Coethen autour de 1720. Il l\u2019a confi\u00e9e au violon, \u00e0 la fl\u00fbte, \u00e0 la viole et au violoncelle, mais, \u00e0 c\u00f4t\u00e9 de ses sonates avec basse continue, il a \u00e9t\u00e9 le premier \u00e0 donner un r\u00f4le concertant au clavecin, instrument dont il \u00e9tait un exceptionnel virtuose. Chaque membre des Bor\u00e9ades sera soliste \u00e0 son tour dans diverses sonates plus expressives et originales les unes que les autres, et tous quatre uniront leurs forces dans l\u2019incomparable\u00a0<em>Sonate en trio<\/em>\u00a0de l\u2019<em>Offrande musicale<\/em>, qui, elle, date de 1747.<\/p>\n","protected":false},"excerpt":{"rendered":"<p>Bach a compos\u00e9 sa musique de chambre alors qu\u2019il \u00e9tait au service du prince L\u00e9opold \u00e0 Coethen autour de 1720. Il l\u2019a confi\u00e9e au violon, \u00e0 la fl\u00fbte, \u00e0 la viole et au violoncelle, mais, \u00e0 c\u00f4t\u00e9 de ses sonates avec basse continue, il a \u00e9t\u00e9 le premier \u00e0 donner un r\u00f4le concertant au clavecin, [&hellip;]<\/p>\n","protected":false},"author":1,"featured_media":0,"comment_status":"open","ping_status":"closed","template":"","meta":{"om_disable_all_campaigns":false,"jetpack_post_was_ever_published":false},"tags":[],"tribe_events_cat":[6109,5052,5053,6476],"acf":[],"jetpack_sharing_enabled":true,"_links":{"self":[{"href":"https:\/\/www.ludwig-van.com\/montreal\/wp-json\/wp\/v2\/tribe_events\/62061"}],"collection":[{"href":"https:\/\/www.ludwig-van.com\/montreal\/wp-json\/wp\/v2\/tribe_events"}],"about":[{"href":"https:\/\/www.ludwig-van.com\/montreal\/wp-json\/wp\/v2\/types\/tribe_events"}],"author":[{"embeddable":true,"href":"https:\/\/www.ludwig-van.com\/montreal\/wp-json\/wp\/v2\/users\/1"}],"replies":[{"embeddable":true,"href":"https:\/\/www.ludwig-van.com\/montreal\/wp-json\/wp\/v2\/comments?post=62061"}],"version-history":[{"count":1,"href":"https:\/\/www.ludwig-van.com\/montreal\/wp-json\/wp\/v2\/tribe_events\/62061\/revisions"}],"predecessor-version":[{"id":62062,"href":"https:\/\/www.ludwig-van.com\/montreal\/wp-json\/wp\/v2\/tribe_events\/62061\/revisions\/62062"}],"wp:attachment":[{"href":"https:\/\/www.ludwig-van.com\/montreal\/wp-json\/wp\/v2\/media?parent=62061"}],"wp:term":[{"taxonomy":"post_tag","embeddable":true,"href":"https:\/\/www.ludwig-van.com\/montreal\/wp-json\/wp\/v2\/tags?post=62061"},{"taxonomy":"tribe_events_cat","embeddable":true,"href":"https:\/\/www.ludwig-van.com\/montreal\/wp-json\/wp\/v2\/tribe_events_cat?post=62061"}],"curies":[{"name":"wp","href":"https:\/\/api.w.org\/{rel}","templated":true}]}}

Les Boréades de Montréal | Bach intime

<p>Bach a composé sa musique de chambre alors qu’il était au service du prince Léopold à Coethen autour de 1720. Il l’a confiée au violon, à la flûte, à la viole et au violoncelle, mais, à côté de ses sonates avec basse continue, il a été le premier à donner un rôle concertant au clavecin, instrument dont il était un exceptionnel virtuose. Chaque membre des Boréades sera soliste à son tour dans diverses sonates plus expressives et originales les unes que les autres, et tous quatre uniront leurs forces dans l’incomparable <em>Sonate en trio</em> de l’<em>Offrande musicale</em>, qui, elle, date de 1747.</p>

<p>Bach a composé sa musique de chambre alors qu’il était au service du prince Léopold à Coethen autour de 1720. Il l’a confiée au violon, à la flûte, à la viole et au violoncelle, mais, à côté de ses sonates avec basse continue, il a été le premier à donner un rôle concertant au clavecin, [&hellip;]</p>
