{"id":62057,"date":"2019-10-10T09:58:53","date_gmt":"2019-10-10T13:58:53","guid":{"rendered":"https:\/\/www.ludwig-van.com\/montreal\/?post_type=tribe_events&#038;p=62057"},"modified":"2019-10-10T09:58:53","modified_gmt":"2019-10-10T13:58:53","slug":"musique-de-chambre-allegra-beethoven","status":"publish","type":"tribe_events","link":"https:\/\/www.ludwig-van.com\/montreal\/event\/musique-de-chambre-allegra-beethoven\/","title":{"rendered":"Musique de chambre Allegra | Beethoven"},"content":{"rendered":"<p class=\"\">PROGRAMME<\/p>\n<p class=\"\"><strong>Beethoven <\/strong>Sonate no. 5 pour violon et piano en fa majeur, op. 24 \u00ab Printemps \u00bb<\/p>\n<p class=\"\"><strong>Beethoven<\/strong> Trio \u00e0 cordes<\/p>\n<p class=\"\"><strong>Beethoven<\/strong> S\u00e9r\u00e9nade pour fl\u00fbte, violon et alto en r\u00e9 majeur, op. 25<\/p>\n<p class=\"\"><strong>Beethoven<\/strong> Quatuor pour piano, violon, alto et violoncelle no. 1 en mi b\u00e9mol majeur, WoO 36 (arrang\u00e9 pour piano, clarinette et trio \u00e0 cordes par Simon Aldrich)<\/p>\n<p class=\"\">MUSICIENS<\/p>\n<p class=\"\"><strong>Dorothy Fieldman Fraiberg<\/strong>, piano ~ <strong>Simon Aldrich<\/strong>, clarinette ~ <strong>Lara Deutsch<\/strong>, fl\u00fbte ~ <strong>Alexander Lozowski<\/strong>, violon ~ <strong>Pierre Tourville<\/strong>, alto ~ <strong>Sheila Hannigan<\/strong>, violoncelle<\/p>\n","protected":false},"excerpt":{"rendered":"<p>PROGRAMME Beethoven Sonate no. 5 pour violon et piano en fa majeur, op. 24 \u00ab Printemps \u00bb Beethoven Trio \u00e0 cordes Beethoven S\u00e9r\u00e9nade pour fl\u00fbte, violon et alto en r\u00e9 majeur, op. 25 Beethoven Quatuor pour piano, violon, alto et violoncelle no. 1 en mi b\u00e9mol majeur, WoO 36 (arrang\u00e9 pour piano, clarinette et trio [&hellip;]<\/p>\n","protected":false},"author":1,"featured_media":57142,"comment_status":"open","ping_status":"closed","template":"","meta":{"om_disable_all_campaigns":false,"jetpack_post_was_ever_published":false},"tags":[],"tribe_events_cat":[6109,5052,5024,5124,6476],"acf":[],"jetpack_sharing_enabled":true,"_links":{"self":[{"href":"https:\/\/www.ludwig-van.com\/montreal\/wp-json\/wp\/v2\/tribe_events\/62057"}],"collection":[{"href":"https:\/\/www.ludwig-van.com\/montreal\/wp-json\/wp\/v2\/tribe_events"}],"about":[{"href":"https:\/\/www.ludwig-van.com\/montreal\/wp-json\/wp\/v2\/types\/tribe_events"}],"author":[{"embeddable":true,"href":"https:\/\/www.ludwig-van.com\/montreal\/wp-json\/wp\/v2\/users\/1"}],"replies":[{"embeddable":true,"href":"https:\/\/www.ludwig-van.com\/montreal\/wp-json\/wp\/v2\/comments?post=62057"}],"version-history":[{"count":1,"href":"https:\/\/www.ludwig-van.com\/montreal\/wp-json\/wp\/v2\/tribe_events\/62057\/revisions"}],"predecessor-version":[{"id":62058,"href":"https:\/\/www.ludwig-van.com\/montreal\/wp-json\/wp\/v2\/tribe_events\/62057\/revisions\/62058"}],"wp:featuredmedia":[{"embeddable":true,"href":"https:\/\/www.ludwig-van.com\/montreal\/wp-json\/wp\/v2\/media\/57142"}],"wp:attachment":[{"href":"https:\/\/www.ludwig-van.com\/montreal\/wp-json\/wp\/v2\/media?parent=62057"}],"wp:term":[{"taxonomy":"post_tag","embeddable":true,"href":"https:\/\/www.ludwig-van.com\/montreal\/wp-json\/wp\/v2\/tags?post=62057"},{"taxonomy":"tribe_events_cat","embeddable":true,"href":"https:\/\/www.ludwig-van.com\/montreal\/wp-json\/wp\/v2\/tribe_events_cat?post=62057"}],"curies":[{"name":"wp","href":"https:\/\/api.w.org\/{rel}","templated":true}]}}

<p class="">PROGRAMME</p>
<p class=""><strong>Beethoven </strong>Sonate no. 5 pour violon et piano en fa majeur, op. 24 « Printemps »</p>
<p class=""><strong>Beethoven</strong> Trio à cordes</p>
<p class=""><strong>Beethoven</strong> Sérénade pour flûte, violon et alto en ré majeur, op. 25</p>
<p class=""><strong>Beethoven</strong> Quatuor pour piano, violon, alto et violoncelle no. 1 en mi bémol majeur, WoO 36 (arrangé pour piano, clarinette et trio à cordes par Simon Aldrich)</p>
<p class="">MUSICIENS</p>
<p class=""><strong>Dorothy Fieldman Fraiberg</strong>, piano ~ <strong>Simon Aldrich</strong>, clarinette ~ <strong>Lara Deutsch</strong>, flûte ~ <strong>Alexander Lozowski</strong>, violon ~ <strong>Pierre Tourville</strong>, alto ~ <strong>Sheila Hannigan</strong>, violoncelle</p>

<p>PROGRAMME Beethoven Sonate no. 5 pour violon et piano en fa majeur, op. 24 « Printemps » Beethoven Trio à cordes Beethoven Sérénade pour flûte, violon et alto en ré majeur, op. 25 Beethoven Quatuor pour piano, violon, alto et violoncelle no. 1 en mi bémol majeur, WoO 36 (arrangé pour piano, clarinette et trio [&hellip;]</p>
