{"id":61953,"date":"2019-10-08T10:08:34","date_gmt":"2019-10-08T14:08:34","guid":{"rendered":"https:\/\/www.ludwig-van.com\/montreal\/?post_type=tribe_events&#038;p=61953"},"modified":"2019-10-08T11:07:11","modified_gmt":"2019-10-08T15:07:11","slug":"autour-de-flute-vents-roseaux","status":"publish","type":"tribe_events","link":"https:\/\/www.ludwig-van.com\/montreal\/event\/autour-de-flute-vents-roseaux\/","title":{"rendered":"Autour de la fl\u00fbte | Les vents dans les roseaux"},"content":{"rendered":"<p>Venez entendre les vents baroques! Fl\u00fbte et hautbois font un son m\u00e9morable \u00e0 entendre. Avec le groupe canadien\/fran\u00e7ais Notturna.<\/p>\n<p>Come hear the fascinating mixture of sounds between two very distinct wind instruments, the baroque flute and oboe. With special invited guests, the Canadian\/French ensemble Notturna.<\/p>\n<p>Concert intime baroque ***Places limit\u00e9es!<\/p>\n<p>House concert featuring baroque chamber music ***space extremely limited!<\/p>\n<p>Christopher Palameta &#8211; baroque oboe | hautbois baroque<\/p>\n<p>Mika Putterman &#8211; baroque flute | fl\u00fbte baroque<\/p>\n<p>Brice Sailly (FR) &#8211; clavecin\u00a0| harpsichord<\/p>\n<p>&nbsp;<\/p>\n<p>House concert,\u00a0<span class=\"tribe-address\"><span class=\"tribe-street-address\">4710 Chemin Circle<\/span><br \/>\n<span class=\"tribe-locality\">Montreal<\/span><span class=\"tribe-delimiter\">,<\/span>\u00a0<abbr class=\"tribe-region tribe-events-abbr\" title=\"QC\">QC<\/abbr>\u00a0<span class=\"tribe-postal-code\">H3W 1Z1<\/span>\u00a0<span class=\"tribe-country-name\">Canada<\/span><\/span><\/p>\n","protected":false},"excerpt":{"rendered":"<p>Venez entendre les vents baroques! Fl\u00fbte et hautbois font un son m\u00e9morable \u00e0 entendre. Avec le groupe canadien\/fran\u00e7ais Notturna. Come hear the fascinating mixture of sounds between two very distinct wind instruments, the baroque flute and oboe. With special invited guests, the Canadian\/French ensemble Notturna. Concert intime baroque ***Places limit\u00e9es! House concert featuring baroque chamber [&hellip;]<\/p>\n","protected":false},"author":1,"featured_media":61955,"comment_status":"open","ping_status":"closed","template":"","meta":{"om_disable_all_campaigns":false,"jetpack_post_was_ever_published":false},"tags":[],"tribe_events_cat":[5052,5053],"acf":[],"jetpack_sharing_enabled":true,"_links":{"self":[{"href":"https:\/\/www.ludwig-van.com\/montreal\/wp-json\/wp\/v2\/tribe_events\/61953"}],"collection":[{"href":"https:\/\/www.ludwig-van.com\/montreal\/wp-json\/wp\/v2\/tribe_events"}],"about":[{"href":"https:\/\/www.ludwig-van.com\/montreal\/wp-json\/wp\/v2\/types\/tribe_events"}],"author":[{"embeddable":true,"href":"https:\/\/www.ludwig-van.com\/montreal\/wp-json\/wp\/v2\/users\/1"}],"replies":[{"embeddable":true,"href":"https:\/\/www.ludwig-van.com\/montreal\/wp-json\/wp\/v2\/comments?post=61953"}],"version-history":[{"count":2,"href":"https:\/\/www.ludwig-van.com\/montreal\/wp-json\/wp\/v2\/tribe_events\/61953\/revisions"}],"predecessor-version":[{"id":61971,"href":"https:\/\/www.ludwig-van.com\/montreal\/wp-json\/wp\/v2\/tribe_events\/61953\/revisions\/61971"}],"wp:featuredmedia":[{"embeddable":true,"href":"https:\/\/www.ludwig-van.com\/montreal\/wp-json\/wp\/v2\/media\/61955"}],"wp:attachment":[{"href":"https:\/\/www.ludwig-van.com\/montreal\/wp-json\/wp\/v2\/media?parent=61953"}],"wp:term":[{"taxonomy":"post_tag","embeddable":true,"href":"https:\/\/www.ludwig-van.com\/montreal\/wp-json\/wp\/v2\/tags?post=61953"},{"taxonomy":"tribe_events_cat","embeddable":true,"href":"https:\/\/www.ludwig-van.com\/montreal\/wp-json\/wp\/v2\/tribe_events_cat?post=61953"}],"curies":[{"name":"wp","href":"https:\/\/api.w.org\/{rel}","templated":true}]}}

Autour de la flûte | Les vents dans les roseaux

<p>Venez entendre les vents baroques! Flûte et hautbois font un son mémorable à entendre. Avec le groupe canadien/français Notturna.</p>
<p>Come hear the fascinating mixture of sounds between two very distinct wind instruments, the baroque flute and oboe. With special invited guests, the Canadian/French ensemble Notturna.</p>
<p>Concert intime baroque ***Places limitées!</p>
<p>House concert featuring baroque chamber music ***space extremely limited!</p>
<p>Christopher Palameta &#8211; baroque oboe | hautbois baroque</p>
<p>Mika Putterman &#8211; baroque flute | flûte baroque</p>
<p>Brice Sailly (FR) &#8211; clavecin | harpsichord</p>
<p>&nbsp;</p>
<p>House concert, <span class="tribe-address"><span class="tribe-street-address">4710 Chemin Circle</span><br />
<span class="tribe-locality">Montreal</span><span class="tribe-delimiter">,</span> <abbr class="tribe-region tribe-events-abbr" title="QC">QC</abbr> <span class="tribe-postal-code">H3W 1Z1</span> <span class="tribe-country-name">Canada</span></span></p>

<p>Venez entendre les vents baroques! Flûte et hautbois font un son mémorable à entendre. Avec le groupe canadien/français Notturna. Come hear the fascinating mixture of sounds between two very distinct wind instruments, the baroque flute and oboe. With special invited guests, the Canadian/French ensemble Notturna. Concert intime baroque ***Places limitées! House concert featuring baroque chamber [&hellip;]</p>
