{"id":61630,"date":"2019-10-01T10:01:19","date_gmt":"2019-10-01T14:01:19","guid":{"rendered":"https:\/\/www.ludwig-van.com\/montreal\/?post_type=tribe_events&#038;p=61630"},"modified":"2019-10-01T10:32:28","modified_gmt":"2019-10-01T14:32:28","slug":"lmmc-montrose-trio","status":"publish","type":"tribe_events","link":"https:\/\/www.ludwig-van.com\/montreal\/event\/lmmc-montrose-trio\/","title":{"rendered":"Concerts LMMC | Montrose Trio"},"content":{"rendered":"<p align=\"center\"><strong>Martin Beaver\u00a0<\/strong>&#8211; violon \u00a0 \u00a0 \u00a0 \u00a0\u00a0<strong>Clive Greensmith\u00a0<\/strong>&#8211; violoncelle<br \/>\n<strong>Jon Kimura Parker\u00a0<\/strong>&#8211; piano<\/p>\n<p align=\"left\">Le Montrose Trio, form\u00e9 en 2013, est d\u00fb \u00e0 la collaboration de trois musiciens d\u2019exception, dont deux anciens membres du Tokyo String Quartet. La r\u00e9putation du Trio s\u2019est rapidement \u00e9tablie et l\u2019ensemble donne r\u00e9guli\u00e8rement des concerts \u00e0 travers l\u2019Am\u00e9rique du Nord. Ind\u00e9pendamment de son appartenance au trio, chaque musicien poursuit une carri\u00e8re personnelle.<\/p>\n<p>Martin Beaver, ancien laur\u00e9at des concours de Montr\u00e9al, d\u2019Indianapolis et du concours Reine \u00c9lisabeth, est actuellement professeur de violon et codirecteur du programme de musique de chambre \u00e0 la Colburn School \u00e0 Los Angeles.<\/p>\n<p>Clive Greensmith, \u00e9galement professeur \u00e0 la Colburn School, a collabor\u00e9 avec divers orchestres et musiciens renomm\u00e9s tels Andr\u00e0s Schiff, Claude Franck, Midori et Steven Isserlis. Il est laur\u00e9at de plusieurs concours dont celui du Premio Stradivari \u00e0 Cr\u00e9mone.<\/p>\n<p>Jon Kimura Parker se produit comme soliste et avec orchestre, tout en \u00e9tant directeur artistique du Festival de musique de chambre de l\u2019\u00eele d\u2019Orcas et professeur de piano \u00e0 la Shepherd School of Music de la Rice University \u00e0 Houston.<\/p>\n<p>3<sup>e<\/sup>\u00a0engagement au LMMC.<\/p>\n","protected":false},"excerpt":{"rendered":"<p>Martin Beaver\u00a0&#8211; violon \u00a0 \u00a0 \u00a0 \u00a0\u00a0Clive Greensmith\u00a0&#8211; violoncelle Jon Kimura Parker\u00a0&#8211; piano Le Montrose Trio, form\u00e9 en 2013, est d\u00fb \u00e0 la collaboration de trois musiciens d\u2019exception, dont deux anciens membres du Tokyo String Quartet. La r\u00e9putation du Trio s\u2019est rapidement \u00e9tablie et l\u2019ensemble donne r\u00e9guli\u00e8rement des concerts \u00e0 travers l\u2019Am\u00e9rique du Nord. Ind\u00e9pendamment [&hellip;]<\/p>\n","protected":false},"author":1,"featured_media":59672,"comment_status":"open","ping_status":"closed","template":"","meta":{"om_disable_all_campaigns":false,"jetpack_post_was_ever_published":false},"tags":[],"tribe_events_cat":[6109,5052,5024,6476],"acf":[],"jetpack_sharing_enabled":true,"_links":{"self":[{"href":"https:\/\/www.ludwig-van.com\/montreal\/wp-json\/wp\/v2\/tribe_events\/61630"}],"collection":[{"href":"https:\/\/www.ludwig-van.com\/montreal\/wp-json\/wp\/v2\/tribe_events"}],"about":[{"href":"https:\/\/www.ludwig-van.com\/montreal\/wp-json\/wp\/v2\/types\/tribe_events"}],"author":[{"embeddable":true,"href":"https:\/\/www.ludwig-van.com\/montreal\/wp-json\/wp\/v2\/users\/1"}],"replies":[{"embeddable":true,"href":"https:\/\/www.ludwig-van.com\/montreal\/wp-json\/wp\/v2\/comments?post=61630"}],"version-history":[{"count":2,"href":"https:\/\/www.ludwig-van.com\/montreal\/wp-json\/wp\/v2\/tribe_events\/61630\/revisions"}],"predecessor-version":[{"id":61641,"href":"https:\/\/www.ludwig-van.com\/montreal\/wp-json\/wp\/v2\/tribe_events\/61630\/revisions\/61641"}],"wp:featuredmedia":[{"embeddable":true,"href":"https:\/\/www.ludwig-van.com\/montreal\/wp-json\/wp\/v2\/media\/59672"}],"wp:attachment":[{"href":"https:\/\/www.ludwig-van.com\/montreal\/wp-json\/wp\/v2\/media?parent=61630"}],"wp:term":[{"taxonomy":"post_tag","embeddable":true,"href":"https:\/\/www.ludwig-van.com\/montreal\/wp-json\/wp\/v2\/tags?post=61630"},{"taxonomy":"tribe_events_cat","embeddable":true,"href":"https:\/\/www.ludwig-van.com\/montreal\/wp-json\/wp\/v2\/tribe_events_cat?post=61630"}],"curies":[{"name":"wp","href":"https:\/\/api.w.org\/{rel}","templated":true}]}}

<p align="center"><strong>Martin Beaver </strong>&#8211; violon         <strong>Clive Greensmith </strong>&#8211; violoncelle<br />
<strong>Jon Kimura Parker </strong>&#8211; piano</p>
<p align="left">Le Montrose Trio, formé en 2013, est dû à la collaboration de trois musiciens d’exception, dont deux anciens membres du Tokyo String Quartet. La réputation du Trio s’est rapidement établie et l’ensemble donne régulièrement des concerts à travers l’Amérique du Nord. Indépendamment de son appartenance au trio, chaque musicien poursuit une carrière personnelle.</p>
<p>Martin Beaver, ancien lauréat des concours de Montréal, d’Indianapolis et du concours Reine Élisabeth, est actuellement professeur de violon et codirecteur du programme de musique de chambre à la Colburn School à Los Angeles.</p>
<p>Clive Greensmith, également professeur à la Colburn School, a collaboré avec divers orchestres et musiciens renommés tels Andràs Schiff, Claude Franck, Midori et Steven Isserlis. Il est lauréat de plusieurs concours dont celui du Premio Stradivari à Crémone.</p>
<p>Jon Kimura Parker se produit comme soliste et avec orchestre, tout en étant directeur artistique du Festival de musique de chambre de l’île d’Orcas et professeur de piano à la Shepherd School of Music de la Rice University à Houston.</p>
<p>3<sup>e</sup> engagement au LMMC.</p>

<p>Martin Beaver &#8211; violon         Clive Greensmith &#8211; violoncelle Jon Kimura Parker &#8211; piano Le Montrose Trio, formé en 2013, est dû à la collaboration de trois musiciens d’exception, dont deux anciens membres du Tokyo String Quartet. La réputation du Trio s’est rapidement établie et l’ensemble donne régulièrement des concerts à travers l’Amérique du Nord. Indépendamment [&hellip;]</p>
