{"id":61371,"date":"2019-09-22T20:15:12","date_gmt":"2019-09-23T00:15:12","guid":{"rendered":"https:\/\/www.ludwig-van.com\/montreal\/?post_type=tribe_events&#038;p=61371"},"modified":"2019-09-22T20:15:12","modified_gmt":"2019-09-23T00:15:12","slug":"moments-musicaux-suites-violoncelle-seul-de-bach","status":"publish","type":"tribe_events","link":"https:\/\/www.ludwig-van.com\/montreal\/event\/moments-musicaux-suites-violoncelle-seul-de-bach\/","title":{"rendered":"Moments musicaux  | Les Suites pour violoncelle seul de Bach"},"content":{"rendered":"<p><strong>Elinor Frey, violoncelle<\/strong><\/p>\n<p>Moments Musicaux d\u00e9bute sa 16e saison avec un grand coup !!! Pour les innombrables amoureux de Johann Sebastian Bach et pour toutes les personnes qui souhaitent s\u2019impr\u00e9gner de la musique de ce grand compositeur, nous vous proposons de venir entendre Elinor Frey au violoncelle baroque, dans le second volet de nos concerts.<\/p>\n<p>Entam\u00e9e en octobre 2018, nous compl\u00e9terons cet automne la pr\u00e9sentation de l\u2019oeuvre pour violoncelle seul de J.S.Bach avec les suites 2, 4 et 6.<\/p>\n<p><strong>\u00c9tudiants: 10 $.\u00a0<\/strong><\/p>\n<p>&nbsp;<\/p>\n","protected":false},"excerpt":{"rendered":"<p>Elinor Frey, violoncelle<br \/>\nMoments Musicaux d\u00e9bute sa 16e saison avec un grand coup !!! Pour les innombrables amoureux de Johann Sebastian Bach et pour toutes les personnes qui souhaitent s\u2019impr\u00e9gner de la musique de ce grand compositeur, nous vous proposons de venir entendre Elinor Frey au violoncelle baroque. Entam\u00e9e en octobre 2018, nous compl\u00e9terons cet automne la pr\u00e9sentation de l\u2019oeuvre pour violoncelle seul de J.S.Bach avec les suites 2, 4 et 6.<\/p>\n","protected":false},"author":1,"featured_media":56034,"comment_status":"open","ping_status":"closed","template":"","meta":{"om_disable_all_campaigns":false,"jetpack_post_was_ever_published":false},"tags":[],"tribe_events_cat":[6109],"acf":[],"jetpack_sharing_enabled":true,"_links":{"self":[{"href":"https:\/\/www.ludwig-van.com\/montreal\/wp-json\/wp\/v2\/tribe_events\/61371"}],"collection":[{"href":"https:\/\/www.ludwig-van.com\/montreal\/wp-json\/wp\/v2\/tribe_events"}],"about":[{"href":"https:\/\/www.ludwig-van.com\/montreal\/wp-json\/wp\/v2\/types\/tribe_events"}],"author":[{"embeddable":true,"href":"https:\/\/www.ludwig-van.com\/montreal\/wp-json\/wp\/v2\/users\/1"}],"replies":[{"embeddable":true,"href":"https:\/\/www.ludwig-van.com\/montreal\/wp-json\/wp\/v2\/comments?post=61371"}],"version-history":[{"count":3,"href":"https:\/\/www.ludwig-van.com\/montreal\/wp-json\/wp\/v2\/tribe_events\/61371\/revisions"}],"predecessor-version":[{"id":61374,"href":"https:\/\/www.ludwig-van.com\/montreal\/wp-json\/wp\/v2\/tribe_events\/61371\/revisions\/61374"}],"wp:featuredmedia":[{"embeddable":true,"href":"https:\/\/www.ludwig-van.com\/montreal\/wp-json\/wp\/v2\/media\/56034"}],"wp:attachment":[{"href":"https:\/\/www.ludwig-van.com\/montreal\/wp-json\/wp\/v2\/media?parent=61371"}],"wp:term":[{"taxonomy":"post_tag","embeddable":true,"href":"https:\/\/www.ludwig-van.com\/montreal\/wp-json\/wp\/v2\/tags?post=61371"},{"taxonomy":"tribe_events_cat","embeddable":true,"href":"https:\/\/www.ludwig-van.com\/montreal\/wp-json\/wp\/v2\/tribe_events_cat?post=61371"}],"curies":[{"name":"wp","href":"https:\/\/api.w.org\/{rel}","templated":true}]}}

<p><strong>Elinor Frey, violoncelle</strong></p>
<p>Moments Musicaux débute sa 16e saison avec un grand coup !!! Pour les innombrables amoureux de Johann Sebastian Bach et pour toutes les personnes qui souhaitent s’imprégner de la musique de ce grand compositeur, nous vous proposons de venir entendre Elinor Frey au violoncelle baroque, dans le second volet de nos concerts.</p>
<p>Entamée en octobre 2018, nous compléterons cet automne la présentation de l’oeuvre pour violoncelle seul de J.S.Bach avec les suites 2, 4 et 6.</p>
<p><strong>Étudiants: 10 $. </strong></p>
<p>&nbsp;</p>

<p>Elinor Frey, violoncelle<br />
Moments Musicaux débute sa 16e saison avec un grand coup !!! Pour les innombrables amoureux de Johann Sebastian Bach et pour toutes les personnes qui souhaitent s’imprégner de la musique de ce grand compositeur, nous vous proposons de venir entendre Elinor Frey au violoncelle baroque. Entamée en octobre 2018, nous compléterons cet automne la présentation de l’oeuvre pour violoncelle seul de J.S.Bach avec les suites 2, 4 et 6.</p>
