{"id":61094,"date":"2019-09-11T14:46:35","date_gmt":"2019-09-11T18:46:35","guid":{"rendered":"https:\/\/www.ludwig-van.com\/montreal\/?post_type=tribe_events&#038;p=61094"},"modified":"2019-09-11T14:46:35","modified_gmt":"2019-09-11T18:46:35","slug":"chapelle-historique-pasteur-brahms-lintegrale-symphonies-i","status":"publish","type":"tribe_events","link":"https:\/\/www.ludwig-van.com\/montreal\/event\/chapelle-historique-pasteur-brahms-lintegrale-symphonies-i\/","title":{"rendered":"Chapelle historique du Bon-Pasteur | Brahms : L&rsquo;int\u00e9grale des symphonies I"},"content":{"rendered":"<p>Apr\u00e8s Beethoven \u2013 \u00c0 la conqu\u00eate des Viennois<\/p>\n<p>St\u00e9phan Sylvestre, piano<br \/>\nAngela Park, piano<\/p>\n<p>Int\u00e9grale des symphonies dans leur version originale pour piano \u00e0 4 mains.<\/p>\n<p>Johannes Brahms : Symphonie no 1 en do mineur, opus 68<br \/>\nSymphonie no 2 en r\u00e9 majeur, opus 73<\/p>\n<p>Gratuit &#8211; Billets disponibles d\u00e8s le 19 septembre<\/p>\n","protected":false},"excerpt":{"rendered":"<p>Apr\u00e8s Beethoven \u2013 \u00c0 la conqu\u00eate des Viennois St\u00e9phan Sylvestre, piano Angela Park, piano Int\u00e9grale des symphonies dans leur version originale pour piano \u00e0 4 mains. Johannes Brahms : Symphonie no 1 en do mineur, opus 68 Symphonie no 2 en r\u00e9 majeur, opus 73 Gratuit &#8211; Billets disponibles d\u00e8s le 19 septembre<\/p>\n","protected":false},"author":1,"featured_media":60977,"comment_status":"open","ping_status":"closed","template":"","meta":{"om_disable_all_campaigns":false,"jetpack_post_was_ever_published":false},"tags":[],"tribe_events_cat":[5024],"acf":[],"jetpack_sharing_enabled":true,"_links":{"self":[{"href":"https:\/\/www.ludwig-van.com\/montreal\/wp-json\/wp\/v2\/tribe_events\/61094"}],"collection":[{"href":"https:\/\/www.ludwig-van.com\/montreal\/wp-json\/wp\/v2\/tribe_events"}],"about":[{"href":"https:\/\/www.ludwig-van.com\/montreal\/wp-json\/wp\/v2\/types\/tribe_events"}],"author":[{"embeddable":true,"href":"https:\/\/www.ludwig-van.com\/montreal\/wp-json\/wp\/v2\/users\/1"}],"replies":[{"embeddable":true,"href":"https:\/\/www.ludwig-van.com\/montreal\/wp-json\/wp\/v2\/comments?post=61094"}],"version-history":[{"count":1,"href":"https:\/\/www.ludwig-van.com\/montreal\/wp-json\/wp\/v2\/tribe_events\/61094\/revisions"}],"predecessor-version":[{"id":61095,"href":"https:\/\/www.ludwig-van.com\/montreal\/wp-json\/wp\/v2\/tribe_events\/61094\/revisions\/61095"}],"wp:featuredmedia":[{"embeddable":true,"href":"https:\/\/www.ludwig-van.com\/montreal\/wp-json\/wp\/v2\/media\/60977"}],"wp:attachment":[{"href":"https:\/\/www.ludwig-van.com\/montreal\/wp-json\/wp\/v2\/media?parent=61094"}],"wp:term":[{"taxonomy":"post_tag","embeddable":true,"href":"https:\/\/www.ludwig-van.com\/montreal\/wp-json\/wp\/v2\/tags?post=61094"},{"taxonomy":"tribe_events_cat","embeddable":true,"href":"https:\/\/www.ludwig-van.com\/montreal\/wp-json\/wp\/v2\/tribe_events_cat?post=61094"}],"curies":[{"name":"wp","href":"https:\/\/api.w.org\/{rel}","templated":true}]}}

Chapelle historique du Bon-Pasteur | Brahms : L&rsquo;intégrale des symphonies I

<p>Après Beethoven – À la conquête des Viennois</p>
<p>Stéphan Sylvestre, piano<br />
Angela Park, piano</p>
<p>Intégrale des symphonies dans leur version originale pour piano à 4 mains.</p>
<p>Johannes Brahms : Symphonie no 1 en do mineur, opus 68<br />
Symphonie no 2 en ré majeur, opus 73</p>
<p>Gratuit &#8211; Billets disponibles dès le 19 septembre</p>

<p>Après Beethoven – À la conquête des Viennois Stéphan Sylvestre, piano Angela Park, piano Intégrale des symphonies dans leur version originale pour piano à 4 mains. Johannes Brahms : Symphonie no 1 en do mineur, opus 68 Symphonie no 2 en ré majeur, opus 73 Gratuit &#8211; Billets disponibles dès le 19 septembre</p>
