{"id":61092,"date":"2019-09-11T14:41:58","date_gmt":"2019-09-11T18:41:58","guid":{"rendered":"https:\/\/www.ludwig-van.com\/montreal\/?post_type=tribe_events&#038;p=61092"},"modified":"2019-09-11T14:41:58","modified_gmt":"2019-09-11T18:41:58","slug":"chapelle-historique-pasteur-schulich-a-lancienne","status":"publish","type":"tribe_events","link":"https:\/\/www.ludwig-van.com\/montreal\/event\/chapelle-historique-pasteur-schulich-a-lancienne\/","title":{"rendered":"Chapelle historique du Bon-Pasteur | Schulich \u00e0 l\u2019ancienne"},"content":{"rendered":"<p>Lena Weman, coordonnatrice<\/p>\n<p>Des professeurs de musique ancienne de l\u2019\u00c9cole de musique Schulich partagent la sc\u00e8ne avec leurs \u00e9tudiants dans ce concert au r\u00e9pertoire vari\u00e9 et enlevant.<\/p>\n<p>Gratuit &#8211; Billets disponibles d\u00e8s le 19 septembre<\/p>\n","protected":false},"excerpt":{"rendered":"<p>Lena Weman, coordonnatrice Des professeurs de musique ancienne de l\u2019\u00c9cole de musique Schulich partagent la sc\u00e8ne avec leurs \u00e9tudiants dans ce concert au r\u00e9pertoire vari\u00e9 et enlevant. Gratuit &#8211; Billets disponibles d\u00e8s le 19 septembre<\/p>\n","protected":false},"author":1,"featured_media":61030,"comment_status":"open","ping_status":"closed","template":"","meta":{"om_disable_all_campaigns":false,"jetpack_post_was_ever_published":false},"tags":[],"tribe_events_cat":[5052,5053],"acf":[],"jetpack_sharing_enabled":true,"_links":{"self":[{"href":"https:\/\/www.ludwig-van.com\/montreal\/wp-json\/wp\/v2\/tribe_events\/61092"}],"collection":[{"href":"https:\/\/www.ludwig-van.com\/montreal\/wp-json\/wp\/v2\/tribe_events"}],"about":[{"href":"https:\/\/www.ludwig-van.com\/montreal\/wp-json\/wp\/v2\/types\/tribe_events"}],"author":[{"embeddable":true,"href":"https:\/\/www.ludwig-van.com\/montreal\/wp-json\/wp\/v2\/users\/1"}],"replies":[{"embeddable":true,"href":"https:\/\/www.ludwig-van.com\/montreal\/wp-json\/wp\/v2\/comments?post=61092"}],"version-history":[{"count":1,"href":"https:\/\/www.ludwig-van.com\/montreal\/wp-json\/wp\/v2\/tribe_events\/61092\/revisions"}],"predecessor-version":[{"id":61093,"href":"https:\/\/www.ludwig-van.com\/montreal\/wp-json\/wp\/v2\/tribe_events\/61092\/revisions\/61093"}],"wp:featuredmedia":[{"embeddable":true,"href":"https:\/\/www.ludwig-van.com\/montreal\/wp-json\/wp\/v2\/media\/61030"}],"wp:attachment":[{"href":"https:\/\/www.ludwig-van.com\/montreal\/wp-json\/wp\/v2\/media?parent=61092"}],"wp:term":[{"taxonomy":"post_tag","embeddable":true,"href":"https:\/\/www.ludwig-van.com\/montreal\/wp-json\/wp\/v2\/tags?post=61092"},{"taxonomy":"tribe_events_cat","embeddable":true,"href":"https:\/\/www.ludwig-van.com\/montreal\/wp-json\/wp\/v2\/tribe_events_cat?post=61092"}],"curies":[{"name":"wp","href":"https:\/\/api.w.org\/{rel}","templated":true}]}}

Chapelle historique du Bon-Pasteur | Schulich à l’ancienne

<p>Lena Weman, coordonnatrice</p>
<p>Des professeurs de musique ancienne de l’École de musique Schulich partagent la scène avec leurs étudiants dans ce concert au répertoire varié et enlevant.</p>
<p>Gratuit &#8211; Billets disponibles dès le 19 septembre</p>

<p>Lena Weman, coordonnatrice Des professeurs de musique ancienne de l’École de musique Schulich partagent la scène avec leurs étudiants dans ce concert au répertoire varié et enlevant. Gratuit &#8211; Billets disponibles dès le 19 septembre</p>
