{"id":61015,"date":"2019-09-06T15:26:53","date_gmt":"2019-09-06T19:26:53","guid":{"rendered":"https:\/\/www.ludwig-van.com\/montreal\/?post_type=tribe_events&#038;p=61015"},"modified":"2019-09-06T15:26:53","modified_gmt":"2019-09-06T19:26:53","slug":"chapelle-historique-pasteur-quintette-piano","status":"publish","type":"tribe_events","link":"https:\/\/www.ludwig-van.com\/montreal\/event\/chapelle-historique-pasteur-quintette-piano\/","title":{"rendered":"Chapelle historique du Bon-Pasteur | Quintette avec piano"},"content":{"rendered":"<p>Jean-Francois Normand, clarinette<br \/>\nLouis-Philippe Marsolais, cor<br \/>\nEliane Charest-Beauchamp, violon<br \/>\nSylvain Murray, violoncelle<br \/>\nSandra Murray, piano<\/p>\n<p>Felix Mendelssohn\u00a0: Trois pi\u00e8ces pour cor, clarinette et piano<br \/>\nPr\u00e9lude, opus 35 n<sup>o<\/sup> 4<br \/>\nLied ohne worte, opus 53 n<sup>o<\/sup> 2<br \/>\nDuo, opus 38 n<sup>o<\/sup> 6<br \/>\nAnton\u00edn Dvo\u0159\u00e1k, Trio pour piano, violon et violoncelle n<sup>o<\/sup> 2, opus\u00a0 26<br \/>\nJohann Sobeck, Duo concertant pour clarinette et cor sur des airs de Don Giovanni<br \/>\nRobert Kahn Quintette pour violon, violoncelle, cor, clarinette et piano, opus 54<\/p>\n<p>Gratuit-Billets disponibles d\u00e8s le 19 septembre<\/p>\n","protected":false},"excerpt":{"rendered":"<p>Jean-Francois Normand, clarinette Louis-Philippe Marsolais, cor Eliane Charest-Beauchamp, violon Sylvain Murray, violoncelle Sandra Murray, piano Felix Mendelssohn\u00a0: Trois pi\u00e8ces pour cor, clarinette et piano Pr\u00e9lude, opus 35 no 4 Lied ohne worte, opus 53 no 2 Duo, opus 38 no 6 Anton\u00edn Dvo\u0159\u00e1k, Trio pour piano, violon et violoncelle no 2, opus\u00a0 26 Johann Sobeck, [&hellip;]<\/p>\n","protected":false},"author":1,"featured_media":60975,"comment_status":"open","ping_status":"closed","template":"","meta":{"om_disable_all_campaigns":false,"jetpack_post_was_ever_published":false},"tags":[],"tribe_events_cat":[6109,5052,5024,6476],"acf":[],"jetpack_sharing_enabled":true,"_links":{"self":[{"href":"https:\/\/www.ludwig-van.com\/montreal\/wp-json\/wp\/v2\/tribe_events\/61015"}],"collection":[{"href":"https:\/\/www.ludwig-van.com\/montreal\/wp-json\/wp\/v2\/tribe_events"}],"about":[{"href":"https:\/\/www.ludwig-van.com\/montreal\/wp-json\/wp\/v2\/types\/tribe_events"}],"author":[{"embeddable":true,"href":"https:\/\/www.ludwig-van.com\/montreal\/wp-json\/wp\/v2\/users\/1"}],"replies":[{"embeddable":true,"href":"https:\/\/www.ludwig-van.com\/montreal\/wp-json\/wp\/v2\/comments?post=61015"}],"version-history":[{"count":1,"href":"https:\/\/www.ludwig-van.com\/montreal\/wp-json\/wp\/v2\/tribe_events\/61015\/revisions"}],"predecessor-version":[{"id":61016,"href":"https:\/\/www.ludwig-van.com\/montreal\/wp-json\/wp\/v2\/tribe_events\/61015\/revisions\/61016"}],"wp:featuredmedia":[{"embeddable":true,"href":"https:\/\/www.ludwig-van.com\/montreal\/wp-json\/wp\/v2\/media\/60975"}],"wp:attachment":[{"href":"https:\/\/www.ludwig-van.com\/montreal\/wp-json\/wp\/v2\/media?parent=61015"}],"wp:term":[{"taxonomy":"post_tag","embeddable":true,"href":"https:\/\/www.ludwig-van.com\/montreal\/wp-json\/wp\/v2\/tags?post=61015"},{"taxonomy":"tribe_events_cat","embeddable":true,"href":"https:\/\/www.ludwig-van.com\/montreal\/wp-json\/wp\/v2\/tribe_events_cat?post=61015"}],"curies":[{"name":"wp","href":"https:\/\/api.w.org\/{rel}","templated":true}]}}

<p>Jean-Francois Normand, clarinette<br />
Louis-Philippe Marsolais, cor<br />
Eliane Charest-Beauchamp, violon<br />
Sylvain Murray, violoncelle<br />
Sandra Murray, piano</p>
<p>Felix Mendelssohn : Trois pièces pour cor, clarinette et piano<br />
Prélude, opus 35 n<sup>o</sup> 4<br />
Lied ohne worte, opus 53 n<sup>o</sup> 2<br />
Duo, opus 38 n<sup>o</sup> 6<br />
Antonín Dvořák, Trio pour piano, violon et violoncelle n<sup>o</sup> 2, opus  26<br />
Johann Sobeck, Duo concertant pour clarinette et cor sur des airs de Don Giovanni<br />
Robert Kahn Quintette pour violon, violoncelle, cor, clarinette et piano, opus 54</p>
<p>Gratuit-Billets disponibles dès le 19 septembre</p>

<p>Jean-Francois Normand, clarinette Louis-Philippe Marsolais, cor Eliane Charest-Beauchamp, violon Sylvain Murray, violoncelle Sandra Murray, piano Felix Mendelssohn : Trois pièces pour cor, clarinette et piano Prélude, opus 35 no 4 Lied ohne worte, opus 53 no 2 Duo, opus 38 no 6 Antonín Dvořák, Trio pour piano, violon et violoncelle no 2, opus  26 Johann Sobeck, [&hellip;]</p>
