{"id":60995,"date":"2019-09-06T14:33:30","date_gmt":"2019-09-06T18:33:30","guid":{"rendered":"https:\/\/www.ludwig-van.com\/montreal\/?post_type=tribe_events&#038;p=60995"},"modified":"2019-09-06T14:33:30","modified_gmt":"2019-09-06T18:33:30","slug":"chapelle-historique-pasteur-supernova4","status":"publish","type":"tribe_events","link":"https:\/\/www.ludwig-van.com\/montreal\/event\/chapelle-historique-pasteur-supernova4\/","title":{"rendered":"Chapelle historique du Bon-Pasteur | SuperNova4"},"content":{"rendered":"<p>Jean Derome, saxophones, fl\u00fbte<br \/>\nF\u00e9lix St\u00fcssi, piano<br \/>\nNormand Guilbeault, contrebasse<br \/>\nPierre Tanguay, batterie.<\/p>\n<p>Concert enregistr\u00e9 en direct en vue d\u2019un prochain disque.<\/p>\n<p>Prix des billets:<br \/>\n20$ r\u00e9gulier<br \/>\n15$ \u00e9tudiants, ain\u00e9s, artistes<br \/>\n10$ enfants<\/p>\n<p>Informations et billetterie\u00a0: <a href=\"http:\/\/www.felixstussi.com\/\" target=\"_blank\" rel=\"noopener\">www.felixstussi.com<\/a><\/p>\n","protected":false},"excerpt":{"rendered":"<p>Jean Derome, saxophones, fl\u00fbte F\u00e9lix St\u00fcssi, piano Normand Guilbeault, contrebasse Pierre Tanguay, batterie. Concert enregistr\u00e9 en direct en vue d\u2019un prochain disque. Prix des billets: 20$ r\u00e9gulier 15$ \u00e9tudiants, ain\u00e9s, artistes 10$ enfants Informations et billetterie\u00a0: www.felixstussi.com<\/p>\n","protected":false},"author":1,"featured_media":60994,"comment_status":"open","ping_status":"closed","template":"","meta":{"om_disable_all_campaigns":false,"jetpack_post_was_ever_published":false},"tags":[],"tribe_events_cat":[5501],"acf":[],"jetpack_sharing_enabled":true,"_links":{"self":[{"href":"https:\/\/www.ludwig-van.com\/montreal\/wp-json\/wp\/v2\/tribe_events\/60995"}],"collection":[{"href":"https:\/\/www.ludwig-van.com\/montreal\/wp-json\/wp\/v2\/tribe_events"}],"about":[{"href":"https:\/\/www.ludwig-van.com\/montreal\/wp-json\/wp\/v2\/types\/tribe_events"}],"author":[{"embeddable":true,"href":"https:\/\/www.ludwig-van.com\/montreal\/wp-json\/wp\/v2\/users\/1"}],"replies":[{"embeddable":true,"href":"https:\/\/www.ludwig-van.com\/montreal\/wp-json\/wp\/v2\/comments?post=60995"}],"version-history":[{"count":1,"href":"https:\/\/www.ludwig-van.com\/montreal\/wp-json\/wp\/v2\/tribe_events\/60995\/revisions"}],"predecessor-version":[{"id":60996,"href":"https:\/\/www.ludwig-van.com\/montreal\/wp-json\/wp\/v2\/tribe_events\/60995\/revisions\/60996"}],"wp:featuredmedia":[{"embeddable":true,"href":"https:\/\/www.ludwig-van.com\/montreal\/wp-json\/wp\/v2\/media\/60994"}],"wp:attachment":[{"href":"https:\/\/www.ludwig-van.com\/montreal\/wp-json\/wp\/v2\/media?parent=60995"}],"wp:term":[{"taxonomy":"post_tag","embeddable":true,"href":"https:\/\/www.ludwig-van.com\/montreal\/wp-json\/wp\/v2\/tags?post=60995"},{"taxonomy":"tribe_events_cat","embeddable":true,"href":"https:\/\/www.ludwig-van.com\/montreal\/wp-json\/wp\/v2\/tribe_events_cat?post=60995"}],"curies":[{"name":"wp","href":"https:\/\/api.w.org\/{rel}","templated":true}]}}

<p>Jean Derome, saxophones, flûte<br />
Félix Stüssi, piano<br />
Normand Guilbeault, contrebasse<br />
Pierre Tanguay, batterie.</p>
<p>Concert enregistré en direct en vue d’un prochain disque.</p>
<p>Prix des billets:<br />
20$ régulier<br />
15$ étudiants, ainés, artistes<br />
10$ enfants</p>
<p>Informations et billetterie : <a href="http://www.felixstussi.com/" target="_blank" rel="noopener">www.felixstussi.com</a></p>

<p>Jean Derome, saxophones, flûte Félix Stüssi, piano Normand Guilbeault, contrebasse Pierre Tanguay, batterie. Concert enregistré en direct en vue d’un prochain disque. Prix des billets: 20$ régulier 15$ étudiants, ainés, artistes 10$ enfants Informations et billetterie : www.felixstussi.com</p>
